{"id":49,"date":"2020-03-16T22:01:12","date_gmt":"2020-03-16T22:01:12","guid":{"rendered":"https:\/\/webs.uab.cat\/recursosbct\/62-2\/"},"modified":"2025-05-13T16:28:56","modified_gmt":"2025-05-13T16:28:56","slug":"62-2","status":"publish","type":"page","link":"https:\/\/webs.uab.cat\/recursosbct\/62-2\/","title":{"rendered":"62, ENGINYERIES"},"content":{"rendered":"\n<figure class=\"wp-block-table taula\"><table><tbody><tr><td>CDU<\/td><td>DESCRIPCI\u00d3<\/td><\/tr><tr><td><div align=\"left\">62<\/div><\/td><td><div align=\"left\">Enginyeria. Tecnologia<\/div><\/td><\/tr><tr><td><div align=\"left\">62-1<\/div><\/td><td><div align=\"left\">Nanotecnologia<\/div><\/td><\/tr><tr><td><br><div align=\"left\">620<\/div><\/td><td><div align=\"left\">Assaig de materials. Materials comercials. Economia de l&#8217;energia<\/div><sub>Obres generals sobre Ci\u00e8ncia de Materials.<br>Els documents sobre materials concrets van al n\u00famero individual de cada material. Ex. Pl\u00e0stics <strong>67<\/strong><\/sub><\/td><\/tr><tr><td>\n<div align=\"left\">620.1<\/div>\n<\/td><td><div align=\"left\">Defectes i protecci\u00f3 dels materials<\/div><\/td><\/tr><tr><td><div align=\"left\">620.17<\/div><\/td><td><div align=\"left\">Mesura de les propietats mec\u00e0niques dels materials. Assaigs de resist\u00e8ncia<\/div><sub>Per a les Propietats magn\u00e8tiques dels materials vegeu el <strong>537.622<\/strong><\/sub><\/td><\/tr><tr><td><div align=\"left\">620.18<\/div><\/td><td><div align=\"left\">Investigaci\u00f3 de l&#8217; estructura dels materials. Metal\u00b7lografia. Estudi an\u00e0leg dels no metalls<\/div><\/td><\/tr><tr><td><div align=\"left\">620.19<\/div><\/td><td><div align=\"left\">Defectes dels materials i el seu assaig. Imperfeccions, falles. Influ\u00e8ncies qu\u00edmiques i fisicoqu\u00edmiques. Corrosi\u00f3. Erosi\u00f3<\/div><\/td><\/tr><tr><td><div align=\"left\">620.9<\/div><\/td><td><div align=\"left\">Economia de l&#8217;energia. Fonts d&#8217; energia<\/div><sub>Energia i medi ambient vegeu <strong>504:62<\/strong><\/sub><\/td><\/tr><tr><td><div align=\"left\">621<\/div><\/td><td><div align=\"left\">Enginyeria mec\u00e0nica. Tecnologia nuclear. Electrot\u00e8cnia. Maquin\u00e0ria. Enginyeria electr\u00f2nica<\/div><sub>Inclou 621.6\/.9. i 62-xxx, caracter\u00edstiques de les m\u00e0quines<\/sub><\/td><\/tr><tr><td><div align=\"left\">621.039<\/div><\/td><td><div align=\"left\">Tecnologia i enginyeria nuclear. Energia at\u00f2mica e ind\u00fastria at\u00f2mica<\/div><sub>Intercanvi d&#8217; ions <\/sub><\/td><\/tr><tr><td><div align=\"left\">621.039.8<\/div><\/td><td><div align=\"left\">Aplicacions dels is\u00f2tops i de la ci\u00e8ncia nuclear en general<\/div><\/td><\/tr><tr><td><div align=\"left\">621.1<\/div><\/td><td><div align=\"left\">M\u00e0quines t\u00e8rmiques. Producci\u00f3, distribuci\u00f3 i utilitzaci\u00f3 del vapor. M\u00e0quines de vapor. Calderes<\/div><sub>Inclou 621.4 i 621.5<\/sub><\/td><\/tr><tr><td><div align=\"left\">621.22<\/div><\/td><td><div align=\"left\">Energia hidr\u00e0ulica. For\u00e7a hidroel\u00e8ctrica. Maquin\u00e0ria<\/div><\/td><\/tr><tr><td><div align=\"left\">621.3<\/div><\/td><td><div align=\"left\">Enginyeria el\u00e8ctrica. Electrot\u00e8cnia<\/div><sub>Inclou tots els 621.3.0xx menys els acceptats.<\/sub><\/td><\/tr><tr><td><div align=\"left\">621.3-52<\/div><\/td><td><div align=\"left\">Control autom\u00e0tic<\/div><\/td><\/tr><tr><td><div align=\"left\">621.3.037<\/div><\/td><td>Electr\u00f2nica digital<br><sub>Inclou tots els 621.3.0xx menys els acceptats.<\/sub><\/td><\/tr><tr><td><div align=\"left\">621.3.049<\/div><\/td><td><div align=\"left\">Microelectr\u00f2nica i circu\u00efts el\u00e8ctrics<\/div><\/td><\/tr><tr><td><div align=\"left\">621.31<\/div><\/td><td><div align=\"left\">Generaci\u00f3, subministrament i control de la electricitat. M\u00e0quines i aparells el\u00e8ctrics. Mesura el\u00e8ctrica. Magnetisme aplicat. Electrost\u00e0tica aplicada<\/div><br><div align=\"left\"><em>Convertidors (ep). Electr\u00f2nica de pot\u00e8ncia<\/em><\/div><\/td><\/tr><tr><td><div align=\"left\">621.35<\/div><\/td><td>Tecnologia electroqu\u00edmica.<br><sub>Inclou els materials i elements per a la ind\u00fastria electroqu\u00edmica (<strong>621.3.035<\/strong>)<\/sub><\/td><\/tr><tr><td><div align=\"left\">621.37<\/div><\/td><td><div align=\"left\">Tecnologia de les ones el\u00e8ctriques i electromagn\u00e8tiques. Oscil\u00b7lacions i impulsos<\/div><sub>Amplificadors<\/sub><\/td><\/tr><tr><td><div align=\"left\">621.38<\/div><\/td><td><div align=\"left\">Dispositius electr\u00f2nics. V\u00e0lvules, fotoc\u00e8l\u00b7lules, acceleradors de part\u00edcules, tubs de raig x<\/div><\/td><\/tr><tr><td><div align=\"left\">621.382<\/div><\/td><td><div align=\"left\">Dispositius semiconductors<\/div><\/td><\/tr><tr><td><div align=\"left\">621.382.3<\/div><\/td><td><div align=\"left\">Transistors. CMOS<\/div><\/td><\/tr><tr><td><div align=\"left\">621.383<\/div><\/td><td><div align=\"left\">Tubs i c\u00e8l\u00b7lules fotoel\u00e8ctriques<\/div><br><div align=\"left\"><em>C\u00e8l\u00b7lules solars<\/em><\/div><\/td><\/tr><tr><td><div align=\"left\">621.384<\/div><\/td><td><div align=\"left\">Producci\u00f3 i aplicaci\u00f3 de radiacions actives i feixos corpusculars<\/div><\/td><\/tr><tr><td><div align=\"left\">621.385<\/div><\/td><td><div align=\"left\">Aparells de desc\u00e0rrega electr\u00f2nica. Tubs electr\u00f2nics, termoi\u00f2nics d&#8217; alt buit (v\u00e0lvules termoi\u00f2niques), tubs de microones. Microscopi electr\u00f2nic<\/div><\/td><\/tr><tr><td><div align=\"left\">621.39<\/div><\/td><td><div align=\"left\">Telecomunicacions. Telegrafia. Telefonia. Radiocomunicaci\u00f3. Tecnologia i equip de v\u00eddeo. Telecontrol<\/div><\/td><\/tr><tr><td><div align=\"left\">621.391<\/div><\/td><td><div align=\"left\">Teoria de la informaci\u00f3, i de les senyals en connexi\u00f3<\/div><br><sub>Per a la Cibern\u00e8tica vegeu <strong>HI I.2<\/strong><\/sub><\/td><\/tr><tr><td><div align=\"left\">621.394<\/div><\/td><td><div align=\"left\">Telegrafia<\/div><\/td><\/tr><tr><td><div align=\"left\">621.395<\/div><\/td><td><div align=\"left\">Telefonia<\/div><\/td><\/tr><tr><td><div align=\"left\">621.396<\/div><\/td><td><div align=\"left\">Aparells i m\u00e8todes de radiocomunicaci\u00f3<\/div><\/td><\/tr><tr><td><div align=\"left\">621.397<\/div><\/td><td><div align=\"left\">Tecnologia v\u00eddeo. T\u00e8cnica de la televisi\u00f3. Gravaci\u00f3, transmissi\u00f3 i reproducci\u00f3 en v\u00eddeo. Equips i xarxes de v\u00eddeo<\/div><\/td><\/tr><tr><td><div align=\"left\">621.398<\/div><\/td><td>Telecontrol. Telemetria. Instal\u00b7lacions de control i mesura de dist\u00e0ncies. GPS .&nbsp;Teledetecci\u00f3, percepci\u00f3 remota<br><sub>Per als Sistemes d&#8217;informaci\u00f3 geogr\u00e0fica vegeu el <strong>910<\/strong><\/sub><br><sub><strong>GPS: Global positioning system<\/strong> <\/sub><br><sub>(1) Sistema de localitzaci\u00f3 de la posici\u00f3 de persones i de vehicles per mitj\u00e0 de sat\u00e8l\u00b7lits geostacionaris (satl\u00e8l\u00b7lit d&#8217;\u00f2rbita circular i equatorial que es recorre en el mateix sentit de gir que el de la terra) disposats al voltant de la Terra<br>(2) En un sentido gen\u00e9rico, un GPS es una combinaci\u00f3n de equipos inform\u00e1ticos en sat\u00e9lites y en tierra que permite determinar la posici\u00f3n geogr\u00e1fica (coordenadas) de estos \u00faltimos con un margen de error inferior a 100m &#8230;<br><strong>Telecontrol = control remot<\/strong><br>Contol a dist\u00e0ncia exercit sobre una m\u00e0quina, un sistema o una instal\u00b7laci\u00f3, generalment per mitj\u00e0 d&#8217;una xarxa de telecomunicacions<br><strong>Teledetecci\u00f3 = Percepci\u00f3 remota<\/strong><br>Determinaci\u00f3 de les propietats d&#8217;un objecte sense establir-hi contacte f\u00edsic, per mitj\u00e0 d&#8217;energia electromagn\u00e8tica que  emet o que reflecteix com \u00fana font d&#8217;informaci\u00f3<\/sub><\/td><\/tr><tr><td><s><div align=\"left\"><span style=\"color: #ff0000\">622<\/span><\/div>no acceptat<\/s><\/td><td><div align=\"left\"><span style=\"color: #ff0000\">Mineria<\/span><\/div><div align=\"left\"><em><span style=\"color: #ff0000\">Posar-los al 553, jaciments minerals<\/span><\/em><\/div><\/td><\/tr><tr><td><div align=\"left\">623<\/div><\/td><td><div align=\"left\">Enginyeria militar<\/div><sub>Inclou instal\u00b7lacions, armament i vehicles<\/sub><\/td><\/tr><tr><td><div align=\"left\">624<\/div><\/td><td><div align=\"left\">Enginyeria civil i de la construcci\u00f3 en general<\/div><\/td><\/tr><tr><td><div align=\"left\">624.1<\/div><\/td><td><div align=\"left\">Enginyeria geol\u00f2gica<\/div><\/td><\/tr><tr><td><div align=\"left\">624.12<\/div><\/td><td><div align=\"left\">Mec\u00e0nica de roques<\/div><\/td><\/tr><tr><td><div align=\"left\">624.13<\/div><\/td><td><div align=\"left\">Mec\u00e0nica de sols i geot\u00e8cnia<\/div><\/td><\/tr><tr><td><div align=\"left\">625<\/div><\/td><td><div align=\"left\">Enginyeria dels transports terrestres<\/div><sub>Per als Vehicles vegeu el 629<\/sub><\/td><\/tr><tr><td><div align=\"left\">626<\/div><\/td><td>Enginyeria hidr\u00e0ulica en general<br><sub>Inclou el 627<\/sub><\/td><\/tr><tr><td><div align=\"left\">628<\/div><\/td><td><div align=\"left\">Enginyeria sanit\u00e0ria p\u00fablica<\/div><sub>Inclou aigua, climatitzaci\u00f3 i llum<\/sub><\/td><\/tr><tr><td><div align=\"left\">628.1<\/div><\/td><td>Enginyeria d&#8217; abastament d&#8217; aig\u00fces. Pla Hidrol\u00f2gic Nacional<br>Instal\u00b7lacions (clavegueram), tractament (potabilitzaci\u00f3) i consum d&#8217; aigua.<br><sub>Per al Tractament d&#8217; aig\u00fces residuals urbanes vegeu el <strong>504.4.06<\/strong><\/sub><\/td><\/tr><tr><td><div align=\"left\">628.8<\/div><\/td><td><div align=\"left\">Aire condicionat i calefacci\u00f3<\/div><\/td><\/tr><tr><td><div align=\"left\">628.9<\/div><\/td><td><div align=\"left\">Enginyeria de la il\u00b7luminaci\u00f3<\/div><sub>Il\u00b7luminaci\u00f3 natural, p\u00fablica i artificial<\/sub><\/td><\/tr><tr><td><div align=\"left\">629<\/div><\/td><td><div align=\"left\">Enginyeria de vehicles de transport<\/div><\/td><\/tr><tr><td><div align=\"left\">629.7<\/div><\/td><td><div align=\"left\">Enginyeria de vehicles aeris<\/div><sub>Per als Vehicles militars vegeu el <strong>623<\/strong><\/sub><br><sub>Per a la Gesti\u00f3 aeroportu\u00e0ria vegeu el <strong>656<\/strong><br>Per als Vehicles espacials, Missions espacials, Conquesta de l&#8217;espai, Exploraci\u00f3 de l&#8217;espai extraterrestre&#8230; vegeu el <strong>527<\/strong><\/sub><\/td><\/tr><tr><td colspan=\"2\"><p align=\"left\"><span style=\"color: #333333;font-family: Verdana, Arial, Helvetica, sans-serif;font-size: xx-small\">(1) 1500886501: Societat de la informaci\u00f3 : noves tecnologies i internet : diccionari terminol\u00f2gic \/[direcci\u00f3 : Rosa Colomer i Artigas, Ester Franquesa i Bonet] . 2a ed., rev. i ampl. Barcelona : Termcat, 2003<br>(2) 1500774091: Diccionario de inform\u00e1tica y telecomunicaciones (ingl\u00e9s-espa\u00f1ol) \/ Arturo Moreno Mart\u00edn. Barcelona : Ariel, 2001 <\/span><\/p><\/td><\/tr><\/tbody><\/table><\/figure>\n\n\n\n<figure class=\"wp-block-table\"><table class=\"has-fixed-layout\"><tbody><tr><td colspan=\"2\"><span style=\"font-family: Verdana, Arial, Helvetica, sans-serif;font-size: xx-small\"><strong>Concreci\u00f3 <\/strong><\/span><span style=\"font-family: Verdana, Arial, Helvetica, sans-serif;font-size: xx-small\"><strong>Revisada el 21\/06\/2012<\/strong><\/span><\/td><\/tr><\/tbody><\/table><\/figure>\n","protected":false},"excerpt":{"rendered":"<p>CDU DESCRIPCI\u00d3 62 Enginyeria. Tecnologia 62-1 Nanotecnologia 620 Assaig de materials. Materials comercials. Economia de l&#8217;energia Obres generals sobre Ci\u00e8ncia de Materials.Els documents sobre materials concrets van al n\u00famero individual de cada material. Ex. Pl\u00e0stics 67 620.1 Defectes i protecci\u00f3 dels materials 620.17 Mesura de les propietats mec\u00e0niques dels materials. Assaigs de resist\u00e8ncia Per a [&hellip;]<\/p>\n","protected":false},"author":20,"featured_media":0,"parent":0,"menu_order":0,"comment_status":"closed","ping_status":"closed","template":"","meta":{"footnotes":""},"class_list":["post-49","page","type-page","status-publish","hentry"],"_links":{"self":[{"href":"https:\/\/webs.uab.cat\/recursosbct\/wp-json\/wp\/v2\/pages\/49","targetHints":{"allow":["GET"]}}],"collection":[{"href":"https:\/\/webs.uab.cat\/recursosbct\/wp-json\/wp\/v2\/pages"}],"about":[{"href":"https:\/\/webs.uab.cat\/recursosbct\/wp-json\/wp\/v2\/types\/page"}],"author":[{"embeddable":true,"href":"https:\/\/webs.uab.cat\/recursosbct\/wp-json\/wp\/v2\/users\/20"}],"replies":[{"embeddable":true,"href":"https:\/\/webs.uab.cat\/recursosbct\/wp-json\/wp\/v2\/comments?post=49"}],"version-history":[{"count":8,"href":"https:\/\/webs.uab.cat\/recursosbct\/wp-json\/wp\/v2\/pages\/49\/revisions"}],"predecessor-version":[{"id":766,"href":"https:\/\/webs.uab.cat\/recursosbct\/wp-json\/wp\/v2\/pages\/49\/revisions\/766"}],"wp:attachment":[{"href":"https:\/\/webs.uab.cat\/recursosbct\/wp-json\/wp\/v2\/media?parent=49"}],"curies":[{"name":"wp","href":"https:\/\/api.w.org\/{rel}","templated":true}]}}