{"id":50,"date":"2020-03-16T22:02:36","date_gmt":"2020-03-16T22:02:36","guid":{"rendered":"https:\/\/webs.uab.cat\/recursosbct\/63-2\/"},"modified":"2025-04-23T17:23:54","modified_gmt":"2025-04-23T17:23:54","slug":"63-2","status":"publish","type":"page","link":"https:\/\/webs.uab.cat\/recursosbct\/63-2\/","title":{"rendered":"63, AGRICULTURA, EDAFOLOGIA"},"content":{"rendered":"\n<figure class=\"wp-block-table taula\"><table><tbody><tr><td>CDU<\/td><td>DESCRIPCI\u00d3<\/td><\/tr><tr><td>63 ()<\/td><td>Agricultura. Silvicultura. Zoot\u00e8cnia. Ca\u00e7a. Pesca<\/td><\/tr><tr><td>630 ()<\/td><td>Silvicultura. Conreu dels boscos i aprofitament forestal<br><sub>Per a la Hidrologia forestal vegeu el <strong>556(25)<\/strong><\/sub><\/td><\/tr><tr><td>631 ()<\/td><td>Agricultura en general<br><sub>Engloba tot el 631 menys l&#8217; edafologia 631.4<\/sub><\/td><\/tr><tr><td>631.4 ()     <\/td><td>S\u00f2ls. Edafologia<\/td><\/tr><tr><td>632<\/td><td>Danys a les plantes. Malalties de les plantes. Plagues i organismes malignes per les plantes<\/td><\/tr><tr><td>633<\/td><td>Conreus i produccions. Horticultura<br><sub>Inclou tot el que hi ha al 634 (Horticultura)<\/sub><\/td><\/tr><tr><td>635<\/td><td>Plantes de jard\u00ed. Jardineria<\/td><\/tr><tr><td>636<\/td><td>Explotaci\u00f3 i crian\u00e7a d&#8217; animals en general. Crian\u00e7a de bestiar. Crian\u00e7a d&#8217; animals dom\u00e8stics<\/td><\/tr><tr><td>637<\/td><td>Productes dels animals dom\u00e8stics, de la ca\u00e7a i de la pesca<\/td><\/tr><tr><td>638<\/td><td>Crian\u00e7a i gesti\u00f3 d&#8217; insectes i altres artr\u00f2podes<\/td><\/tr><tr><td>639<\/td><td>Ca\u00e7a. Pesca. Piscicultura<\/td><\/tr><\/tbody><\/table><\/figure>\n\n\n\n<figure class=\"wp-block-table\"><table><tbody><tr><td><strong><span class=\"text\"><a name=\"notes\"><\/a>Notes:<\/span><\/strong><\/td><td>&nbsp;<\/td><\/tr><tr><td colspan=\"2\"><span style=\"font-family: Verdana, Arial, Helvetica, sans-serif;font-size: xx-small\"><strong>Concreci\u00f3 <\/strong><\/span><span style=\"font-family: Verdana, Arial, Helvetica, sans-serif;font-size: xx-small\"><strong>Revisada el 21\/06\/2012<\/strong><\/span><\/td><\/tr><\/tbody><\/table><\/figure>\n","protected":false},"excerpt":{"rendered":"<p>CDU DESCRIPCI\u00d3 63 () Agricultura. Silvicultura. Zoot\u00e8cnia. Ca\u00e7a. Pesca 630 () Silvicultura. Conreu dels boscos i aprofitament forestalPer a la Hidrologia forestal vegeu el 556(25) 631 () Agricultura en generalEngloba tot el 631 menys l&#8217; edafologia 631.4 631.4 () S\u00f2ls. Edafologia 632 Danys a les plantes. Malalties de les plantes. Plagues i organismes malignes per [&hellip;]<\/p>\n","protected":false},"author":20,"featured_media":0,"parent":0,"menu_order":0,"comment_status":"closed","ping_status":"closed","template":"","meta":{"footnotes":""},"class_list":["post-50","page","type-page","status-publish","hentry"],"_links":{"self":[{"href":"https:\/\/webs.uab.cat\/recursosbct\/wp-json\/wp\/v2\/pages\/50","targetHints":{"allow":["GET"]}}],"collection":[{"href":"https:\/\/webs.uab.cat\/recursosbct\/wp-json\/wp\/v2\/pages"}],"about":[{"href":"https:\/\/webs.uab.cat\/recursosbct\/wp-json\/wp\/v2\/types\/page"}],"author":[{"embeddable":true,"href":"https:\/\/webs.uab.cat\/recursosbct\/wp-json\/wp\/v2\/users\/20"}],"replies":[{"embeddable":true,"href":"https:\/\/webs.uab.cat\/recursosbct\/wp-json\/wp\/v2\/comments?post=50"}],"version-history":[{"count":4,"href":"https:\/\/webs.uab.cat\/recursosbct\/wp-json\/wp\/v2\/pages\/50\/revisions"}],"predecessor-version":[{"id":692,"href":"https:\/\/webs.uab.cat\/recursosbct\/wp-json\/wp\/v2\/pages\/50\/revisions\/692"}],"wp:attachment":[{"href":"https:\/\/webs.uab.cat\/recursosbct\/wp-json\/wp\/v2\/media?parent=50"}],"curies":[{"name":"wp","href":"https:\/\/api.w.org\/{rel}","templated":true}]}}