{"id":52,"date":"2020-03-16T22:06:02","date_gmt":"2020-03-16T22:06:02","guid":{"rendered":"https:\/\/webs.uab.cat\/recursosbct\/66-2\/"},"modified":"2025-04-08T16:33:02","modified_gmt":"2025-04-08T16:33:02","slug":"66-2","status":"publish","type":"page","link":"https:\/\/webs.uab.cat\/recursosbct\/66-2\/","title":{"rendered":"66, ENGINYERIA QU\u00cdMICA"},"content":{"rendered":"\n<figure class=\"wp-block-table taula\"><table><tbody><tr><td>CDU<\/td><td>DESCRIPCI\u00d3<\/td><\/tr><tr><td>66.0<\/td><td>Enginyeria qu\u00edmica<\/td><\/tr><tr><td>66.011<\/td><td>Disseny de processos. C\u00e0lcul de processos. Modelitzaci\u00f3. Optimitzaci\u00f3. M\u00e8todes matem\u00e0tics en enginyeria qu\u00edmica. Noves caracter\u00edstiques en els processos, instal\u00b7lacions, etc.<\/td><\/tr><tr><td>66.012<\/td><td>Control de producci\u00f3 i control de processos, regulaci\u00f3 i supervisi\u00f3. Efic\u00e0cia. Rendiment. Economia de l&#8217; enginyeria qu\u00edmica<\/td><\/tr><tr><td>66.013<\/td><td>Instal\u00b7lacions qu\u00edmiques en general. F\u00e0briques qu\u00edmiques. Plantes. Equips. Serveis auxiliars<br><sub>Per a la Prevenci\u00f3 de riscos en la ind\u00fastria qu\u00edmica vegeu el <strong>542<\/strong><\/sub><\/td><\/tr><tr><td>66.014<\/td><td>Composici\u00f3 qu\u00edmica<\/td><\/tr><tr><td><span style=\"color: #ff0000\"><s>66.017<\/s>&nbsp;<\/span><em>Anul\u00b7lat<\/em><\/td><td><p><span style=\"color: #ff0000\">Materials i les seves propietats<\/span><\/p><p><em><sub>Utilitzeu el 620 o el 621.35 per als materials de la ind\u00fastria electroqu\u00edmica<\/sub><\/em><\/p><\/td><\/tr><tr><td>66.018<\/td><td>Resist\u00e8ncia del materials als efectes i accions externs<\/td><\/tr><tr><td>66.02<\/td><td>Processos qu\u00edmics i equips en general<\/td><\/tr><tr><td>66.04<\/td><td>Operacions i equips de tractament t\u00e8rmic<\/td><\/tr><tr><td>66.06<\/td><td>Tecnologia qu\u00edmica dels l\u00edquids o amb l\u00edquids<\/td><\/tr><tr><td>66.07<\/td><td>Tecnologia qu\u00edmica dels gasos<\/td><\/tr><tr><td>66.08<\/td><td>Processos f\u00edsics i fisicoqu\u00edmics<\/td><\/tr><tr><td>66.09<\/td><td>Reaccions qu\u00edmiques t\u00e8cniques. Processos qu\u00edmics i bioqu\u00edmics especials<\/td><\/tr><tr><td>661<\/td><td>Ind\u00fastria qu\u00edmica (cont\u00e9 els productes qu\u00edmics)<\/td><\/tr><tr><td>661.1<\/td><td>Ind\u00fastries qu\u00edmiques especials<\/td><\/tr><tr><td>661.2<\/td><td>Producci\u00f3 de sofre i els seus derivats<\/td><\/tr><tr><td>661.3<\/td><td>Producci\u00f3 de sosa i potassa, \u00e0lcalis<\/td><\/tr><tr><td>661.4<\/td><td>Producci\u00f3 d&#8217; hal\u00f2gens i compostos halogenats. Peroxo-compostos inorg\u00e0nics<\/td><\/tr><tr><td>661.5<\/td><td>Producci\u00f3 de compostos de nitrogen. Fixaci\u00f3 del nitrogen. Ind\u00fastria del nitrogen en general<\/td><\/tr><tr><td>661.6<\/td><td>Producci\u00f3 de diversos no-metalls i semimetalls (metal\u00b7loides) i els seus compostos<\/td><\/tr><tr><td>661.7<\/td><td>Producci\u00f3 de subst\u00e0ncies org\u00e0niques. Productes qu\u00edmics org\u00e0nics<br><sub>Per als Biosensors vegeu el <strong>543.9<\/strong><\/sub><\/td><\/tr><tr><td>661.8<\/td><td>Compostos met\u00e0l\u00b7lics en general. Sals. Compostos minerals<\/td><\/tr><tr><td>661.9<\/td><td>Tecnologia dels gasos<\/td><\/tr><tr><td>662<\/td><td>Explosius. Combustibles<\/td><\/tr><tr><td>663<\/td><td>Ind\u00fastria de la fermentaci\u00f3, de les begudes i dels estimulants<br><sub>Per als Biosensors vegeu el <strong>543.9<\/strong><\/sub><\/td><\/tr><tr><td>664<\/td><td>Fabricaci\u00f3 i conservaci\u00f3 d&#8217; aliments s\u00f2lids<\/td><\/tr><tr><td>665<\/td><td>Olis. Greixos. Ceres. Adhesius. Gomes. Resines<\/td><\/tr><tr><td>666<\/td><td>Ind\u00fastria del vidre. Cer\u00e0mica. Ciment i formig\u00f3<\/td><\/tr><tr><td>667<\/td><td>Ind\u00fastries del color. Fabricaci\u00f3 i \u00fas de colorants, tintes, pintures, etc.<\/td><\/tr><tr><td>669<\/td><td>Metal\u00b7l\u00fargia<\/td><\/tr><tr><td>67<\/td><td>Ind\u00fastria, comer\u00e7os i oficis diversos<br><sub>Inclou <br>Articles de metalls preciosos &#8211; Articles de ferro, acer, metalls no f\u00e8rris &#8211; Fusta i ind\u00fastria de la fusta &#8211; Ind\u00fastia del cuiro, del paper i el cartr\u00f3, t\u00e8xtil, del pl\u00e0stic i materials macromoleculars &#8211; Ind\u00fastries basades en diversos materials processables (cables, fils, pedra)  <\/sub><br><sub>Per a les propietats f\u00edsiques i mec\u00e0niques, defectes, etc dels materials utilitzarem el <strong>620.xx<\/strong><\/sub><\/td><\/tr><\/tbody><\/table><\/figure>\n\n\n\n<figure class=\"wp-block-table\"><table><tbody><tr><td colspan=\"2\"><span style=\"font-family: Verdana, Arial, Helvetica, sans-serif;font-size: xx-small\"><strong>Concreci\u00f3&nbsp;<\/strong><\/span><span style=\"font-family: Verdana, Arial, Helvetica, sans-serif;font-size: xx-small\"><strong>Revisada el 21\/06\/2012<\/strong><\/span><\/td><\/tr><\/tbody><\/table><\/figure>\n","protected":false},"excerpt":{"rendered":"<p>CDU DESCRIPCI\u00d3 66.0 Enginyeria qu\u00edmica 66.011 Disseny de processos. C\u00e0lcul de processos. Modelitzaci\u00f3. Optimitzaci\u00f3. M\u00e8todes matem\u00e0tics en enginyeria qu\u00edmica. Noves caracter\u00edstiques en els processos, instal\u00b7lacions, etc. 66.012 Control de producci\u00f3 i control de processos, regulaci\u00f3 i supervisi\u00f3. Efic\u00e0cia. Rendiment. Economia de l&#8217; enginyeria qu\u00edmica 66.013 Instal\u00b7lacions qu\u00edmiques en general. F\u00e0briques qu\u00edmiques. Plantes. Equips. Serveis auxiliarsPer [&hellip;]<\/p>\n","protected":false},"author":20,"featured_media":0,"parent":0,"menu_order":0,"comment_status":"closed","ping_status":"closed","template":"","meta":{"footnotes":""},"class_list":["post-52","page","type-page","status-publish","hentry"],"_links":{"self":[{"href":"https:\/\/webs.uab.cat\/recursosbct\/wp-json\/wp\/v2\/pages\/52","targetHints":{"allow":["GET"]}}],"collection":[{"href":"https:\/\/webs.uab.cat\/recursosbct\/wp-json\/wp\/v2\/pages"}],"about":[{"href":"https:\/\/webs.uab.cat\/recursosbct\/wp-json\/wp\/v2\/types\/page"}],"author":[{"embeddable":true,"href":"https:\/\/webs.uab.cat\/recursosbct\/wp-json\/wp\/v2\/users\/20"}],"replies":[{"embeddable":true,"href":"https:\/\/webs.uab.cat\/recursosbct\/wp-json\/wp\/v2\/comments?post=52"}],"version-history":[{"count":5,"href":"https:\/\/webs.uab.cat\/recursosbct\/wp-json\/wp\/v2\/pages\/52\/revisions"}],"predecessor-version":[{"id":657,"href":"https:\/\/webs.uab.cat\/recursosbct\/wp-json\/wp\/v2\/pages\/52\/revisions\/657"}],"wp:attachment":[{"href":"https:\/\/webs.uab.cat\/recursosbct\/wp-json\/wp\/v2\/media?parent=52"}],"curies":[{"name":"wp","href":"https:\/\/api.w.org\/{rel}","templated":true}]}}