{"id":62,"date":"2020-03-20T12:10:22","date_gmt":"2020-03-20T12:10:22","guid":{"rendered":"https:\/\/webs.uab.cat\/recursosbct\/sep\/"},"modified":"2020-03-20T12:10:22","modified_gmt":"2020-03-20T12:10:22","slug":"sep","status":"publish","type":"page","link":"https:\/\/webs.uab.cat\/recursosbct\/sep\/","title":{"rendered":"SEPARATES"},"content":{"rendered":"<p><span class=\"text\">El fons de Separates de la biblioteca es troba a la localitzaci\u00f3 act16 (Ci\u00e8ncia i Tecnol &#8211; Sala 26)<\/span><\/p>\n<p><span class=\"text\">Tenim dos tipus diferents de topogr\u00e0fics per a les separates segons la seva proced\u00e8ncia:<\/span><\/p>\n<p>1. Per a les separates en general, que no pertanyen a cap fons, posarem el topogr\u00e0fic seguint la seg\u00fcent pauta:<\/p>\n<ul class=\"rteindent1\">\n<li>SEP +&nbsp; 2 n\u00fam de la CDU + n\u00fam. ordre correlatiu de 3 xifres\n<ul>\n<li>Per exemple:&nbsp;SEP 52 003, per a la tercera separata d&#8217;astronomia que tenim<\/li>\n<\/ul>\n<\/li>\n<\/ul>\n<p>2. Per a les separates que pertanyen a un fons personal:<\/p>\n<ul class=\"rteindent1\">\n<li>Si l&#8217;autor \u00e9s el mateix que el fons personal:\n<ul>\n<li>SEP + 2 Inicials del nom del fons + any de la separata\n<ul>\n<li>SEP\/FE 1977, per a una separata del Fons Egozcue , escrita per Josep Egozcue&nbsp;l&#8217;any 1977<\/li>\n<\/ul>\n<\/li>\n<\/ul>\n<\/li>\n<li>Altres autors diferentsl:\n<ul>\n<li>SEP + 2 Inicials del nom del fons + 3 lletres de l&#8217;autor\n<ul>\n<li>SEP\/FE&nbsp;Bar, per a una separata del Fons Egozcue, escrita per Joan Barn\u00e9s<\/li>\n<\/ul>\n<\/li>\n<\/ul>\n<\/li>\n<\/ul>\n<p>Actualment tenim separates dels fons personals de:&nbsp;Fons Egozcue (FE), Fons Mill\u00e0s (FM), Fons Sunyer (FS) i Fons Vicente (FV)<\/p>\n<table align=\"left\" border=\"0\" width=\"800\">\n<tbody>\n<tr>\n<td class=\"text rteright\" colspan=\"2\"><font face=\"Verdana, Arial, Helvetica, sans-serif\" size=\"1\"><strong>Concreci\u00f3&nbsp;<\/strong><\/font><font face=\"Verdana, Arial, Helvetica, sans-serif\" size=\"1\"><strong>Revisada el 21\/06\/2012<\/strong><\/font><\/td>\n<\/tr>\n<\/tbody>\n<\/table>\n","protected":false},"excerpt":{"rendered":"<p>El fons de Separates de la biblioteca es troba a la localitzaci\u00f3 act16 (Ci\u00e8ncia i Tecnol &#8211; Sala 26) Tenim dos tipus diferents de topogr\u00e0fics per a les separates segons la seva proced\u00e8ncia: 1. Per a les separates en general, que no pertanyen a cap fons, posarem el topogr\u00e0fic seguint la seg\u00fcent pauta: SEP +&nbsp; [&hellip;]<\/p>\n","protected":false},"author":20,"featured_media":0,"parent":0,"menu_order":0,"comment_status":"closed","ping_status":"closed","template":"","meta":{"footnotes":""},"class_list":["post-62","page","type-page","status-publish","hentry"],"_links":{"self":[{"href":"https:\/\/webs.uab.cat\/recursosbct\/wp-json\/wp\/v2\/pages\/62","targetHints":{"allow":["GET"]}}],"collection":[{"href":"https:\/\/webs.uab.cat\/recursosbct\/wp-json\/wp\/v2\/pages"}],"about":[{"href":"https:\/\/webs.uab.cat\/recursosbct\/wp-json\/wp\/v2\/types\/page"}],"author":[{"embeddable":true,"href":"https:\/\/webs.uab.cat\/recursosbct\/wp-json\/wp\/v2\/users\/20"}],"replies":[{"embeddable":true,"href":"https:\/\/webs.uab.cat\/recursosbct\/wp-json\/wp\/v2\/comments?post=62"}],"version-history":[{"count":0,"href":"https:\/\/webs.uab.cat\/recursosbct\/wp-json\/wp\/v2\/pages\/62\/revisions"}],"wp:attachment":[{"href":"https:\/\/webs.uab.cat\/recursosbct\/wp-json\/wp\/v2\/media?parent=62"}],"curies":[{"name":"wp","href":"https:\/\/api.w.org\/{rel}","templated":true}]}}