{"id":31,"date":"2015-07-21T07:37:48","date_gmt":"2015-07-21T07:37:48","guid":{"rendered":"http:\/\/blogs.uab.cat\/redes\/?page_id=31"},"modified":"2015-07-21T07:37:48","modified_gmt":"2015-07-21T07:37:48","slug":"about","status":"publish","type":"page","link":"https:\/\/webs.uab.cat\/redes\/about\/","title":{"rendered":"Acerca de"},"content":{"rendered":"<p>Redes Sociales.net\u00a0es una iniciativa para la dinamizaci\u00f3n de la comunidad iberoamericana conectada a trav\u00e9s de la lista <a href=\"http:\/\/revista-redes.rediris.es\/webredes\/lista.htm\" target=\"_blank\" rel=\"noopener\">REDES<\/a>, albergada en <a href=\"http:\/\/www.rediris.es\" target=\"_blank\" rel=\"noopener\">REDIris<\/a>.\u00a0RedesSociales.net forma parte del servicio de blogs de la <a href=\"http:\/\/www.uab.cat\/web\/universitat-autonoma-de-barcelona-1345467954774.html\" target=\"_blank\" rel=\"noopener\">Universitat Aut\u00f2noma de Barcelona<\/a>.<\/p>\n<p><span style=\"color: #000000\">Aqu\u00ed encontrar\u00e1s algunos enlaces a recursos online (visita la secci\u00f3n <a href=\"http:\/\/blogs.uab.cat\/redes\/archive\/\">Redes+<\/a>).<br \/>\n<\/span><\/p>\n<div>\n<div><span style=\"color: #000000\">Contacta con el administrador Jos\u00e9 Luis Molina\u00a0(joseluis.molina ad uab.cat).<\/span><\/div>\n<\/div>\n<hr \/>\n<p>El sitio Redes Sociales.net ha sido dise\u00f1ado por Edoardo Lomi.<\/p>\n<p><a href=\"http:\/\/www.insna.org\"><img loading=\"lazy\" decoding=\"async\" class=\"  wp-image-71 alignleft\" src=\"https:\/\/webs.uab.cat\/redes\/wp-content\/uploads\/sites\/187\/2015\/07\/insnaad.jpg\" alt=\"insnaad\" width=\"154\" height=\"82\" \/>\u00a0 \u00a0 \u00a0\u00a0<img loading=\"lazy\" decoding=\"async\" class=\"  wp-image-70 alignright\" src=\"https:\/\/webs.uab.cat\/redes\/wp-content\/uploads\/sites\/187\/2015\/07\/88x31.png\" alt=\"88x31\" width=\"123\" height=\"53\" \/> \u00a0<\/a><a href=\"https:\/\/webs.uab.cat\/redes\/wp-content\/uploads\/sites\/187\/2015\/07\/insnaad.jpg\">\u00a0 \u00a0 \u00a0<img loading=\"lazy\" decoding=\"async\" class=\"  wp-image-72 alignnone\" src=\"https:\/\/webs.uab.cat\/redes\/wp-content\/uploads\/sites\/187\/2015\/07\/lgRedIRIS01.gif\" alt=\"lgRedIRIS01\" width=\"183\" height=\"54\" \/><\/a><\/p>\n","protected":false},"excerpt":{"rendered":"<p>Redes Sociales.net\u00a0es una iniciativa para la dinamizaci\u00f3n de la comunidad iberoamericana conectada a trav\u00e9s de la lista REDES, albergada en REDIris.\u00a0RedesSociales.net forma parte del servicio de blogs de la Universitat Aut\u00f2noma de Barcelona. Aqu\u00ed encontrar\u00e1s algunos enlaces a recursos online (visita la secci\u00f3n Redes+). Contacta con el administrador Jos\u00e9 Luis Molina\u00a0(joseluis.molina ad uab.cat). El sitio [&hellip;]<\/p>\n","protected":false},"author":134,"featured_media":0,"parent":0,"menu_order":3,"comment_status":"open","ping_status":"closed","template":"","meta":{"footnotes":""},"class_list":["post-31","page","type-page","status-publish","hentry"],"_links":{"self":[{"href":"https:\/\/webs.uab.cat\/redes\/wp-json\/wp\/v2\/pages\/31","targetHints":{"allow":["GET"]}}],"collection":[{"href":"https:\/\/webs.uab.cat\/redes\/wp-json\/wp\/v2\/pages"}],"about":[{"href":"https:\/\/webs.uab.cat\/redes\/wp-json\/wp\/v2\/types\/page"}],"author":[{"embeddable":true,"href":"https:\/\/webs.uab.cat\/redes\/wp-json\/wp\/v2\/users\/134"}],"replies":[{"embeddable":true,"href":"https:\/\/webs.uab.cat\/redes\/wp-json\/wp\/v2\/comments?post=31"}],"version-history":[{"count":0,"href":"https:\/\/webs.uab.cat\/redes\/wp-json\/wp\/v2\/pages\/31\/revisions"}],"wp:attachment":[{"href":"https:\/\/webs.uab.cat\/redes\/wp-json\/wp\/v2\/media?parent=31"}],"curies":[{"name":"wp","href":"https:\/\/api.w.org\/{rel}","templated":true}]}}