{"id":130,"date":"2021-06-02T13:41:23","date_gmt":"2021-06-02T11:41:23","guid":{"rendered":"https:\/\/webs.uab.cat\/redo\/newsletter\/"},"modified":"2022-12-14T17:53:06","modified_gmt":"2022-12-14T15:53:06","slug":"newsletter","status":"publish","type":"page","link":"https:\/\/webs.uab.cat\/redo\/newsletter\/","title":{"rendered":"Newsletter"},"content":{"rendered":"\n<p>La Xarxa d&#8217;Estudis de Desenvolupament Organitzatiu est\u00e0 vinculada org\u00e0nicament al Centre de Recerca i Estudis pel Desenvolupament Organizatiu de la Universitat Aut\u00f2noma de Barcelona.&nbsp;<\/p>\n\n\n\n<p>Amb voluntat d&#8217;aproximar i facilitar informaci\u00f3 vinculada a les activitats de recerca, publicacions, activitats divulgatives, programes formatius&nbsp;i altres informacions vinculades a l&#8217;activitat dels membres del CRiEDO i les xarxes de les que forma part, des del mes d&#8217;abril de l&#8217;any 2015 s&#8217;ha editat menusalment una Newsletter que arriba actualment a m\u00e9s de 32.000 persones de l&#8217;\u00e0mbit iberoameric\u00e0, en versi\u00f3 catalana i castellana.<\/p>\n\n\n\n<p>Es pot accedir a les darreres newsletters clicant a la seg\u00fcent imatge.<\/p>\n\n\n\n<figure class=\"wp-block-image\"><a href=\"https:\/\/accelera.uab.cat\/newsletter\/\" target=\"_blank\" rel=\"noopener\"><img loading=\"lazy\" decoding=\"async\" width=\"800\" height=\"218\" src=\"https:\/\/webs.uab.cat\/redo\/wp-content\/uploads\/sites\/305\/2021\/06\/newsletter-criedo.png\" alt=\"newsletter-criedo.png\" class=\"wp-image-127\" srcset=\"https:\/\/webs.uab.cat\/redo\/wp-content\/uploads\/sites\/305\/2021\/06\/newsletter-criedo.png 800w, https:\/\/webs.uab.cat\/redo\/wp-content\/uploads\/sites\/305\/2021\/06\/newsletter-criedo-300x82.png 300w, https:\/\/webs.uab.cat\/redo\/wp-content\/uploads\/sites\/305\/2021\/06\/newsletter-criedo-768x209.png 768w\" sizes=\"auto, (max-width: 800px) 100vw, 800px\" \/><\/a><\/figure>\n\n\n\n<p>Aquelles persones interessades en rebre la Newsletter poden sol\u00b7licitar l&#8217;alta a la llista de distribuci\u00f3 enviant un correu a <a href=\"mailto:edo@uab.cat?subject=Alta%20a%20la%20Newsletter%20CRiEDO&amp;body=Sol%C2%B7licito%20ser%20donat%20d'alta%20a%20la%20Newsletter%20de%20l'EDO.%20Les%20meves%20dades%20s%C3%B3n%3A%0ANom%3A%0ACognoms%3A%0AE-mail%3A%0AOrganitzaci%C3%B3%3A%0APa%C3%ADs%3A%0A%0AAccepto%20que%20les%20meves%20dades%20siguin%20tractades%20per%20la%20Universitat%20Aut%C3%B2noma%20de%20Barcelona%2C%20d'acord%20amb%20l'article%2013%20del%20Reglament%20(UE)%202016%2F679.%0A\">edo@uab.cat<\/a> tot indicant el seu Nom, Cognoms, Correu Electr\u00f2nic, Organitzaci\u00f3 de Proced\u00e8ncia i Pa\u00eds.<\/p>\n","protected":false},"excerpt":{"rendered":"<p>La Xarxa d&#8217;Estudis de Desenvolupament Organitzatiu est\u00e0 vinculada org\u00e0nicament al Centre de Recerca i Estudis pel Desenvolupament Organizatiu de la Universitat Aut\u00f2noma de Barcelona.&nbsp; Amb voluntat d&#8217;aproximar i facilitar informaci\u00f3 vinculada a les activitats de recerca, publicacions, activitats divulgatives, programes formatius&nbsp;i altres informacions vinculades a l&#8217;activitat dels membres del CRiEDO i les xarxes de les [&hellip;]<\/p>\n","protected":false},"author":20,"featured_media":0,"parent":0,"menu_order":0,"comment_status":"closed","ping_status":"closed","template":"","meta":{"footnotes":""},"class_list":["post-130","page","type-page","status-publish","hentry"],"_links":{"self":[{"href":"https:\/\/webs.uab.cat\/redo\/wp-json\/wp\/v2\/pages\/130","targetHints":{"allow":["GET"]}}],"collection":[{"href":"https:\/\/webs.uab.cat\/redo\/wp-json\/wp\/v2\/pages"}],"about":[{"href":"https:\/\/webs.uab.cat\/redo\/wp-json\/wp\/v2\/types\/page"}],"author":[{"embeddable":true,"href":"https:\/\/webs.uab.cat\/redo\/wp-json\/wp\/v2\/users\/20"}],"replies":[{"embeddable":true,"href":"https:\/\/webs.uab.cat\/redo\/wp-json\/wp\/v2\/comments?post=130"}],"version-history":[{"count":1,"href":"https:\/\/webs.uab.cat\/redo\/wp-json\/wp\/v2\/pages\/130\/revisions"}],"predecessor-version":[{"id":259,"href":"https:\/\/webs.uab.cat\/redo\/wp-json\/wp\/v2\/pages\/130\/revisions\/259"}],"wp:attachment":[{"href":"https:\/\/webs.uab.cat\/redo\/wp-json\/wp\/v2\/media?parent=130"}],"curies":[{"name":"wp","href":"https:\/\/api.w.org\/{rel}","templated":true}]}}