{"id":135,"date":"2021-06-02T13:42:35","date_gmt":"2021-06-02T11:42:35","guid":{"rendered":"https:\/\/webs.uab.cat\/redo\/ciedo\/"},"modified":"2022-12-14T21:19:11","modified_gmt":"2022-12-14T19:19:11","slug":"ciedo","status":"publish","type":"page","link":"https:\/\/webs.uab.cat\/redo\/ciedo\/","title":{"rendered":"CIEDO"},"content":{"rendered":"\n<p>Com a part de les activitats de promoci\u00f3 i visibilitzaci\u00f3 de la investigaci\u00f3 desenvolupada&nbsp;en els \u00e0mbits de desenvolupament organitzatiu, i concrectamente en els processos de gesti\u00f3 de el coneixement i aprenentatge en les organitzacions de formaci\u00f3 i educatici\u00f3, des de l&#8217;any 2.010 s&#8217;ha promogut la celebraci\u00f3 bianual de el Congr\u00e9s Internacional EDO. Aquest congr\u00e9s s&#8217;ha celebrat sempre en col\u00b7laboraci\u00f3 amb el Centre d&#8217;Estudis Jur\u00eddics i Formaci\u00f3 Especialitzada de la Generalitat de Catalunya i, des de 2014, tamb\u00e9 l&#8217;Escola d&#8217;Administraci\u00f3 P\u00fablica de Catalunya.<\/p>\n\n\n\n<p>Els congressos i tem\u00e0tiques que s&#8217;han desenvolupat fins a data d&#8217;avui han estat els seg\u00fcents.<\/p>\n\n\n\n<figure class=\"wp-block-table is-style-stripes\"><table><tbody><tr><td><strong>Any<\/strong><\/td><td><strong>Lema del Congr\u00e9s<\/strong><\/td><td><strong>M\u00e9s informaci\u00f3<\/strong><\/td><\/tr><tr><td>2020<\/td><td>La nova gesti\u00f3 del coneixement<\/td><td>\n<p class=\"rtejustify\"><strong>Acc\u00e9s al llibre d&#8217;actes <a href=\"https:\/\/edo.uab.cat\/node\/6039\" target=\"_blank\" rel=\"noopener\">aqui<\/a>.&nbsp;<br>M\u00e9s informaci\u00f3 a la <a href=\"https:\/\/edoserveis-uab.cat\/congreso2020\" target=\"_blank\" rel=\"noopener\">Web<\/a>.<\/strong><\/p>\n<\/td><\/tr><tr><td>2018<\/td><td>Lideratge i gesti\u00f3 del talent en les organitzacions<\/td><td><strong>Acc\u00e9s al llibre d&#8217;actes <a href=\"http:\/\/edo.uab.cat\/en\/node\/4377&nbsp;\" target=\"_blank\" rel=\"noopener\">aqui<\/a>.:&nbsp;<br>M\u00e9s informaci\u00f3 a la <a href=\"https:\/\/edoserveis-uab.cat\/congreso2018\" target=\"_blank\" rel=\"noopener\">Web<\/a>.<\/strong><\/td><\/tr><tr><td>2016<\/td><td>Aprenentatge situat i aprenentatge connectat: implicacions en el treball<\/td><td><strong>Acc\u00e9s al llibre d&#8217;actes <a href=\"https:\/\/edo.uab.cat\/content\/aprendizaje-situado-y-aprendizaje-conectado-implicaciones-para-el-trabajo\" target=\"_blank\" rel=\"noopener\">aqui<\/a>.<br>M\u00e9s informaci\u00f3 a la <a href=\"http:\/\/edoserveis-uab.cat\/congreso2016\" target=\"_blank\" rel=\"noopener\">Web<\/a>.<\/strong><\/td><\/tr><tr><td>2014<\/td><td>Organitzacions que aprenen i generen coneixement<\/td><td><strong>Acc\u00e9s al llibre d&#8217;actes <a href=\"https:\/\/edo.uab.cat\/content\/organizaciones-que-aprenden-y-generan-conocimiento\" target=\"_blank\" rel=\"noopener\">aqui<\/a>.<br>M\u00e9s informaci\u00f3 a la <a href=\"http:\/\/accelera.uab.cat\/CONGRESSUS\/CONGRESO2014\/\" target=\"_blank\" rel=\"noopener\">Web<\/a>.<\/strong><\/td><\/tr><tr><td>2012<\/td><td>Gesti\u00f3 del coneixement i desenvolupament organitzatiu: formaci\u00f3 i formaci\u00f3 corporativa<\/td><td><strong>Acc\u00e9s al llibre d&#8217;actes <a href=\"https:\/\/edo.uab.cat\/content\/gesti%C3%B3n-del-conocimiento-y-desarrollo-organizativo-formaci%C3%B3n-y-formaci%C3%B3n-corporativa\" target=\"_blank\" rel=\"noopener\">aqui<\/a>.<br>M\u00e9s informaci\u00f3 a la <a href=\"http:\/\/accelera.uab.cat\/CONGRESSUS\/CONGRESO2012\" target=\"_blank\" rel=\"noopener\">Web<\/a>.<\/strong><\/td><\/tr><tr><td>2010<\/td><td>Noves estrat\u00e8gies formatives a les organitzacions<\/td><td><strong>Acc\u00e9s al llibre d&#8217;actes <a href=\"https:\/\/edo.uab.cat\/content\/nuevas-estrategias-formativas-para-las-organizaciones\" target=\"_blank\" rel=\"noopener\">aqu\u00ed<\/a>.<br>M\u00e9s informaci\u00f3 a la <a href=\"http:\/\/&nbsp;http:\/\/accelera.uab.cat\/CONGRESSUS\/CONGRESO2010\" target=\"_blank\" rel=\"noopener\">Web<\/a>.<\/strong><\/td><\/tr><\/tbody><\/table><\/figure>\n\n\n\n<p>&nbsp;<\/p>\n\n\n\n<p>&nbsp;<\/p>\n","protected":false},"excerpt":{"rendered":"<p>Com a part de les activitats de promoci\u00f3 i visibilitzaci\u00f3 de la investigaci\u00f3 desenvolupada&nbsp;en els \u00e0mbits de desenvolupament organitzatiu, i concrectamente en els processos de gesti\u00f3 de el coneixement i aprenentatge en les organitzacions de formaci\u00f3 i educatici\u00f3, des de l&#8217;any 2.010 s&#8217;ha promogut la celebraci\u00f3 bianual de el Congr\u00e9s Internacional EDO. Aquest congr\u00e9s s&#8217;ha [&hellip;]<\/p>\n","protected":false},"author":20,"featured_media":0,"parent":0,"menu_order":0,"comment_status":"closed","ping_status":"closed","template":"","meta":{"footnotes":""},"class_list":["post-135","page","type-page","status-publish","hentry"],"_links":{"self":[{"href":"https:\/\/webs.uab.cat\/redo\/wp-json\/wp\/v2\/pages\/135","targetHints":{"allow":["GET"]}}],"collection":[{"href":"https:\/\/webs.uab.cat\/redo\/wp-json\/wp\/v2\/pages"}],"about":[{"href":"https:\/\/webs.uab.cat\/redo\/wp-json\/wp\/v2\/types\/page"}],"author":[{"embeddable":true,"href":"https:\/\/webs.uab.cat\/redo\/wp-json\/wp\/v2\/users\/20"}],"replies":[{"embeddable":true,"href":"https:\/\/webs.uab.cat\/redo\/wp-json\/wp\/v2\/comments?post=135"}],"version-history":[{"count":4,"href":"https:\/\/webs.uab.cat\/redo\/wp-json\/wp\/v2\/pages\/135\/revisions"}],"predecessor-version":[{"id":344,"href":"https:\/\/webs.uab.cat\/redo\/wp-json\/wp\/v2\/pages\/135\/revisions\/344"}],"wp:attachment":[{"href":"https:\/\/webs.uab.cat\/redo\/wp-json\/wp\/v2\/media?parent=135"}],"curies":[{"name":"wp","href":"https:\/\/api.w.org\/{rel}","templated":true}]}}