{"id":927,"date":"2023-02-27T13:03:39","date_gmt":"2023-02-27T11:03:39","guid":{"rendered":"https:\/\/webs.uab.cat\/xipe\/?page_id=927"},"modified":"2025-12-09T17:24:51","modified_gmt":"2025-12-09T15:24:51","slug":"definicio-de-ritual","status":"publish","type":"page","link":"https:\/\/webs.uab.cat\/rituals\/definicio-de-ritual\/","title":{"rendered":""},"content":{"rendered":"\n<div class=\"wp-block-group alignfull has-background-background-color has-background\"><div class=\"wp-block-group__inner-container is-layout-flow wp-block-group-is-layout-flow\">\n<div class=\"wp-block-columns alignwide is-layout-flex wp-container-core-columns-is-layout-9d6595d7 wp-block-columns-is-layout-flex\">\n<div class=\"wp-block-column is-layout-flow wp-block-column-is-layout-flow\">\n<h6 class=\"wp-block-heading has-text-align-center has-text-color\" id=\"ecosystem\" style=\"color:#000000\"><\/h6>\n\n\n\n<p class=\"has-text-align-center has-text-color\" style=\"color:#000000;font-size:5vw;line-height:1.1\"><strong>Qu\u00e8 \u00e9s un ritual?<\/strong><\/p>\n\n\n\n<p><sub>Es fa dif\u00edcil definir el que \u00e9s un ritual. Una de les raons \u00e9s l\u2019\u00fas inadequat de conceptes (tradicions, celebracions, festes o actes festius, pr\u00e0ctiques i expressions vives del patrimoni cultural immaterial,..) que no permet delimitar b\u00e9 totes aquestes formes culturals d\u2019expressivitat humana.<\/sub><\/p>\n\n\n\n<p><sub>En aquest sentit, la UNESCO (1999) tampoc ha contribu\u00eft en aclarir el que anomena \u201cpatrimoni cultural immaterial\u201d on els rituals acaben configurant-se com una subcategoria entre d\u2019altres. Per\u00f2 si ens endinsem en els rituals de la m\u00e0 dels grans simbolistes i te\u00f2rics dels rituals del segle XX (Douglas, 1966; Fern\u00e1ndez, 1973; Geertz, 1973; Gluckman, 1954, 1962; Leach, 1972, 1976; Tambiah, 1979; Turner, 1967, 1969) podem copsar que en realitat son aut\u00e8ntiques estructures que integren diverses formes d\u2019expressi\u00f3 humana \u2013com son cants, paraules, idees actuades o representades en s\u00edmbols, objectes, m\u00e0scares, danses, gestualitats, celebracions i tradicions de tot tipus,&#8230;<\/sub><\/p>\n\n\n\n<p><sub>Per tant, en el ritual trobem un alt contingut d\u2019elements simb\u00f2lics que van apareixent segons un ordre temporal. Cal comprendre la posici\u00f3 de tots aquests elements, aix\u00ed com la l\u00f2gica de la pr\u00f2pia seq\u00fcencia ritual subdividida en diferents temps rituals. Aquestes f\u00f3rmules sofisticades de la creativitat i de la imaginaci\u00f3 humana es juxtaposen a la realitat viscuda, dramatitzant alguna cosa per tal de provocar-hi un canvi o una transformaci\u00f3. \u00c9s aix\u00ed com un cop comen\u00e7a el ritual, s\u2019inicia una nova temporalitat de \u201cficci\u00f3\u201d que trenca amb el fluir del temps quotidi\u00e0, amb la intenci\u00f3 de performar en la pr\u00f2pia realitat.<\/sub><\/p>\n\n\n\n<div class=\"wp-block-media-text alignwide is-stacked-on-mobile is-vertically-aligned-top\" style=\"grid-template-columns:30% auto\"><figure class=\"wp-block-media-text__media\"><img loading=\"lazy\" decoding=\"async\" width=\"965\" height=\"1024\" src=\"https:\/\/webs.uab.cat\/xipe\/wp-content\/uploads\/sites\/234\/2024\/08\/IMG_20180506_094037-965x1024.jpg\" alt=\"\" class=\"wp-image-1522 size-full\" srcset=\"https:\/\/webs.uab.cat\/rituals\/wp-content\/uploads\/sites\/234\/2024\/08\/IMG_20180506_094037-965x1024.jpg 965w, https:\/\/webs.uab.cat\/rituals\/wp-content\/uploads\/sites\/234\/2024\/08\/IMG_20180506_094037-283x300.jpg 283w, https:\/\/webs.uab.cat\/rituals\/wp-content\/uploads\/sites\/234\/2024\/08\/IMG_20180506_094037-768x815.jpg 768w, https:\/\/webs.uab.cat\/rituals\/wp-content\/uploads\/sites\/234\/2024\/08\/IMG_20180506_094037-1448x1536.jpg 1448w, https:\/\/webs.uab.cat\/rituals\/wp-content\/uploads\/sites\/234\/2024\/08\/IMG_20180506_094037-1930x2048.jpg 1930w, https:\/\/webs.uab.cat\/rituals\/wp-content\/uploads\/sites\/234\/2024\/08\/IMG_20180506_094037-1200x1273.jpg 1200w, https:\/\/webs.uab.cat\/rituals\/wp-content\/uploads\/sites\/234\/2024\/08\/IMG_20180506_094037-1980x2101.jpg 1980w\" sizes=\"auto, (max-width: 965px) 100vw, 965px\" \/><\/figure><div class=\"wp-block-media-text__content\">\n<p><sub>A partir d\u2019aqu\u00ed s\u00ed que estem en disposici\u00f3 de definir el ritual tenint en compte alguns trets principals:<\/sub><\/p>\n\n\n\n<blockquote class=\"wp-block-quote is-layout-flow wp-block-quote-is-layout-flow\">\n<p><sub>(1) \u00e9s una estructura temporal que integra un alt contingut simb\u00f2lic, (2) subdividida en diverses fases que conformen una mateixa seq\u00fc\u00e8ncia amb una l\u00f2gica que cal descobrir, (3) amb capacitat de performar en l&#8217;experi\u00e8ncia i (4) seduir a trav\u00e9s del sentits i de les emocions.<\/sub><\/p>\n<\/blockquote>\n<\/div><\/div>\n\n\n\n<div class=\"wp-block-media-text alignwide is-stacked-on-mobile\" style=\"grid-template-columns:30% auto\"><figure class=\"wp-block-media-text__media\"><img loading=\"lazy\" decoding=\"async\" width=\"261\" height=\"415\" src=\"https:\/\/webs.uab.cat\/xipe\/wp-content\/uploads\/sites\/234\/2023\/03\/ca4.png\" alt=\"\" class=\"wp-image-1033 size-full\" srcset=\"https:\/\/webs.uab.cat\/rituals\/wp-content\/uploads\/sites\/234\/2023\/03\/ca4.png 261w, https:\/\/webs.uab.cat\/rituals\/wp-content\/uploads\/sites\/234\/2023\/03\/ca4-189x300.png 189w\" sizes=\"auto, (max-width: 261px) 100vw, 261px\" \/><\/figure><div class=\"wp-block-media-text__content\">\n<p><sub>En aquest sentit, cal ser conscients que una de les seves caracter\u00edstiques fonamentals \u00e9s que la mateixa performativitat no es restringeix nom\u00e9s al que fa, sin\u00f3 a com ho fa, utilitzant mecanismes i estrat\u00e8gies que permeten performar en la realitat quotidiana, actuar o experimentar amb ella, significant un par\u00e8ntesi d\u2019aut\u00e8ntica ficci\u00f3. Tal com defineix Rodrigo D\u00edaz Cruz en el seu article \u201cLa celebraci\u00f3n de la contingencia y la forma sobre la antropolog\u00eda de la performance\u201d (2008: 33-34):<\/sub><\/p>\n\n\n\n<blockquote class=\"wp-block-quote is-layout-flow wp-block-quote-is-layout-flow\">\n<p><sub>\u201cson pr\u00e1cticas enf\u00e1ticamente coexistentes con nuestra condici\u00f3n humana. [\u2026] de dramatizaci\u00f3n, lo que aqu\u00ed denominar\u00e9 la performance, no es una mera representaci\u00f3n, sin mediaciones, de lo que se dice, de lo que est\u00e1 cristalizado en un texto o en un guion preestablecidos, consiste m\u00e1s bien en una traducci\u00f3n, una transformaci\u00f3n y, por lo tanto, un desplazamiento, una reelaboraci\u00f3n, recreaci\u00f3n e interpretaci\u00f3n (de la representaci\u00f3n de lo real)\u201d.<\/sub><\/p>\n<\/blockquote>\n<\/div><\/div>\n\n\n\n<div class=\"wp-block-group\"><div class=\"wp-block-group__inner-container is-layout-constrained wp-block-group-is-layout-constrained\">\n<details class=\"wp-block-details is-layout-flow wp-block-details-is-layout-flow\"><summary><sub><sup>[Fotografia 1] Exposici\u00f3 Cataz\u00f2nia. Els caputxins catalanas a l&#8217;Amaz\u00f2nia. (2018). Museu de les Cultures del M\u00f3n, Barcelona.<\/sup><\/sub><br><sub><sup>[Fotografia 2] Carnaval de la Creu Alta de Sabadell. (2020). Arxiu Associaci\u00f3 Ve\u00efnal de la Creu Alta (AVLCA).\u00a0<a href=\"https:\/\/lacreualta.cat\/associacio-veinal-de-la-creu-alta\">https:\/\/lacreualta.cat\/associacio-veinal-de-la-creu-alta<\/a><\/sup><\/sub><\/summary>\n<details class=\"wp-block-details is-layout-flow wp-block-details-is-layout-flow\"><summary>Details<\/summary>\n<p><\/p>\n<\/details>\n\n\n\n<p><\/p>\n<\/details>\n<\/div><\/div>\n\n\n\n<div style=\"height:5px\" aria-hidden=\"true\" class=\"wp-block-spacer\"><\/div>\n<\/div>\n<\/div>\n\n\n\n<div class=\"wp-block-columns alignwide is-layout-flex wp-container-core-columns-is-layout-9d6595d7 wp-block-columns-is-layout-flex\">\n<div class=\"wp-block-column is-layout-flow wp-block-column-is-layout-flow\" style=\"flex-basis:33.38%\"><\/div>\n\n\n\n<div class=\"wp-block-column is-layout-flow wp-block-column-is-layout-flow\" style=\"flex-basis:33%\"><\/div>\n\n\n\n<div class=\"wp-block-column is-layout-flow wp-block-column-is-layout-flow\" style=\"flex-basis:33.62%\"><\/div>\n<\/div>\n\n\n\n<div class=\"wp-block-columns alignwide is-layout-flex wp-container-core-columns-is-layout-9d6595d7 wp-block-columns-is-layout-flex\">\n<div class=\"wp-block-column is-layout-flow wp-block-column-is-layout-flow\" style=\"flex-basis:67%\"><\/div>\n\n\n\n<div class=\"wp-block-column is-vertically-aligned-center is-layout-flow wp-block-column-is-layout-flow\" style=\"flex-basis:33%\"><\/div>\n<\/div>\n<\/div><\/div>\n","protected":false},"excerpt":{"rendered":"<p>Qu\u00e8 \u00e9s un ritual? Es fa dif\u00edcil definir el que \u00e9s un ritual. Una de les raons \u00e9s l\u2019\u00fas inadequat de conceptes (tradicions, celebracions, festes o actes festius, pr\u00e0ctiques i expressions vives del patrimoni cultural immaterial,..) que no permet delimitar b\u00e9 totes aquestes formes culturals d\u2019expressivitat humana. En aquest sentit, la UNESCO (1999) tampoc ha [&hellip;]<\/p>\n","protected":false},"author":2572,"featured_media":0,"parent":0,"menu_order":0,"comment_status":"closed","ping_status":"closed","template":"","meta":{"footnotes":""},"class_list":["post-927","page","type-page","status-publish","hentry"],"_links":{"self":[{"href":"https:\/\/webs.uab.cat\/rituals\/wp-json\/wp\/v2\/pages\/927","targetHints":{"allow":["GET"]}}],"collection":[{"href":"https:\/\/webs.uab.cat\/rituals\/wp-json\/wp\/v2\/pages"}],"about":[{"href":"https:\/\/webs.uab.cat\/rituals\/wp-json\/wp\/v2\/types\/page"}],"author":[{"embeddable":true,"href":"https:\/\/webs.uab.cat\/rituals\/wp-json\/wp\/v2\/users\/2572"}],"replies":[{"embeddable":true,"href":"https:\/\/webs.uab.cat\/rituals\/wp-json\/wp\/v2\/comments?post=927"}],"version-history":[{"count":30,"href":"https:\/\/webs.uab.cat\/rituals\/wp-json\/wp\/v2\/pages\/927\/revisions"}],"predecessor-version":[{"id":5022,"href":"https:\/\/webs.uab.cat\/rituals\/wp-json\/wp\/v2\/pages\/927\/revisions\/5022"}],"wp:attachment":[{"href":"https:\/\/webs.uab.cat\/rituals\/wp-json\/wp\/v2\/media?parent=927"}],"curies":[{"name":"wp","href":"https:\/\/api.w.org\/{rel}","templated":true}]}}

<div class="wp-block-group alignfull has-background-background-color has-background"><div class="wp-block-group__inner-container is-layout-flow wp-block-group-is-layout-flow">
<div class="wp-block-columns alignwide is-layout-flex wp-container-core-columns-is-layout-9d6595d7 wp-block-columns-is-layout-flex">
<div class="wp-block-column is-layout-flow wp-block-column-is-layout-flow">
<h6 class="wp-block-heading has-text-align-center has-text-color" id="ecosystem" style="color:#000000"></h6>



<p class="has-text-align-center has-text-color" style="color:#000000;font-size:5vw;line-height:1.1"><strong>Què és un ritual?</strong></p>



<p><sub>Es fa difícil definir el que és un ritual. Una de les raons és l’ús inadequat de conceptes (tradicions, celebracions, festes o actes festius, pràctiques i expressions vives del patrimoni cultural immaterial,..) que no permet delimitar bé totes aquestes formes culturals d’expressivitat humana.</sub></p>



<p><sub>En aquest sentit, la UNESCO (1999) tampoc ha contribuït en aclarir el que anomena “patrimoni cultural immaterial” on els rituals acaben configurant-se com una subcategoria entre d’altres. Però si ens endinsem en els rituals de la mà dels grans simbolistes i teòrics dels rituals del segle XX (Douglas, 1966; Fernández, 1973; Geertz, 1973; Gluckman, 1954, 1962; Leach, 1972, 1976; Tambiah, 1979; Turner, 1967, 1969) podem copsar que en realitat son autèntiques estructures que integren diverses formes d’expressió humana –com son cants, paraules, idees actuades o representades en símbols, objectes, màscares, danses, gestualitats, celebracions i tradicions de tot tipus,&#8230;</sub></p>



<p><sub>Per tant, en el ritual trobem un alt contingut d’elements simbòlics que van apareixent segons un ordre temporal. Cal comprendre la posició de tots aquests elements, així com la lògica de la pròpia seqüencia ritual subdividida en diferents temps rituals. Aquestes fórmules sofisticades de la creativitat i de la imaginació humana es juxtaposen a la realitat viscuda, dramatitzant alguna cosa per tal de provocar-hi un canvi o una transformació. És així com un cop comença el ritual, s’inicia una nova temporalitat de “ficció” que trenca amb el fluir del temps quotidià, amb la intenció de performar en la pròpia realitat.</sub></p>



<div class="wp-block-media-text alignwide is-stacked-on-mobile is-vertically-aligned-top" style="grid-template-columns:30% auto"><figure class="wp-block-media-text__media"><img loading="lazy" decoding="async" width="965" height="1024" src="https://webs.uab.cat/xipe/wp-content/uploads/sites/234/2024/08/IMG_20180506_094037-965x1024.jpg" alt="" class="wp-image-1522 size-full" srcset="https://webs.uab.cat/rituals/wp-content/uploads/sites/234/2024/08/IMG_20180506_094037-965x1024.jpg 965w, https://webs.uab.cat/rituals/wp-content/uploads/sites/234/2024/08/IMG_20180506_094037-283x300.jpg 283w, https://webs.uab.cat/rituals/wp-content/uploads/sites/234/2024/08/IMG_20180506_094037-768x815.jpg 768w, https://webs.uab.cat/rituals/wp-content/uploads/sites/234/2024/08/IMG_20180506_094037-1448x1536.jpg 1448w, https://webs.uab.cat/rituals/wp-content/uploads/sites/234/2024/08/IMG_20180506_094037-1930x2048.jpg 1930w, https://webs.uab.cat/rituals/wp-content/uploads/sites/234/2024/08/IMG_20180506_094037-1200x1273.jpg 1200w, https://webs.uab.cat/rituals/wp-content/uploads/sites/234/2024/08/IMG_20180506_094037-1980x2101.jpg 1980w" sizes="auto, (max-width: 965px) 100vw, 965px" /></figure><div class="wp-block-media-text__content">
<p><sub>A partir d’aquí sí que estem en disposició de definir el ritual tenint en compte alguns trets principals:</sub></p>



<blockquote class="wp-block-quote is-layout-flow wp-block-quote-is-layout-flow">
<p><sub>(1) és una estructura temporal que integra un alt contingut simbòlic, (2) subdividida en diverses fases que conformen una mateixa seqüència amb una lògica que cal descobrir, (3) amb capacitat de performar en l&#8217;experiència i (4) seduir a través del sentits i de les emocions.</sub></p>
</blockquote>
</div></div>



<div class="wp-block-media-text alignwide is-stacked-on-mobile" style="grid-template-columns:30% auto"><figure class="wp-block-media-text__media"><img loading="lazy" decoding="async" width="261" height="415" src="https://webs.uab.cat/xipe/wp-content/uploads/sites/234/2023/03/ca4.png" alt="" class="wp-image-1033 size-full" srcset="https://webs.uab.cat/rituals/wp-content/uploads/sites/234/2023/03/ca4.png 261w, https://webs.uab.cat/rituals/wp-content/uploads/sites/234/2023/03/ca4-189x300.png 189w" sizes="auto, (max-width: 261px) 100vw, 261px" /></figure><div class="wp-block-media-text__content">
<p><sub>En aquest sentit, cal ser conscients que una de les seves característiques fonamentals és que la mateixa performativitat no es restringeix només al que fa, sinó a com ho fa, utilitzant mecanismes i estratègies que permeten performar en la realitat quotidiana, actuar o experimentar amb ella, significant un parèntesi d’autèntica ficció. Tal com defineix Rodrigo Díaz Cruz en el seu article “La celebración de la contingencia y la forma sobre la antropología de la performance” (2008: 33-34):</sub></p>



<blockquote class="wp-block-quote is-layout-flow wp-block-quote-is-layout-flow">
<p><sub>“son prácticas enfáticamente coexistentes con nuestra condición humana. […] de dramatización, lo que aquí denominaré la performance, no es una mera representación, sin mediaciones, de lo que se dice, de lo que está cristalizado en un texto o en un guion preestablecidos, consiste más bien en una traducción, una transformación y, por lo tanto, un desplazamiento, una reelaboración, recreación e interpretación (de la representación de lo real)”.</sub></p>
</blockquote>
</div></div>



<div class="wp-block-group"><div class="wp-block-group__inner-container is-layout-constrained wp-block-group-is-layout-constrained">
<details class="wp-block-details is-layout-flow wp-block-details-is-layout-flow"><summary><sub><sup>[Fotografia 1] Exposició Catazònia. Els caputxins catalanas a l&#8217;Amazònia. (2018). Museu de les Cultures del Món, Barcelona.</sup></sub><br><sub><sup>[Fotografia 2] Carnaval de la Creu Alta de Sabadell. (2020). Arxiu Associació Veïnal de la Creu Alta (AVLCA). <a href="https://lacreualta.cat/associacio-veinal-de-la-creu-alta">https://lacreualta.cat/associacio-veinal-de-la-creu-alta</a></sup></sub></summary>
<details class="wp-block-details is-layout-flow wp-block-details-is-layout-flow"><summary>Details</summary>
<p></p>
</details>



<p></p>
</details>
</div></div>



<div style="height:5px" aria-hidden="true" class="wp-block-spacer"></div>
</div>
</div>



<div class="wp-block-columns alignwide is-layout-flex wp-container-core-columns-is-layout-9d6595d7 wp-block-columns-is-layout-flex">
<div class="wp-block-column is-layout-flow wp-block-column-is-layout-flow" style="flex-basis:33.38%"></div>



<div class="wp-block-column is-layout-flow wp-block-column-is-layout-flow" style="flex-basis:33%"></div>



<div class="wp-block-column is-layout-flow wp-block-column-is-layout-flow" style="flex-basis:33.62%"></div>
</div>



<div class="wp-block-columns alignwide is-layout-flex wp-container-core-columns-is-layout-9d6595d7 wp-block-columns-is-layout-flex">
<div class="wp-block-column is-layout-flow wp-block-column-is-layout-flow" style="flex-basis:67%"></div>



<div class="wp-block-column is-vertically-aligned-center is-layout-flow wp-block-column-is-layout-flow" style="flex-basis:33%"></div>
</div>
</div></div>

<p>Què és un ritual? Es fa difícil definir el que és un ritual. Una de les raons és l’ús inadequat de conceptes (tradicions, celebracions, festes o actes festius, pràctiques i expressions vives del patrimoni cultural immaterial,..) que no permet delimitar bé totes aquestes formes culturals d’expressivitat humana. En aquest sentit, la UNESCO (1999) tampoc ha [&hellip;]</p>
