{"id":113,"date":"2019-11-12T13:34:05","date_gmt":"2019-11-12T13:34:05","guid":{"rendered":"https:\/\/webs.uab.cat\/rogerbacon\/abbreviationes\/"},"modified":"2024-02-16T16:27:28","modified_gmt":"2024-02-16T16:27:28","slug":"abbreviationes","status":"publish","type":"page","link":"https:\/\/webs.uab.cat\/rogerbacon\/abbreviationes\/","title":{"rendered":"Abbreviationes"},"content":{"rendered":"<ul>\n<li class=\"rtejustify\"><span style=\"font-size: 14px\"><b>Bale (1557-1559)<\/b>: Bale, J. (1557-1559), <em>Scriptorum illustrium maioris Britanniae catalogus<\/em>, 2 vols., Basileae.<\/span><\/li>\n<li class=\"rtejustify\"><span style=\"font-size: 14px\"><b>Bale (1902)<\/b>: Bale, J. (1902), <em>Index Britanniae scriptorum. John Bale&#8217;s Index of British and Other Writers<\/em>, R. Lane Poole &#8211; M. Bates (eds.), Oxford.<\/span><\/li>\n<li class=\"rtejustify\"><span style=\"font-size: 14px\"><span style=\"text-align: left;color: #333333;text-transform: none;text-indent: 0px;letter-spacing: normal;font-style: normal;font-variant: normal;font-weight: 400;text-decoration: none;float: none;background-color: #ffffff\"><strong>Bernardini &#8211; Rodolfi (2014)<\/strong>: Bernardini, Paola &#8211; Rodolfi, Anna (eds.) (2014), <\/span><em style=\"color: #333333;quot;quot;font-size: 13px;font-style: italic;font-variant: normal;font-weight: 400;letter-spacing: normal;text-align: left;text-decoration: none;text-indent: 0px;text-transform: none\">Roger Bacon&#8217;s <\/em><span style=\"text-align: left;color: #333333;text-transform: none;text-indent: 0px;letter-spacing: normal;font-style: normal;font-variant: normal;font-weight: 400;text-decoration: none;float: none;background-color: #ffffff\">Communia Naturalium<\/span><em style=\"color: #333333;quot;quot;font-size: 13px;font-style: italic;font-variant: normal;font-weight: 400;letter-spacing: normal;text-align: left;text-decoration: none;text-indent: 0px;text-transform: none\">. A 13th Century Philosopher&#8217;s Workshop<\/em><span style=\"text-align: left;color: #333333;text-transform: none;text-indent: 0px;letter-spacing: normal;font-style: normal;font-variant: normal;font-weight: 400;text-decoration: none;float: none;background-color: #ffffff\">, Firenze.<\/span><\/span><\/li>\n<li class=\"rtejustify\"><span style=\"font-size: 14px\"><strong>Brewer (1859)<\/strong>: Brewer, J.S. (1859), <em>Rogeri Bacon Opus tertium, Opus minus, Compendium philosophiae<\/em>, London.<\/span><\/li>\n<li class=\"rtejustify\"><span style=\"font-size: 14px\"><b>Bridges (1897), vol. I-II<\/b>: J.H. Bridges (1897), <em>The Opus maius of Roger Bacon<\/em>, 2 vols., Oxford (ed. facs. Frankfurt-Main: Minerva, 1964): <a href=\"https:\/\/archive.org\/details\/b24975655_0001\/page\/n5\/mode\/2up\" target=\"_blank\" rel=\"noopener\">pdf vol. I<\/a> &#8211; <a href=\"https:\/\/archive.org\/details\/opusmajusofroger02bacouoft\/page\/n5\/mode\/2up\" target=\"_blank\" rel=\"noopener\">pdf vol. II<\/a>. Fue reeditado en 1900 = <strong>Bridges (1900<sup>1<\/sup>)<\/strong>: <a href=\"https:\/\/archive.org\/details\/opusmajusrogerb01bridgoog\" target=\"_blank\" rel=\"noopener\">pdf vol. I<\/a> &#8211; pdf vol. II<\/span><\/li>\n<li class=\"rtejustify\"><span style=\"font-size: 14px\"><b>Bridges (1900<sup>2<\/sup>)<\/b>:J.H. Bridges (1900<sup>2<\/sup>), <em>The Opus maius of Roger Bacon<\/em>, Oxford (ed. facs. Frankfurt-Main: Minerva, 1964) [reed. revisada de op.13.1-13.3]. <a href=\"https:\/\/webs.uab.cat\/rogerbacon\/wp-content\/uploads\/sites\/147\/2019\/11\/opus_majus_bridges_1900_-_vol_1_2a_edicio.pdf\" target=\"_blank\" rel=\"noopener\">pdf<\/a><\/span><\/li>\n<li class=\"rtejustify\"><span style=\"font-size: 14px\"><b>Catalogue Amiens<\/b>: Ernest Coyecque (ed.) (1893), <em>Catalogue g\u00e9n\u00e9ral des manuscrits des biblioth\u00e8ques publiques de France<\/em>. D\u00e9partements \u2014 Tome XIX. Amiens; Paris.<\/span><\/li>\n<li class=\"rtejustify\"><span style=\"font-size: 14px\"><b>Catalogue Douai<\/b>: <em>Catalogue g\u00e9n\u00e9ral des manuscrits des biblioth\u00e8ques publiques de France<\/em>. D\u00e9partements. S\u00e9rie in-quarto: Tome VI: Douai, Paris, 1878.<\/span><\/li>\n<li class=\"rtejustify\"><span style=\"font-size: 14px\"><b>Catalogue of the Pepys Library<\/b>: Robert Latham (ed.) (1992), <em>Catalogue of the Pepys Library at Magdalene College<\/em>, Cambridge, vol. V, part i: Medieval (R. McKitterick &#8211; R. Beadle), Cambridge.<\/span><\/li>\n<li class=\"rtejustify\"><span style=\"font-size: 14px\"><b>Catalogue Peterhouse<\/b>: M.R. James (1899), A Descriptive Catalogue of the Manuscripts in the Library of Peterhouse, Cambridge.<\/span><\/li>\n<li class=\"rtejustify\"><span style=\"font-size: 14px\"><b>Catalogue Trinity College, vol. II-III<\/b>: M.R. James (1901), <em>Western Manuscripts in the Library of Trinity College<\/em>, Cambridge, vol. II [containing an account of the manuscripts standing in class R], Cambridge University Press.- vol. III: M.R. James (1902), <em>Western Manuscripts in the Library of Trinity College<\/em>, Cambridge, vol. III [containing an account of the manuscripts standing in class O], Cambridge University Press.<\/span><\/li>\n<li class=\"rtejustify\"><span style=\"font-size: 14px\"><b>Cat\u00e1logo El Escorial<\/b>: <a href=\"http:\/\/rbme.patrimonionacional.es\/Busqueda-en-Catalogo.aspx?id=2\" target=\"_blank\" rel=\"noopener\">cat\u00e1logo on line<\/a><\/span><\/li>\n<li class=\"rtejustify\"><span style=\"font-size: 14px\"><b>Catalogo Laurenziana<\/b>: <a href=\"http:\/\/opac.bmlonline.it\/Bibliografia.htm?idlist=1&amp;record=255312407359\" target=\"_blank\" rel=\"noopener\">catalogo aperto<\/a><\/span><\/li>\n<li class=\"rtejustify\"><span style=\"font-size: 14px\"><b>Cousin (1865)<\/b>: Cousin, Victor (1865), <em>Fragments philosophiques pour servir \u00e0 l&#8217;histoire de la philosophie<\/em>, Paris. <a href=\"https:\/\/archive.org\/details\/fragmentsphiloso00cous\/page\/n8\" target=\"_blank\" rel=\"noopener\">pdf<\/a><\/span><\/li>\n<li class=\"rtejustify\"><span style=\"font-size: 14px\"><strong>Fredborg-Nielsen-Pinborg (1978)<\/strong>:\u00a0<span style=\"text-align: justify;color: #333333;text-transform: none;text-indent: 0px;letter-spacing: normal;font-style: normal;font-variant: normal;font-weight: 400;text-decoration: none;float: none;background-color: #ffffff\">Fredborg, K.M. &#8211; Nielsen, Lauren &#8211; Pinborg Jan (1978), &#8220;An Unedited Part of Roger Bacon&#8217;s Opus maius: De signis&#8221;, <\/span><em style=\"color: #333333;font-family: arial,helvetica,sans-serif;font-size: 14px;font-style: italic;font-variant: normal;font-weight: 400;letter-spacing: normal;text-align: justify;text-decoration: none;text-indent: 0px;text-transform: none\">Traditio <\/em><span style=\"text-align: justify;color: #333333;text-transform: none;text-indent: 0px;letter-spacing: normal;font-style: normal;font-variant: normal;font-weight: 400;text-decoration: none;float: none;background-color: #ffffff\">34, 75-136.<\/span><\/span><\/li>\n<li class=\"rtejustify\"><span style=\"font-size: 14px\"><b>Glorieux (1971)<\/b>: Glorieux, Pal\u00e9mon (1971), <em>La Facult\u00e9 des Arts et ses Ma\u00eetres au XIIIe si\u00e8cle<\/em>, Paris.<\/span><\/li>\n<li class=\"rtejustify\"><span style=\"font-size: 14px\"><strong>Hackett (1997a)<\/strong>: Hackett, Jeremiah (ed.) (1997), <em>Roger Bacon and the Sciences. Commemorative Essays<\/em>, Brill: Leiden-New York-K\u00f6ln.<\/span><\/li>\n<li class=\"rtejustify\"><span style=\"font-size: 14px\"><b>Hackett (1997b)<\/b>: Hackett, Jeremiah (1997), &#8220;Roger Bacon, Aristotle, and the Parisian Condemnations of 1270, 1277&#8221;, <em>Vivarium<\/em> 35\/2, 283-314.<\/span><\/li>\n<li class=\"rtejustify\"><span style=\"font-size: 14px\"><b>Hackett (1997c)<\/b>: Hackett, Jeremiah (1997), &#8220;The published works of Roger Bacon&#8221;, <em>Vivarium<\/em> 35\/2, 315-320.<\/span><\/li>\n<li class=\"rtejustify\"><span style=\"font-size: 14px\"><b>Katalog Erfurt<\/b>: Wilhelm Schum (1887), <em>Beschreibendes Verzeichnis der Amplonianischen Handschriften-Sammlung zu Erfurt<\/em>, Berlin: <a href=\"http:\/\/www.manuscripta-mediaevalia.de\/hs\/kataloge\/HSK0495.htm\" target=\"_blank\" rel=\"noopener\">on line<\/a><\/span><\/li>\n<li class=\"rtejustify\"><span style=\"font-size: 14px\"><strong>Lamius (1756)<\/strong>:\u00a0<span style=\"text-align: left;color: #333333;text-transform: none;text-indent: 0px;letter-spacing: normal;font-style: normal;font-variant: normal;font-weight: 400;text-decoration: none;float: none;background-color: #ffffff\">Lamius, J. (1756), <\/span><em style=\"color: #333333;quot;quot;font-size: 13px;font-style: italic;font-variant: normal;font-weight: 400;letter-spacing: normal;text-align: left;text-decoration: none;text-indent: 0px;text-transform: none\">Catalogus codicum manuscriptorum qui in Biblioteca Riccardiana Florentina adservantur<\/em><span style=\"text-align: left;color: #333333;text-transform: none;text-indent: 0px;letter-spacing: normal;font-style: normal;font-variant: normal;font-weight: 400;text-decoration: none;float: none;background-color: #ffffff\">, Livorno.<\/span><\/span><\/li>\n<li class=\"rtejustify\"><span style=\"font-size: 14px\"><strong>Lindberg (1983)<\/strong>: <span style=\"background-color: #ffffff\">Lindberg, David C. (1983), <em>Roger Bacon&#8217;s Philosophy of Nature. A critical Edition, with English Translation, Introduction, and Notes, of<\/em> De multiplicatione specierum <em>and <\/em>De speculis comburentibus, Oxford.<\/span><\/span><\/li>\n<li class=\"rtejustify\"><span style=\"font-size: 14px\"><span style=\"text-align: left;color: #333333;text-transform: none;text-indent: 0px;letter-spacing: normal;font-style: normal;font-variant: normal;font-weight: 400;text-decoration: none;float: none;background-color: #ffffff\"><strong>Lindberg (1996)<\/strong>: Lindbert, David C. (1996), <em>Roger Bacon and the Origins of<\/em> Perspectiva <em>in the Middle Ages. A Critical Edition and English Translation of Bacon&#8217;s <\/em>Perspectiva<em> with Introduction and Notes<\/em>, Oxford.<\/span><\/span><\/li>\n<li class=\"rtejustify\"><span style=\"font-size: 14px\"><strong>Little (1912)<\/strong>: Little, A.G. (1912), <em>Part of the Opus tertium of Roger Bacon, including a fragment now printed for the first time<\/em>, Aberdeen.<\/span><\/li>\n<li class=\"rtejustify\"><span style=\"font-size: 14px\"><b>Little (1914)<\/b>: Little, A.G. (1914), &#8220;Roger Bacon&#8217;s works with reference to the mss. and printed editions&#8221;, A.G. Little (ed.), <em>Roger Bacon essays contributed by various authors on the occasion of the commemoration of the seventh centenary of his birth<\/em>, Oxford. <a href=\"https:\/\/www.google.es\/url?sa=t&amp;rct=j&amp;q=&amp;esrc=s&amp;source=web&amp;cd=6&amp;ved=2ahUKEwjytoe81rLlAhWqy4UKHaWnCIUQFjAFegQIABAC&amp;url=https%3A%2F%2Fwww.forgottenbooks.com%2Fen%2Fdownload%2FRogerBacon_10184172.pdf&amp;usg=AOvVaw1WEFVMNfPKYKVP5eauhYmC&amp;cshid=1571843812763858\" target=\"_blank\" rel=\"noopener\">link pdf<\/a><\/span><\/li>\n<li class=\"rtejustify\"><span style=\"font-size: 14px\"><b>Lohr (XXIII-XXX)<\/b>: Lohr, Charles H. (1967), &#8220;Medieval Latin Aristotle Commentaries&#8221;, <em>Traditio<\/em> 23, 313-413 [= Lohr XXIII]; 24 (1968), 149-245 [= Lohr XXIV]; 26 (1970), 135-216 [= Lohr XXVI]; 27 (1971), 251-351 [= Lohr XXVII]; 28 (1972), 281-396 [= Lohr XXVIII]; 29 (1973), 93-197 [= Lohr XXIX]; 30 (1974), 119-144 [= Lohr XXX].<\/span><\/li>\n<li class=\"rtejustify\"><span style=\"font-size: 14px\"><b>Lohr (2010)<\/b>: Lohr, Charles H. (2010), <em>Latin Aristote commentaries<\/em>, vol. I.2 Medieval Authors: M-Z, Firenze: SISMEL.<\/span><\/li>\n<li class=\"rtejustify\"><span style=\"font-size: 14px\"><strong>Massa (1953)<\/strong>: Massa, Eugenio (1953), <em>Rogerii Baconis Moralis Philosophia<\/em>, Z\u00fcrich.<\/span><\/li>\n<li class=\"rtejustify\"><span style=\"font-size: 14px\"><strong>Maloney (1988)<\/strong>:\u00a0<span style=\"text-align: left;color: #000119;text-transform: none;text-indent: 0px;letter-spacing: normal;font-family: 'Lato',Helvetica Neue,Arial,Sans-serif;font-style: normal;font-variant: normal;font-weight: 400;text-decoration: none;float: none;background-color: #ffffff\">Maloney, Thom<\/span><\/span><span style=\"text-align: left;color: #000119;text-transform: none;text-indent: 0px;letter-spacing: normal;font-family: 'Lato',Helvetica Neue,Arial,Sans-serif;font-style: normal;font-variant: normal;font-weight: 400;text-decoration: none;float: none;background-color: #ffffff\"><span style=\"font-family: arial,helvetica,sans-serif\">as S. (1988), <em>Compendium of the Study of Theology<\/em>. <\/span><\/span><span style=\"text-align: left;color: #000119;text-transform: none;text-indent: 0px;letter-spacing: normal;font-family: 'Lato',Helvetica Neue,Arial,Sans-serif;font-style: normal;font-variant: normal;font-weight: 400;text-decoration: none;float: none;background-color: #ffffff\"><span style=\"font-family: arial,helvetica,sans-serif\">Edition a<\/span><\/span><span style=\"font-size: 14px\"><span style=\"text-align: left;color: #000119;text-transform: none;text-indent: 0px;letter-spacing: normal;font-family: 'Lato',Helvetica Neue,Arial,Sans-serif;font-style: normal;font-variant: normal;font-weight: 400;text-decoration: none;float: none;background-color: #ffffff\">nd Translation with Introduction and Notes, Leiden: Brill.<\/span><\/span><\/li>\n<li class=\"rtejustify\"><span style=\"font-size: 14px\"><strong style=\"color: #333333;quot;quot;font-size: 13px;font-style: normal;font-variant: normal;font-weight: bold;letter-spacing: normal;text-align: justify;text-decoration: none;text-indent: 0px;text-transform: none\">Maloney (2018)<\/strong><span style=\"text-align: justify;color: #333333;text-transform: none;text-indent: 0px;letter-spacing: normal;font-style: normal;font-variant: normal;font-weight: 400;text-decoration: none;float: none;background-color: #ffffff\">:\u00a0<\/span><span style=\"text-align: left;color: #000119;text-transform: none;text-indent: 0px;letter-spacing: normal;font-style: normal;font-variant: normal;font-weight: 400;text-decoration: none;float: none;background-color: #ffffff\">Maloney, Thomas S. (2018), <\/span><i>Compendium of the Study of Philosophy<\/i>,<span style=\"text-align: left;color: #000119;text-transform: none;text-indent: 0px;letter-spacing: normal;font-style: normal;font-variant: normal;font-weight: 400;text-decoration: none;float: none;background-color: #ffffff\">\u00a0 Auctores Britannici Medii Aevi 32, Oxford: The British Academy.<\/span><\/span><\/li>\n<li class=\"rtejustify\"><span style=\"font-size: 14px\"><b>Nolan-Hirsch (1912)<\/b>: E. Nolan &#8211; S.A. Hirsch (1912), <em>The greek grammar of Roger Bacon and a fragment of his hebrew gramar<\/em>, Cambridge.<\/span><\/li>\n<li class=\"rtejustify\"><span style=\"font-size: 14px\"><b>OHI<\/b>: <em>Opera Hactenus Inedita Rogeri Baconi<\/em> (16 fasc. = OHI.1, OHI.2, etc.), Oxford, 1905 &#8211; 1941.<\/span><\/li>\n<li class=\"rtejustify\"><span style=\"font-size: 14px\"><b>OHI.1<\/b>: R. Steele (s.a. [1905]),\u00a0<em>Opera Hactenus Inedita Rogeri Baconi,<\/em> fasc. 1, Oxford.<a href=\"https:\/\/archive.org\/details\/operahactenusine01baco\" target=\"_blank\" rel=\"noopener\">pdf<\/a><\/span><\/li>\n<li class=\"rtejustify\"><span style=\"font-size: 14px\"><b>OHI.2<\/b>: R. Steele (s.a. [1909]),\u00a0<em>Opera Hactenus Inedita Rogeri Baconi,<\/em> fasc. 2, Oxford. <a href=\"https:\/\/archive.org\/details\/operahactenusine02baco\/page\/n6\" target=\"_blank\" rel=\"noopener\">pdf<\/a><\/span><\/li>\n<li class=\"rtejustify\"><span style=\"font-size: 14px\"><b>OHI.3<\/b>: R. Steele (1911),\u00a0<em>Opera Hactenus Inedita Rogeri Baconi,<\/em> fasc. 3, Oxford. <a href=\"https:\/\/archive.org\/details\/operahactenusine03baco\/page\/n6\" target=\"_blank\" rel=\"noopener\">pdf<\/a><\/span><\/li>\n<li class=\"rtejustify\"><span style=\"font-size: 14px\"><b>OHI.4<\/b>: R. Steele (1913),\u00a0<em>Opera Hactenus Inedita Rogeri Baconi,<\/em> fasc. 4, Oxford. <a href=\"https:\/\/archive.org\/details\/operahactenusine04baco\/page\/n6\" target=\"_blank\" rel=\"noopener\">pdf<\/a><\/span><\/li>\n<li class=\"rtejustify\"><span style=\"font-size: 14px\"><b>OHI.5<\/b>: \u00a0R. Steele (1920),\u00a0<em>Opera Hactenus Inedita Rogeri Baconi,<\/em> fasc. 5, Oxford. <a href=\"https:\/\/archive.org\/details\/operahactenusine05baco\/page\/n6\" target=\"_blank\" rel=\"noopener\">pdf<\/a><\/span><\/li>\n<li class=\"rtejustify\"><span style=\"font-size: 14px\"><b>OHI.6<\/b>: R. Steele (1926), <em>Opera hactenus inedita Rogeri Baconi<\/em>, fasc. 6, Oxford, (includitur: Compotus Roberti Grossecapitis. Massa compoti Alexandri de Villa Dei). <a href=\"https:\/\/archive.org\/details\/b24877037_0006\/page\/n8\" target=\"_blank\" rel=\"noopener\">pdf<\/a><\/span><\/li>\n<li class=\"rtejustify\"><span style=\"font-size: 14px\"><b>OHI.7<\/b>: R. Steele &#8211; F.M. Delorme (1926), <em>Opera hactenus inedita Rogeri Baconi<\/em>, fasc. 7, Oxford. <a href=\"https:\/\/archive.org\/details\/b24877037_0007\/page\/n4\" target=\"_blank\" rel=\"noopener\">pdf<\/a><\/span><\/li>\n<li class=\"rtejustify\"><span style=\"font-size: 14px\"><b>OHI.8<\/b>: R. Steele &#8211; F.M. Delorme (1928), <em>Opera hactenus inedita Rogeri Baconi<\/em>, fasc. 8, Oxford.<\/span><\/li>\n<li class=\"rtejustify\"><span style=\"font-size: 14px\"><b>OHI.9<\/b>: A.G. Little &#8211; E. Withington (1928), <em>Opera hactenus inedita Rogeri Baconis<\/em>, fasc. 9, Oxford.<\/span><\/li>\n<li class=\"rtejustify\"><span style=\"font-size: 14px\"><b>OHI.10: <\/b>\u00a0R. Steele &#8211; F.M. Delorme (1930), <em>Opera hactenus inedita Rogeri Baconi<\/em>, fasc. 10, Oxford. <a href=\"https:\/\/archive.org\/details\/operahactenusine10baco\/page\/n6\" target=\"_blank\" rel=\"noopener\">pdf<\/a><\/span><\/li>\n<li class=\"rtejustify\"><span style=\"font-size: 14px\"><b>OHI.11<\/b>: R. Steele &#8211; F.M. Delorme (1932), <em>Opera hactenus inedita Rogeri Baconi<\/em>, fasc. 11, Oxford.<\/span><\/li>\n<li class=\"rtejustify\"><span style=\"font-size: 14px\"><b>OHI.12<\/b>: R. Steele &#8211; F.M. Delorme (1935), <em>Opera hactenus inedita Rogeri Baconi<\/em>, fasc. 12, Oxford. <a href=\"https:\/\/archive.org\/details\/b24877037_0012\/page\/n6\" target=\"_blank\" rel=\"noopener\">pdf<\/a><\/span><\/li>\n<li class=\"rtejustify\"><span style=\"font-size: 14px\"><b>OHI.13<\/b>: F.M. Delorme &#8211; R. Steele (1935), <em>Opera hactenus inedita Rogeri Baconi,<\/em> fasc. 13, Oxford. <a href=\"https:\/\/archive.org\/details\/b24877037_0013\/page\/n4\" target=\"_blank\" rel=\"noopener\">pdf<\/a><\/span><\/li>\n<li class=\"rtejustify\"><span style=\"font-size: 14px\"><b>OHI.14<\/b>: R. Steele (1937), <em>Opera hactenus inedita Rogeri Baconi<\/em>, fasc. 14, Oxford. <a href=\"https:\/\/archive.org\/details\/b24877037_0014\/page\/n6\" target=\"_blank\" rel=\"noopener\">pdf<\/a><\/span><\/li>\n<li class=\"rtejustify\"><span style=\"font-size: 14px\"><b>OHI.15<\/b>: R. Steele (1940), <em>Opera hactenus inedita Rogeri Baconi,<\/em> fasc. 15, Oxford. <a href=\"https:\/\/archive.org\/details\/operahactenusine15baco\/page\/n6\" target=\"_blank\" rel=\"noopener\">pdf<\/a><\/span><\/li>\n<li class=\"rtejustify\"><span style=\"font-size: 14px\"><b>OHI.16<\/b>: R. Steele (1940), <em>Opera hactenus inedita Rogeri Baconi,<\/em> fasc. 16, Oxford. <a href=\"https:\/\/archive.org\/details\/b24877037_0016\/page\/n4\" target=\"_blank\" rel=\"noopener\">pdf<\/a><\/span><\/li>\n<li class=\"rtejustify\"><span style=\"font-size: 14px\"><strong>OQHI<\/strong>: J.S. Brewer (1859), <em>Opera quaedam hactenus inedita Fr. Rogeri Bacon<\/em>, London.<a href=\"https:\/\/archive.org\/details\/frrogeribaconop00baco\/page\/n16\" target=\"_blank\" rel=\"noopener\">pdf<\/a><\/span><\/li>\n<li class=\"rtejustify\"><span style=\"font-size: 14px\"><b>Rashdall (1911)<\/b>: H. Rashdall (1911), <em>Compendium studii theologiae, una cum appendice de operibus Rogeri Bacon edita per A.G. Little<\/em>, Aberdoniae: British Society of Franciscan Studies 3, Oxford.<\/span><\/li>\n<li class=\"rtejustify\"><span style=\"font-size: 14px\"><b>Sarton (1975)<\/b>: G. Sarton (1975), <em>Introduction to the History of Science<\/em>, vol. II, part. II, New York (esp. 952-967).<\/span><\/li>\n<li class=\"rtejustify\"><span style=\"font-size: 14px\"><b>Sharpe (2012)<\/b> (1a ed. 1997): Sharpe, R. (2012), <em>A Handlist of the Latin Writers of Great Britain and Ireland before 1540<\/em>. Additions and Corrections = Richard Sharpe A Handlist of the Latin Writers of Great Britain and Ireland before 1540. With Addictions and Corrections Turnhout 2012, pp. 913-946 (Publications of the Journal of Medieval Latin 1)<\/span><\/li>\n<li class=\"rtejustify\"><span style=\"font-size: 14px\"><b>SISMEL-Mirabile; <a href=\"http:\/\/www.mirabileweb.it\/\" target=\"_blank\" rel=\"noopener\">catalogo on-line.<\/a><\/b><\/span><\/li>\n<\/ul>\n<p class=\"rtejustify\"><span style=\"font-size: 14px\">(autor: \u00d3scar de la Cruz. Actualizado el 22.10.2019)<\/span><\/p>\n","protected":false},"excerpt":{"rendered":"<p>Bale (1557-1559): Bale, J. (1557-1559), Scriptorum illustrium maioris Britanniae catalogus, 2 vols., Basileae. Bale (1902): Bale, J. (1902), Index Britanniae scriptorum. John Bale&#8217;s Index of British and Other Writers, R. Lane Poole &#8211; M. Bates (eds.), Oxford. Bernardini &#8211; Rodolfi (2014): Bernardini, Paola &#8211; Rodolfi, Anna (eds.) (2014), Roger Bacon&#8217;s Communia Naturalium. A 13th Century [&hellip;]<\/p>\n","protected":false},"author":20,"featured_media":0,"parent":0,"menu_order":0,"comment_status":"closed","ping_status":"closed","template":"","meta":{"footnotes":""},"class_list":["post-113","page","type-page","status-publish","hentry"],"_links":{"self":[{"href":"https:\/\/webs.uab.cat\/rogerbacon\/wp-json\/wp\/v2\/pages\/113","targetHints":{"allow":["GET"]}}],"collection":[{"href":"https:\/\/webs.uab.cat\/rogerbacon\/wp-json\/wp\/v2\/pages"}],"about":[{"href":"https:\/\/webs.uab.cat\/rogerbacon\/wp-json\/wp\/v2\/types\/page"}],"author":[{"embeddable":true,"href":"https:\/\/webs.uab.cat\/rogerbacon\/wp-json\/wp\/v2\/users\/20"}],"replies":[{"embeddable":true,"href":"https:\/\/webs.uab.cat\/rogerbacon\/wp-json\/wp\/v2\/comments?post=113"}],"version-history":[{"count":1,"href":"https:\/\/webs.uab.cat\/rogerbacon\/wp-json\/wp\/v2\/pages\/113\/revisions"}],"predecessor-version":[{"id":208,"href":"https:\/\/webs.uab.cat\/rogerbacon\/wp-json\/wp\/v2\/pages\/113\/revisions\/208"}],"wp:attachment":[{"href":"https:\/\/webs.uab.cat\/rogerbacon\/wp-json\/wp\/v2\/media?parent=113"}],"curies":[{"name":"wp","href":"https:\/\/api.w.org\/{rel}","templated":true}]}}