{"id":155,"date":"2022-06-17T10:37:13","date_gmt":"2022-06-17T08:37:13","guid":{"rendered":"https:\/\/webs.uab.cat\/saa\/organitzacio\/"},"modified":"2023-02-24T17:33:25","modified_gmt":"2023-02-24T15:33:25","slug":"organitzacio","status":"publish","type":"page","link":"https:\/\/webs.uab.cat\/saa\/organitzacio\/","title":{"rendered":"Organitzaci\u00f3"},"content":{"rendered":"\n<p>El Servei d&#8217;An\u00e0lisis Arqueol\u00f2giques de la UAB s&#8217;organitza en diferents laboratoris de prestacions dels serveis; cadascun dels quals ofereix una \u00e0mplia experi\u00e8ncia en el seu camp d&#8217;actuaci\u00f3, aix\u00ed com els mitjans t\u00e8cnics i humans adequats per a dur-los a terme:<\/p>\n\n\n\n<ol class=\"wp-block-list\"><li>Arqueobot\u00e0nica<\/li><li>Arqueozoologia<\/li><li>Paleoantropologia<\/li><li>An\u00e0lisis d\u2019artefactes<\/li><li>Intervencions arqueol\u00f2giques<\/li><li>Arqueologia quantitativa i aplicacions inform\u00e0tiques<\/li><li>Patrimoni arqueol\u00f2gic<\/li><\/ol>\n","protected":false},"excerpt":{"rendered":"<p>El Servei d&#8217;An\u00e0lisis Arqueol\u00f2giques de la UAB s&#8217;organitza en diferents laboratoris de prestacions dels serveis; cadascun dels quals ofereix una \u00e0mplia experi\u00e8ncia en el seu camp d&#8217;actuaci\u00f3, aix\u00ed com els mitjans t\u00e8cnics i humans adequats per a dur-los a terme: Arqueobot\u00e0nica Arqueozoologia Paleoantropologia An\u00e0lisis d\u2019artefactes Intervencions arqueol\u00f2giques Arqueologia quantitativa i aplicacions inform\u00e0tiques Patrimoni arqueol\u00f2gic<\/p>\n","protected":false},"author":20,"featured_media":0,"parent":0,"menu_order":0,"comment_status":"closed","ping_status":"closed","template":"","meta":{"footnotes":""},"class_list":["post-155","page","type-page","status-publish","hentry"],"_links":{"self":[{"href":"https:\/\/webs.uab.cat\/saa\/wp-json\/wp\/v2\/pages\/155","targetHints":{"allow":["GET"]}}],"collection":[{"href":"https:\/\/webs.uab.cat\/saa\/wp-json\/wp\/v2\/pages"}],"about":[{"href":"https:\/\/webs.uab.cat\/saa\/wp-json\/wp\/v2\/types\/page"}],"author":[{"embeddable":true,"href":"https:\/\/webs.uab.cat\/saa\/wp-json\/wp\/v2\/users\/20"}],"replies":[{"embeddable":true,"href":"https:\/\/webs.uab.cat\/saa\/wp-json\/wp\/v2\/comments?post=155"}],"version-history":[{"count":2,"href":"https:\/\/webs.uab.cat\/saa\/wp-json\/wp\/v2\/pages\/155\/revisions"}],"predecessor-version":[{"id":510,"href":"https:\/\/webs.uab.cat\/saa\/wp-json\/wp\/v2\/pages\/155\/revisions\/510"}],"wp:attachment":[{"href":"https:\/\/webs.uab.cat\/saa\/wp-json\/wp\/v2\/media?parent=155"}],"curies":[{"name":"wp","href":"https:\/\/api.w.org\/{rel}","templated":true}]}}