{"id":169,"date":"2022-06-22T12:56:25","date_gmt":"2022-06-22T10:56:25","guid":{"rendered":"https:\/\/webs.uab.cat\/saa\/arqueozoologia-2\/"},"modified":"2023-03-07T12:21:01","modified_gmt":"2023-03-07T10:21:01","slug":"arqueozoologia-treballs","status":"publish","type":"page","link":"https:\/\/webs.uab.cat\/saa\/arqueozoologia-treballs\/","title":{"rendered":"Arqueozoologia"},"content":{"rendered":"<ul>\n<li>2022&nbsp;&nbsp; &nbsp; Charpentier, A., Rodrigues. A., Houmard, C., Lefebvre, A<strong>., McGrath, K<\/strong>., Speller, C., van der Sluis, L., Zazzo, A., P\u00e9tillon, J.M. 2022. What\u2019s in a whale bone? Combining new analytical methods, ecology and history to shed light on ancient human-whale interactions. Quaternary Science Reviews. IN REVIEW.<\/li>\n<li>2022&nbsp;&nbsp;&nbsp; Gonz\u00e1lez-Guarda, E.; <strong>Tornero, C<\/strong>. et al., Dietary ecological traits of extinct mammalian herbivores from the last glacial termination at the Pilauco Site, Chile. <em>Quaternary Research<\/em> 1-16. doi:10.1017\/qua.2022.6<\/li>\n<li>2022&nbsp;&nbsp;&nbsp; D\u00edez-Caneco, C.; Aguilera, M.; <strong>Tornero, C<\/strong>. Intra-tooth isotopic analysis (\u03b4<sup>13<\/sup>C &amp; \u03b4<sup>15<\/sup>N) of dentine collagen in high-crowned teeth: a new experimental study with modern sheep specimens, <em>International Journal of Osteoarchaeology<\/em> (in press)<\/li>\n<li>2022&nbsp;&nbsp;&nbsp; del Valle, H.; C\u00e1ceres, I.; <strong>Tornero, C<\/strong>. et al., ATR-FTIR to distinguish Holocene fumier facies. A perspective from bone diagenesis at El Mirador cave (Sierra de Atapuerca, Spain), <em>Journal of Archaeological Sciences<\/em> 141:105582.<\/li>\n<li>2021&nbsp;&nbsp; <strong>Sa\u00f1a, M., Navarrete, V<\/strong>., Ferratges, E. Animal Resources, Foodways and Cooking Practices during the Neolithic in the Western Mediterranean. An Integrated Archaeozoological Approach. Food &amp; History, Vol. 19.1-2.<\/li>\n<li>2021&nbsp;&nbsp; &nbsp; Toso, A., Schifano, S., Oxborough, C., <strong>McGrath, K<\/strong>., Spindler, L., Castro, A., Evangelista, L., Filipe, V., Gon\u00e7alves, M.J., Marques, A., Mendes da Silva, I., Santos, R., Valente, M.J., McCleery, I., Alexander, M. 2021. Beyond faith: Biomolecular evidence for changing urban economies in multi-faith medieval Portugal. Am J Phys Anthropol. 2021:1\u201315 3.<\/li>\n<li>2021&nbsp;&nbsp;&nbsp; Danneels, B., Viruel, J., <strong>McGrath, K<\/strong>., Janssens, S.B., Wales, N., Wilkin, P., Carlier, A. Patterns of transmission and horizontal gene transfer in the Dioscorea sansibarensis leaf symbiosis revealed by whole genome sequencing. Current Biology. 31(12):2666-2673.<\/li>\n<li>2021&nbsp;&nbsp; &nbsp; Bondetti, M., Gonz\u00e1lez Carretero, L., Dolbunova, E., <strong>McGrath, K.,<\/strong> Presslee, S., Lucquin, A., Tsybriy, V., Mazurkevich, A., Tsybriy, A., Jordan, P., Heron, C., Meadows, J., Craig, O.E. 2021. Neolithic farmers or Neolithic foragers? Organic residue analysis of early pottery from Rakushechny Yar on the Lower Don (Russia). Archaeol Anthropol Sci. 13(141).<\/li>\n<li>2021&nbsp;&nbsp;&nbsp; Runge, A.K., Hendy, J., Korzow Richter, K., Masson-Maclean, E., Britton, K., Mackie, M., <strong>McGrath, K.,<\/strong> Collins, M., Cappellini, E., Speller, C. Palaeoproteomic analyses of dog palaeofaeces reveal a preserved dietary and host digestive proteome. Proc R Soc B. 288(1954): 20210020<\/li>\n<li>2021&nbsp;&nbsp; Cucchi, T., Domont, A., Harbers, H., Evin, A., <strong>Alc\u00e0ntara, A.; Sa\u00f1a<\/strong>, M., Leduc, C., Guidez, A.,Bridault, A., Hongo, H., Price, M., Peters, J., Briois, J.,Guilaine, J., Vigne, J.-D. Bones geometric morphometrics illustrate 10th millennium cal. BP domestication of autochthonous Cypriot wild boar (Sus scrofa circeus nov. ssp). Sci Rep 11, 19243 (2021). https:\/\/doi.org\/10.1038\/s41598-021-96921-4, IF: 4.379; Q1<\/li>\n<li>2021&nbsp;&nbsp;&nbsp;&nbsp;&nbsp; Tejedor, C.; Moreno, M.; <strong>Tornero, C.<\/strong>; et al., Investigating Neolithic caprine husbandry in the Central Pyrenees: Insights from a multi-proxy study at Els Trocs cave (Bisaurri, Spain), <em>PLoS ONE<\/em> 16(1): e0244139.<\/li>\n<li>2021 Mart\u00edn, P.; <strong>Tornero, C<\/strong>.; Salazar-Garc\u00eda, D.; Verg\u00e9s, J.M. 2021. Early sheep herd management in the inland of the Iberian Peninsula: results of the incremental isotopic analyses of dental remains from El Mirador cave (Sierra de Atapuerca, Spain), <em>Archaeological and Anthropological Sciences<\/em>, 13:99.<\/li>\n<li>2021&nbsp;&nbsp;&nbsp; <strong>Sierra, A<\/strong>.; Balasse, M.; Rivals, F.; Fiorillo, D.; Utrilla, P.; <strong>Sa\u00f1a, M.<\/strong> Sheep husbandry in the Early Neolithic of the Pyrenees: new data on feeding and reproduction in the cave of Chaves. Journal Archaeological Science: Reports 37, 102935<\/li>\n<li>2020&nbsp;&nbsp;&nbsp; <strong>Sierra, A.;<\/strong> Merino, G. O.; Rivals, F.; <strong>Sa\u00f1a, M.<\/strong> (2020). Feeding practices and management of domestic mammals during the Neolithic in the Iberian Peninsula through dental microwear. Historical Biology. DOI: https:\/\/doi.org\/10.1080\/08912963.2020.1860957<\/li>\n<li>2020 <strong>&nbsp;&nbsp;&nbsp;&nbsp; Tornero, C.,<\/strong> Balasse, M.; Br\u00e9hard, S.; Carr\u00e8re, I.; Fiorillo D.; et al. Early evidence of sheep lambing de-seasoning in the Western Mediterranean in the sixth millennium BCE. <em>Scientific Reports<\/em> 10:12798. (SCI: 4.011)<\/li>\n<li>2020&nbsp;&nbsp;&nbsp;&nbsp;&nbsp; Rivals, F. &amp; <strong>Tornero, C<\/strong>. High resolution analyses of large mammal\u2019s dental remains: Broadening horizons, <em>Quaternary International<\/em>, 557:1-2.<\/li>\n<li>2020 &nbsp;&nbsp;&nbsp;&nbsp; Sa\u00f1a, M.; Antol\u00edn, F, Alc\u00e1ntara, R.; Sierra, A.; <strong>Tornero, C<\/strong>. Integrating domesticates: earliest farming experiences in the Iberian Peninsula. In: Gron KJ, Rowley-Conwy P, S\u00f8rensen L, editors. Farmers at the Frontier: A Pan-European Perspective on Neolithisation. Oxford: Oxbow Books; 2020. p. 161\u201375.<\/li>\n<li>2019 &nbsp;&nbsp;&nbsp;&nbsp; Ram\u00edrez, I.; <strong>Tornero, C.<\/strong>; Pappa, S. et al., Microwear and isotopic analyses on cave bear remains from Toll Cave reveal both short-term and long-term dietary habits. <em>Scientific Reports<\/em>, 5716. (SCI: 4.011)<\/li>\n<li>2019 &nbsp;&nbsp;&nbsp;&nbsp; Navarrete, V.; <strong>Tornero, C.<\/strong> et al., Food management of early introduced caprine and bovine herds in the early Neolithic site of La Draga (Banyoles): An isotopic approach. <em>Int J Osteoarchaeol.<\/em> 29:6:986-988. (SCI: 1.038)<\/li>\n<li>2019&nbsp;&nbsp; Fossile, T., Ferreira, J., Bandeira, DR., da Silva, S.D., <strong>Colonese, A.C<\/strong>. Integrating zooarchaeology in the conservation of coastal-marine ecosystems in Brazil. Quaternary International, 545, 38-44<\/li>\n<li>2018 &nbsp;&nbsp; <strong>Tornero, C.<\/strong>; Aguilera, M; Ferrio, et al. Vertical movement of modern sheep specimens by stable isotope analyses in bioapatite tooth molars,meteoric water and pastures along the altitudinal gradient: a reference for Ebro valley to the Central Pyrenees. <em>Quaternary International<\/em>, 484:94-106. (SCI: 2.128)<\/li>\n<li>2018 &nbsp;&nbsp;&nbsp;&nbsp; Gonz\u00e1lez, E.; Petermann, A.; <strong>Tornero, C.<\/strong> et al., Multiproxy evidence for leaf-browsing and closed habitats in extinct proboscideans (Mammalia, Proboscidea) from Central Chile. <em>Proceedings of the National Academy of Sciences<\/em> (PNAS) USA 11, 115 (37) 9258-9263. (SCI: 9.580)<\/li>\n<li>2017 &nbsp;&nbsp;&nbsp;&nbsp; Gonz\u00e1lez, E.; Domingo, L.; <strong>Tornero, C.<\/strong> et al., Late Pleistocene ecological, environmental and climatic reconstruction based on megafauna stable isotopes from Northwestern Chilean Patagonia. <em>Quaternary Science Review<\/em>, 170:15:188-202. (SCI: 4.641)<\/li>\n<li>2017 &nbsp;&nbsp;&nbsp;&nbsp; Balasse, M.; Tresset, A.; Balasescu, A.;<strong> Tornero, C.<\/strong>; et al., Animal Board Invited Review: Sheep birth distribution in past herds: a review for prehistoric Europe (6th to 3rd millennia BC). <em>Animal, Journal of Animal Bioscience <\/em>11:12:2229-2236. (SCI: 2.223)<\/li>\n<li>2017 &nbsp;&nbsp;&nbsp;&nbsp; Balasse, M.; Balasescu, R.; <strong>Tornero, C.<\/strong> et al., Investigating the scale of herding in Chalcolithic pastoral communities settled along the Danube River in the 5th millennium BC: A case study at Bordu\u015fani-Popin\u0103 and H\u00e2r\u015fova-tell (Romania). <em>Quaternary International<\/em>, 436: B:29-40. (SCI: 2.128)<\/li>\n<li>2017 Tornero<strong>, C.<\/strong> Balasse, M.; Ughetto-Monfrin, J.; Molist, M.; <strong>Sa\u00f1a, M<\/strong>. Evaluating seasonality of birth in gazelles in the Middle Euphrates Valley: confirming ethological assumptions in the Abu Hureyra model., In: P. Rowley-Conwy, Dale Serjeanston and Paul Halstead. (Eds). Economic Zooarchaeology. Studies in Hunting, Herding and Early Agriculture (Essays in Memory of T. Legge &#8211; Hunter, Fisherman, Fowler and Zooarchaeologist). Oxbow, Oxford (UK); pp. 173-182.<\/li>\n<li>2017&nbsp;&nbsp; Navarrete<strong>, V.; Colonese, A.; Tornero, C<\/strong><strong>. <\/strong>Balasse, M.; <strong>Sa\u00f1a, M<\/strong>. Feeding Management Strategies among the Early Neolithic Pigs in the NE of the Iberian Peninsula. <em>Int J Osteoarchaeol,<\/em> 27:5:839-852. (SCI: 1.038)<\/li>\n<\/ul>\n","protected":false},"excerpt":{"rendered":"<p>2022&nbsp;&nbsp; &nbsp; Charpentier, A., Rodrigues. A., Houmard, C., Lefebvre, A., McGrath, K., Speller, C., van der Sluis, L., Zazzo, A., P\u00e9tillon, J.M. 2022. What\u2019s in a whale bone? Combining new analytical methods, ecology and history to shed light on ancient human-whale interactions. Quaternary Science Reviews. IN REVIEW. 2022&nbsp;&nbsp;&nbsp; Gonz\u00e1lez-Guarda, E.; Tornero, C. et al., Dietary [&hellip;]<\/p>\n","protected":false},"author":20,"featured_media":0,"parent":0,"menu_order":0,"comment_status":"closed","ping_status":"closed","template":"","meta":{"footnotes":""},"class_list":["post-169","page","type-page","status-publish","hentry"],"_links":{"self":[{"href":"https:\/\/webs.uab.cat\/saa\/wp-json\/wp\/v2\/pages\/169","targetHints":{"allow":["GET"]}}],"collection":[{"href":"https:\/\/webs.uab.cat\/saa\/wp-json\/wp\/v2\/pages"}],"about":[{"href":"https:\/\/webs.uab.cat\/saa\/wp-json\/wp\/v2\/types\/page"}],"author":[{"embeddable":true,"href":"https:\/\/webs.uab.cat\/saa\/wp-json\/wp\/v2\/users\/20"}],"replies":[{"embeddable":true,"href":"https:\/\/webs.uab.cat\/saa\/wp-json\/wp\/v2\/comments?post=169"}],"version-history":[{"count":2,"href":"https:\/\/webs.uab.cat\/saa\/wp-json\/wp\/v2\/pages\/169\/revisions"}],"predecessor-version":[{"id":599,"href":"https:\/\/webs.uab.cat\/saa\/wp-json\/wp\/v2\/pages\/169\/revisions\/599"}],"wp:attachment":[{"href":"https:\/\/webs.uab.cat\/saa\/wp-json\/wp\/v2\/media?parent=169"}],"curies":[{"name":"wp","href":"https:\/\/api.w.org\/{rel}","templated":true}]}}