{"id":170,"date":"2022-06-22T12:58:59","date_gmt":"2022-06-22T10:58:59","guid":{"rendered":"https:\/\/webs.uab.cat\/saa\/paleoantropologia-2\/"},"modified":"2023-03-07T12:20:47","modified_gmt":"2023-03-07T10:20:47","slug":"paleoantropologia-treballs","status":"publish","type":"page","link":"https:\/\/webs.uab.cat\/saa\/paleoantropologia-treballs\/","title":{"rendered":"Paleoantropologia"},"content":{"rendered":"<ul>\n<li>Estudi bioarqueol\u00f2gic de les tombes arg\u00e0riques de Monteagudo (M\u00farcia). En proc\u00e9s d\u2019estudi.<\/li>\n<li>Col\u00b7laboraci\u00f3 en la excavaci\u00f3 de la necr\u00f2polis de Santiga (Santa Perp\u00e8tua de la Mogoda) amb Estrats S.L.<\/li>\n<li>Desmuntatge i muntatge osteol\u00f2gic de les vitrines funer\u00e0ries de la sala \u201cL\u2019estat arg\u00e0ric. Una societat diferent\u201d del Museu Arqueol\u00f2gic de Catalunya (Barcelona).<\/li>\n<li>Estudi de les restes \u00f2ssies i dentals humanes de la necr\u00f2polis romana de la Vinya del Fuster (Viladamat, Alt Empord\u00e0). Amb la participaci\u00f3 de l\u2019arque\u00f2loga Lorena Ju\u00e1rez P\u00e9rez (treball de m\u00e0ster en Antropologia Biol\u00f2gica \u2013UB).<\/li>\n<li>Estudi antropol\u00f2gic del cementeri de San Juan de Dios (Murcia).<\/li>\n<li>Estudi de les restes humanes procedents de la naveta de ses Arenes de Baix, Ciutadella, Menorca. En proc\u00e9s d\u2019estudi.<\/li>\n<li>Estudi bioarqueol\u00f2gic de les restes humanes de l&#8217;hipogeu del Carrer Miquel Vives (Terrassa, Vall\u00e8s Occidental).<\/li>\n<li>Estudi osteol\u00f2gic de la U.E.3308, esquelet nounat d\u2019\u00e8poca ib\u00e8rica (Sant Juli\u00e0 de Ramis).<\/li>\n<li>Estudi bioarqueol\u00f2gic de les restes \u00f2ssies humanes d\u2019\u00e8poca romana del Collet Est de Sant Antoni de Calonge (Girona).<\/li>\n<li>Estudi antropol\u00f2gic de la necr\u00f2polis medieval de Can Branques (Oris, Osona). Amb la participaci\u00f3 de l\u2019arque\u00f2loga Alicia Casas.<\/li>\n<li>Estudi de les restes humanes procedents de la Cova des Mussol, Ciutadella, Menorca.<\/li>\n<li>Estudi de les restes humanes procedents de la necr\u00f2polis talai\u00f2tica de la Cova d&#8217;Es C\u00e0rritx, Ciutadella, Menorca.<\/li>\n<li>Estudi de les restes humanes procedents de la necr\u00f2polis arg\u00e0rica del nucli urb\u00e0 de la ciutat de Lorca, M\u00farcia.<\/li>\n<li>Estudi de les restes humanes procedents del jaciment Cerro de la Virtud (Herrer\u00edas,Almeria).<\/li>\n<li>Estudi de les restes humanes procedents de la necr\u00f2polis arg\u00e0rica d&#8217;El Picacho (Oria,Almeria).<\/li>\n<li>Inventari i mostreig de les col\u00b7leccions osteoantropol\u00f2giques de l\u2019Edat del Bronze, procedents de les excavacions de L. Siret, al sud-est peninsular i dipositades als museus de Brussel\u00b7les (Mus\u00e9es Royaux d&#8217;Art et d&#8217;Histoire), Almeria (Museo Arqueol\u00f3gico) i Madrid (Museo Arqueol\u00f3gico Nacional).<\/li>\n<li>L\u2019excavaci\u00f3 i l\u2019estudi de les col\u00b7leccions osteol\u00f2giques procedents de les excavacions que es duen a terme al jaciment arqueol\u00f2gic de Gatas (Turre, Almeria).<\/li>\n<\/ul>\n","protected":false},"excerpt":{"rendered":"<p>Estudi bioarqueol\u00f2gic de les tombes arg\u00e0riques de Monteagudo (M\u00farcia). En proc\u00e9s d\u2019estudi. Col\u00b7laboraci\u00f3 en la excavaci\u00f3 de la necr\u00f2polis de Santiga (Santa Perp\u00e8tua de la Mogoda) amb Estrats S.L. Desmuntatge i muntatge osteol\u00f2gic de les vitrines funer\u00e0ries de la sala \u201cL\u2019estat arg\u00e0ric. Una societat diferent\u201d del Museu Arqueol\u00f2gic de Catalunya (Barcelona). Estudi de les restes [&hellip;]<\/p>\n","protected":false},"author":2559,"featured_media":0,"parent":0,"menu_order":0,"comment_status":"closed","ping_status":"closed","template":"","meta":{"footnotes":""},"class_list":["post-170","page","type-page","status-publish","hentry"],"_links":{"self":[{"href":"https:\/\/webs.uab.cat\/saa\/wp-json\/wp\/v2\/pages\/170","targetHints":{"allow":["GET"]}}],"collection":[{"href":"https:\/\/webs.uab.cat\/saa\/wp-json\/wp\/v2\/pages"}],"about":[{"href":"https:\/\/webs.uab.cat\/saa\/wp-json\/wp\/v2\/types\/page"}],"author":[{"embeddable":true,"href":"https:\/\/webs.uab.cat\/saa\/wp-json\/wp\/v2\/users\/2559"}],"replies":[{"embeddable":true,"href":"https:\/\/webs.uab.cat\/saa\/wp-json\/wp\/v2\/comments?post=170"}],"version-history":[{"count":3,"href":"https:\/\/webs.uab.cat\/saa\/wp-json\/wp\/v2\/pages\/170\/revisions"}],"predecessor-version":[{"id":598,"href":"https:\/\/webs.uab.cat\/saa\/wp-json\/wp\/v2\/pages\/170\/revisions\/598"}],"wp:attachment":[{"href":"https:\/\/webs.uab.cat\/saa\/wp-json\/wp\/v2\/media?parent=170"}],"curies":[{"name":"wp","href":"https:\/\/api.w.org\/{rel}","templated":true}]}}

<ul>
<li>Estudi bioarqueològic de les tombes argàriques de Monteagudo (Múrcia). En procés d’estudi.</li>
<li>Col·laboració en la excavació de la necròpolis de Santiga (Santa Perpètua de la Mogoda) amb Estrats S.L.</li>
<li>Desmuntatge i muntatge osteològic de les vitrines funeràries de la sala “L’estat argàric. Una societat diferent” del Museu Arqueològic de Catalunya (Barcelona).</li>
<li>Estudi de les restes òssies i dentals humanes de la necròpolis romana de la Vinya del Fuster (Viladamat, Alt Empordà). Amb la participació de l’arqueòloga Lorena Juárez Pérez (treball de màster en Antropologia Biològica –UB).</li>
<li>Estudi antropològic del cementeri de San Juan de Dios (Murcia).</li>
<li>Estudi de les restes humanes procedents de la naveta de ses Arenes de Baix, Ciutadella, Menorca. En procés d’estudi.</li>
<li>Estudi bioarqueològic de les restes humanes de l&#8217;hipogeu del Carrer Miquel Vives (Terrassa, Vallès Occidental).</li>
<li>Estudi osteològic de la U.E.3308, esquelet nounat d’època ibèrica (Sant Julià de Ramis).</li>
<li>Estudi bioarqueològic de les restes òssies humanes d’època romana del Collet Est de Sant Antoni de Calonge (Girona).</li>
<li>Estudi antropològic de la necròpolis medieval de Can Branques (Oris, Osona). Amb la participació de l’arqueòloga Alicia Casas.</li>
<li>Estudi de les restes humanes procedents de la Cova des Mussol, Ciutadella, Menorca.</li>
<li>Estudi de les restes humanes procedents de la necròpolis talaiòtica de la Cova d&#8217;Es Càrritx, Ciutadella, Menorca.</li>
<li>Estudi de les restes humanes procedents de la necròpolis argàrica del nucli urbà de la ciutat de Lorca, Múrcia.</li>
<li>Estudi de les restes humanes procedents del jaciment Cerro de la Virtud (Herrerías,Almeria).</li>
<li>Estudi de les restes humanes procedents de la necròpolis argàrica d&#8217;El Picacho (Oria,Almeria).</li>
<li>Inventari i mostreig de les col·leccions osteoantropològiques de l’Edat del Bronze, procedents de les excavacions de L. Siret, al sud-est peninsular i dipositades als museus de Brussel·les (Musées Royaux d&#8217;Art et d&#8217;Histoire), Almeria (Museo Arqueológico) i Madrid (Museo Arqueológico Nacional).</li>
<li>L’excavació i l’estudi de les col·leccions osteològiques procedents de les excavacions que es duen a terme al jaciment arqueològic de Gatas (Turre, Almeria).</li>
</ul>

<p>Estudi bioarqueològic de les tombes argàriques de Monteagudo (Múrcia). En procés d’estudi. Col·laboració en la excavació de la necròpolis de Santiga (Santa Perpètua de la Mogoda) amb Estrats S.L. Desmuntatge i muntatge osteològic de les vitrines funeràries de la sala “L’estat argàric. Una societat diferent” del Museu Arqueològic de Catalunya (Barcelona). Estudi de les restes [&hellip;]</p>
