{"id":203,"date":"2022-06-29T12:17:14","date_gmt":"2022-06-29T10:17:14","guid":{"rendered":"https:\/\/webs.uab.cat\/saa\/analisis-morfometriques\/"},"modified":"2023-03-02T08:57:58","modified_gmt":"2023-03-02T06:57:58","slug":"analisis-morfometriques","status":"publish","type":"page","link":"https:\/\/webs.uab.cat\/saa\/analisis-morfometriques\/","title":{"rendered":"Analisis Morfom\u00e8triques"},"content":{"rendered":"\n<div class=\"wp-block-columns is-layout-flex wp-container-core-columns-is-layout-9d6595d7 wp-block-columns-is-layout-flex\">\n<div class=\"wp-block-column is-layout-flow wp-block-column-is-layout-flow\" style=\"flex-basis:66.66%\">\n<p>En aquest tipus d\u2019an\u00e0lisi es realitza una valoraci\u00f3n tecno-tipol\u00f2gica global dels aspectes m\u00e8trics i morfol\u00f2gics dels artefactes de cara a la seva caracteritzaci\u00f3 tipol\u00f3gica de conjunts arqueol\u00f2gics. Amb aquesta finalitat s\u2019ofereix:<\/p>\n\n\n\n<p><\/p>\n\n\n\n<p><\/p>\n\n\n\n<p><\/p>\n\n\n\n<ol class=\"wp-block-list\"><li>Realitzaci\u00f3 de l\u2019inventari de conjunts artefactuals<\/li><li>Processament de dades mitjan\u00e7ant diversos programes estad\u00edstics per a PC i Mac (SPSS, Statview, etc.)<\/li><li>Establiment de sistemes tipol\u00f2gics espec\u00edfics<\/li><\/ol>\n<\/div>\n\n\n\n<div class=\"wp-block-column is-layout-flow wp-block-column-is-layout-flow\" style=\"flex-basis:33.33%\"><div class=\"wp-block-image\">\n<figure class=\"alignright size-full is-resized\"><img loading=\"lazy\" decoding=\"async\" src=\"https:\/\/webs.uab.cat\/saa\/wp-content\/uploads\/sites\/347\/2023\/03\/morfo.jpg\" alt=\"\" class=\"wp-image-547\" width=\"248\" height=\"442\" srcset=\"https:\/\/webs.uab.cat\/saa\/wp-content\/uploads\/sites\/347\/2023\/03\/morfo.jpg 330w, https:\/\/webs.uab.cat\/saa\/wp-content\/uploads\/sites\/347\/2023\/03\/morfo-168x300.jpg 168w\" sizes=\"auto, (max-width: 248px) 100vw, 248px\" \/><\/figure>\n<\/div><\/div>\n<\/div>\n\n\n\n<p><\/p>\n\n\n<div class=\"wp-block-image\">\n<figure class=\"aligncenter size-full is-resized\"><a href=\"https:\/\/webs.uab.cat\/analisis\"><img loading=\"lazy\" decoding=\"async\" src=\"https:\/\/webs.uab.cat\/saa\/wp-content\/uploads\/sites\/347\/2023\/03\/93634.png\" alt=\"\" class=\"wp-image-531\" width=\"57\" height=\"57\" srcset=\"https:\/\/webs.uab.cat\/saa\/wp-content\/uploads\/sites\/347\/2023\/03\/93634.png 512w, https:\/\/webs.uab.cat\/saa\/wp-content\/uploads\/sites\/347\/2023\/03\/93634-300x300.png 300w, https:\/\/webs.uab.cat\/saa\/wp-content\/uploads\/sites\/347\/2023\/03\/93634-150x150.png 150w\" sizes=\"auto, (max-width: 57px) 100vw, 57px\" \/><\/a><\/figure>\n<\/div>\n\n\n<p class=\"has-text-align-center\"><\/p>\n","protected":false},"excerpt":{"rendered":"<p>En aquest tipus d\u2019an\u00e0lisi es realitza una valoraci\u00f3n tecno-tipol\u00f2gica global dels aspectes m\u00e8trics i morfol\u00f2gics dels artefactes de cara a la seva caracteritzaci\u00f3 tipol\u00f3gica de conjunts arqueol\u00f2gics. Amb aquesta finalitat s\u2019ofereix: Realitzaci\u00f3 de l\u2019inventari de conjunts artefactuals Processament de dades mitjan\u00e7ant diversos programes estad\u00edstics per a PC i Mac (SPSS, Statview, etc.) Establiment de sistemes [&hellip;]<\/p>\n","protected":false},"author":20,"featured_media":201,"parent":0,"menu_order":0,"comment_status":"closed","ping_status":"closed","template":"","meta":{"footnotes":""},"class_list":["post-203","page","type-page","status-publish","has-post-thumbnail","hentry"],"_links":{"self":[{"href":"https:\/\/webs.uab.cat\/saa\/wp-json\/wp\/v2\/pages\/203","targetHints":{"allow":["GET"]}}],"collection":[{"href":"https:\/\/webs.uab.cat\/saa\/wp-json\/wp\/v2\/pages"}],"about":[{"href":"https:\/\/webs.uab.cat\/saa\/wp-json\/wp\/v2\/types\/page"}],"author":[{"embeddable":true,"href":"https:\/\/webs.uab.cat\/saa\/wp-json\/wp\/v2\/users\/20"}],"replies":[{"embeddable":true,"href":"https:\/\/webs.uab.cat\/saa\/wp-json\/wp\/v2\/comments?post=203"}],"version-history":[{"count":2,"href":"https:\/\/webs.uab.cat\/saa\/wp-json\/wp\/v2\/pages\/203\/revisions"}],"predecessor-version":[{"id":551,"href":"https:\/\/webs.uab.cat\/saa\/wp-json\/wp\/v2\/pages\/203\/revisions\/551"}],"wp:featuredmedia":[{"embeddable":true,"href":"https:\/\/webs.uab.cat\/saa\/wp-json\/wp\/v2\/media\/201"}],"wp:attachment":[{"href":"https:\/\/webs.uab.cat\/saa\/wp-json\/wp\/v2\/media?parent=203"}],"curies":[{"name":"wp","href":"https:\/\/api.w.org\/{rel}","templated":true}]}}