{"id":120,"date":"2022-07-14T13:48:27","date_gmt":"2022-07-14T11:48:27","guid":{"rendered":"https:\/\/webs.uab.cat\/salutcomunitaria\/?page_id=120"},"modified":"2022-07-14T13:48:41","modified_gmt":"2022-07-14T11:48:41","slug":"cas-estudi","status":"publish","type":"page","link":"https:\/\/webs.uab.cat\/salutcomunitaria\/cas-estudi\/","title":{"rendered":"Estudis de cas"},"content":{"rendered":"\n<div class=\"wp-block-query is-layout-flow wp-block-query-is-layout-flow\"><ul class=\"wp-block-post-template is-layout-flow wp-block-post-template-is-layout-flow\"><li class=\"wp-block-post post-17 post type-post status-publish format-standard has-post-thumbnail hentry category-cas-estudi\">\n<h2 class=\"wp-block-post-title\"><a href=\"https:\/\/webs.uab.cat\/salutcomunitaria\/2019\/10\/02\/a-roquetes-fan-saluti-la-salut-fa-barri\/\" target=\"_self\" >A Roquetes fan salut\u2026i la salut fa barri<\/a><\/h2>\n\n<figure class=\"alignwide wp-block-post-featured-image\"><a href=\"https:\/\/webs.uab.cat\/salutcomunitaria\/2019\/10\/02\/a-roquetes-fan-saluti-la-salut-fa-barri\/\" target=\"_self\"  ><img loading=\"lazy\" decoding=\"async\" width=\"352\" height=\"230\" src=\"https:\/\/webs.uab.cat\/salutcomunitaria\/wp-content\/uploads\/sites\/38\/2019\/10\/Salut-Comunitaria_0007_Roquetes-02-352x230-1.jpg\" class=\"attachment-post-thumbnail size-post-thumbnail wp-post-image\" alt=\"A Roquetes fan salut\u2026i la salut fa barri\" style=\"object-fit:cover;\" srcset=\"https:\/\/webs.uab.cat\/salutcomunitaria\/wp-content\/uploads\/sites\/38\/2019\/10\/Salut-Comunitaria_0007_Roquetes-02-352x230-1.jpg 352w, https:\/\/webs.uab.cat\/salutcomunitaria\/wp-content\/uploads\/sites\/38\/2019\/10\/Salut-Comunitaria_0007_Roquetes-02-352x230-1-300x196.jpg 300w\" sizes=\"auto, (max-width: 352px) 100vw, 352px\" \/><\/a><\/figure>\n\n<div class=\"wp-block-post-excerpt\"><p class=\"wp-block-post-excerpt__excerpt\">Al barri de Roquetes de Barcelona des de fa m\u00e9s d\u2019una d\u00e8cada que la comunitat s\u2019organitza per fer salut. Sota el paraig\u00fces del\u00a0Pla de Desenvolupament Comunitari, ve\u00efnat, entitats i professionals de diferents \u00e0mbits construeixen un barri m\u00e9s saludable. A Roquetes tenen clar que la salut \u00e9s comunit\u00e0ria i que est\u00e0 condicionada per molts determinants socials&hellip; <\/p><\/div>\n\n\n<hr class=\"wp-block-separator has-css-opacity\"\/>\n\n\n<div class=\"wp-block-post-date\"><time datetime=\"2019-10-02T12:56:41+02:00\">2 d&#8217;octubre de 2019<\/time><\/div>\n<\/li><li class=\"wp-block-post post-10 post type-post status-publish format-standard hentry category-cas-estudi\">\n<h2 class=\"wp-block-post-title\"><a href=\"https:\/\/webs.uab.cat\/salutcomunitaria\/2017\/01\/26\/sintesi-comparada-dels-estudis-de-barris-carmel-poble-sec-roquetes-i-zona-nord\/\" target=\"_self\" >S\u00edntesi comparada dels estudis de barris (Carmel, Poble Sec, Roquetes i Zona Nord)<\/a><\/h2>\n\n\n\n<div class=\"wp-block-post-excerpt\"><p class=\"wp-block-post-excerpt__excerpt\">Presentem un document que compara els resultats dels estudis en profunditat del nostre projecte. Aquests estudis han perm\u00e8s analitzar el desenvolupament de l\u2019acci\u00f3 comunit\u00e0ria en quatre barris de Barcelona: Roquetes, Zona Nord, Carmel i Poble Sec. Els resultats dels estudis espec\u00edfics de cada barri es poden consultar en aquest\u00a0blog. El que presentem en aquest document&hellip; <\/p><\/div>\n\n\n<hr class=\"wp-block-separator has-css-opacity\"\/>\n\n\n<div class=\"wp-block-post-date\"><time datetime=\"2017-01-26T12:51:34+02:00\">26 de gener de 2017<\/time><\/div>\n<\/li><li class=\"wp-block-post post-20 post type-post status-publish format-standard hentry category-cas-estudi\">\n<h2 class=\"wp-block-post-title\"><a href=\"https:\/\/webs.uab.cat\/salutcomunitaria\/2016\/11\/22\/la-lita-i-els-determinants-socials-de-la-salut-al-barri-del-carmel\/\" target=\"_self\" >La Lita i els determinants socials de la salut al barri del Carmel<\/a><\/h2>\n\n\n\n<div class=\"wp-block-post-excerpt\"><p class=\"wp-block-post-excerpt__excerpt\">\u201cLa Lita \u00e9s una dona alegre i decidida que no aparenta tenir setanta-quatre anys. Va arribar al barri del Carmel des d\u2019Extremadura l\u2019any 1950, quan en tenia deu, acompanyada dels pares i de cinc germans\u201d.- aix\u00ed comen\u00e7a l\u2019historia de la Lita, una dona combativa implicada en la salut del seu barri, una d\u2019aquelles dones que&hellip; <\/p><\/div>\n\n\n<hr class=\"wp-block-separator has-css-opacity\"\/>\n\n\n<div class=\"wp-block-post-date\"><time datetime=\"2016-11-22T12:57:02+02:00\">22 de novembre de 2016<\/time><\/div>\n<\/li><\/ul><\/div>\n","protected":false},"excerpt":{"rendered":"","protected":false},"author":20,"featured_media":0,"parent":0,"menu_order":0,"comment_status":"closed","ping_status":"closed","template":"","meta":{"footnotes":""},"class_list":["post-120","page","type-page","status-publish","hentry"],"_links":{"self":[{"href":"https:\/\/webs.uab.cat\/salutcomunitaria\/wp-json\/wp\/v2\/pages\/120","targetHints":{"allow":["GET"]}}],"collection":[{"href":"https:\/\/webs.uab.cat\/salutcomunitaria\/wp-json\/wp\/v2\/pages"}],"about":[{"href":"https:\/\/webs.uab.cat\/salutcomunitaria\/wp-json\/wp\/v2\/types\/page"}],"author":[{"embeddable":true,"href":"https:\/\/webs.uab.cat\/salutcomunitaria\/wp-json\/wp\/v2\/users\/20"}],"replies":[{"embeddable":true,"href":"https:\/\/webs.uab.cat\/salutcomunitaria\/wp-json\/wp\/v2\/comments?post=120"}],"version-history":[{"count":2,"href":"https:\/\/webs.uab.cat\/salutcomunitaria\/wp-json\/wp\/v2\/pages\/120\/revisions"}],"predecessor-version":[{"id":122,"href":"https:\/\/webs.uab.cat\/salutcomunitaria\/wp-json\/wp\/v2\/pages\/120\/revisions\/122"}],"wp:attachment":[{"href":"https:\/\/webs.uab.cat\/salutcomunitaria\/wp-json\/wp\/v2\/media?parent=120"}],"curies":[{"name":"wp","href":"https:\/\/api.w.org\/{rel}","templated":true}]}}

<div class="wp-block-query is-layout-flow wp-block-query-is-layout-flow"><ul class="wp-block-post-template is-layout-flow wp-block-post-template-is-layout-flow"><li class="wp-block-post post-17 post type-post status-publish format-standard has-post-thumbnail hentry category-cas-estudi">
<h2 class="wp-block-post-title"><a href="https://webs.uab.cat/salutcomunitaria/2019/10/02/a-roquetes-fan-saluti-la-salut-fa-barri/" target="_self" >A Roquetes fan salut…i la salut fa barri</a></h2>

<figure class="alignwide wp-block-post-featured-image"><a href="https://webs.uab.cat/salutcomunitaria/2019/10/02/a-roquetes-fan-saluti-la-salut-fa-barri/" target="_self"  ><img loading="lazy" decoding="async" width="352" height="230" src="https://webs.uab.cat/salutcomunitaria/wp-content/uploads/sites/38/2019/10/Salut-Comunitaria_0007_Roquetes-02-352x230-1.jpg" class="attachment-post-thumbnail size-post-thumbnail wp-post-image" alt="A Roquetes fan salut…i la salut fa barri" style="object-fit:cover;" srcset="https://webs.uab.cat/salutcomunitaria/wp-content/uploads/sites/38/2019/10/Salut-Comunitaria_0007_Roquetes-02-352x230-1.jpg 352w, https://webs.uab.cat/salutcomunitaria/wp-content/uploads/sites/38/2019/10/Salut-Comunitaria_0007_Roquetes-02-352x230-1-300x196.jpg 300w" sizes="auto, (max-width: 352px) 100vw, 352px" /></a></figure>

<div class="wp-block-post-excerpt"><p class="wp-block-post-excerpt__excerpt">Al barri de Roquetes de Barcelona des de fa més d’una dècada que la comunitat s’organitza per fer salut. Sota el paraigües del Pla de Desenvolupament Comunitari, veïnat, entitats i professionals de diferents àmbits construeixen un barri més saludable. A Roquetes tenen clar que la salut és comunitària i que està condicionada per molts determinants socials&hellip; </p></div>


<hr class="wp-block-separator has-css-opacity"/>


<div class="wp-block-post-date"><time datetime="2019-10-02T12:56:41+02:00">2 d&#8217;octubre de 2019</time></div>
</li><li class="wp-block-post post-10 post type-post status-publish format-standard hentry category-cas-estudi">
<h2 class="wp-block-post-title"><a href="https://webs.uab.cat/salutcomunitaria/2017/01/26/sintesi-comparada-dels-estudis-de-barris-carmel-poble-sec-roquetes-i-zona-nord/" target="_self" >Síntesi comparada dels estudis de barris (Carmel, Poble Sec, Roquetes i Zona Nord)</a></h2>



<div class="wp-block-post-excerpt"><p class="wp-block-post-excerpt__excerpt">Presentem un document que compara els resultats dels estudis en profunditat del nostre projecte. Aquests estudis han permès analitzar el desenvolupament de l’acció comunitària en quatre barris de Barcelona: Roquetes, Zona Nord, Carmel i Poble Sec. Els resultats dels estudis específics de cada barri es poden consultar en aquest blog. El que presentem en aquest document&hellip; </p></div>


<hr class="wp-block-separator has-css-opacity"/>


<div class="wp-block-post-date"><time datetime="2017-01-26T12:51:34+02:00">26 de gener de 2017</time></div>
</li><li class="wp-block-post post-20 post type-post status-publish format-standard hentry category-cas-estudi">
<h2 class="wp-block-post-title"><a href="https://webs.uab.cat/salutcomunitaria/2016/11/22/la-lita-i-els-determinants-socials-de-la-salut-al-barri-del-carmel/" target="_self" >La Lita i els determinants socials de la salut al barri del Carmel</a></h2>



<div class="wp-block-post-excerpt"><p class="wp-block-post-excerpt__excerpt">“La Lita és una dona alegre i decidida que no aparenta tenir setanta-quatre anys. Va arribar al barri del Carmel des d’Extremadura l’any 1950, quan en tenia deu, acompanyada dels pares i de cinc germans”.- així comença l’historia de la Lita, una dona combativa implicada en la salut del seu barri, una d’aquelles dones que&hellip; </p></div>


<hr class="wp-block-separator has-css-opacity"/>


<div class="wp-block-post-date"><time datetime="2016-11-22T12:57:02+02:00">22 de novembre de 2016</time></div>
</li></ul></div>
