{"id":126,"date":"2022-07-14T13:51:04","date_gmt":"2022-07-14T11:51:04","guid":{"rendered":"https:\/\/webs.uab.cat\/salutcomunitaria\/?page_id=126"},"modified":"2022-07-14T13:51:04","modified_gmt":"2022-07-14T11:51:04","slug":"noticies","status":"publish","type":"page","link":"https:\/\/webs.uab.cat\/salutcomunitaria\/noticies\/","title":{"rendered":"Not\u00edcies"},"content":{"rendered":"\n<div class=\"wp-block-query is-layout-flow wp-block-query-is-layout-flow\"><ul class=\"wp-block-post-template is-layout-flow wp-block-post-template-is-layout-flow\"><li class=\"wp-block-post post-37 post type-post status-publish format-standard has-post-thumbnail hentry category-noticies tag-noticies\">\n<h2 class=\"wp-block-post-title\"><a href=\"https:\/\/webs.uab.cat\/salutcomunitaria\/2017\/03\/14\/presentacio-dels-resultats-del-projecte-salut-comunitaria-i-debat-amb-experiencies\/\" target=\"_self\" >Presentaci\u00f3 dels resultats del projecte Salut Comunit\u00e0ria i debat amb experi\u00e8ncies<\/a><\/h2>\n\n<figure class=\"alignwide wp-block-post-featured-image\"><a href=\"https:\/\/webs.uab.cat\/salutcomunitaria\/2017\/03\/14\/presentacio-dels-resultats-del-projecte-salut-comunitaria-i-debat-amb-experiencies\/\" target=\"_self\"  ><img loading=\"lazy\" decoding=\"async\" width=\"352\" height=\"230\" src=\"https:\/\/webs.uab.cat\/salutcomunitaria\/wp-content\/uploads\/sites\/38\/2019\/10\/salut_comunitaria_IGOP-352x230-1.jpg\" class=\"attachment-post-thumbnail size-post-thumbnail wp-post-image\" alt=\"Presentaci\u00f3 dels resultats del projecte Salut Comunit\u00e0ria i debat amb experi\u00e8ncies\" style=\"object-fit:cover;\" srcset=\"https:\/\/webs.uab.cat\/salutcomunitaria\/wp-content\/uploads\/sites\/38\/2019\/10\/salut_comunitaria_IGOP-352x230-1.jpg 352w, https:\/\/webs.uab.cat\/salutcomunitaria\/wp-content\/uploads\/sites\/38\/2019\/10\/salut_comunitaria_IGOP-352x230-1-300x196.jpg 300w\" sizes=\"auto, (max-width: 352px) 100vw, 352px\" \/><\/a><\/figure>\n\n<div class=\"wp-block-post-excerpt\"><p class=\"wp-block-post-excerpt__excerpt\">El dia 28 de febrer va tenir lloc a l\u2019Escola de l\u2019IGOP la presentaci\u00f3 dels resultats del projecte&nbsp;Avaluaci\u00f3 de l\u2019impacte de l\u2019acci\u00f3 comunit\u00e0ria en la salut de la poblaci\u00f3. La jornada va comptar tamb\u00e9 amb una taula rodona amb la presentaci\u00f3 d\u2019experi\u00e8ncies en salut comunit\u00e0ria per part dels agents de 4 barris de Barcelona: Poble&hellip; <\/p><\/div>\n\n\n<hr class=\"wp-block-separator has-css-opacity\"\/>\n\n\n<div class=\"wp-block-post-date\"><time datetime=\"2017-03-14T14:22:16+02:00\">14 de mar\u00e7 de 2017<\/time><\/div>\n<\/li><\/ul><\/div>\n","protected":false},"excerpt":{"rendered":"","protected":false},"author":20,"featured_media":0,"parent":0,"menu_order":0,"comment_status":"closed","ping_status":"closed","template":"","meta":{"footnotes":""},"class_list":["post-126","page","type-page","status-publish","hentry"],"_links":{"self":[{"href":"https:\/\/webs.uab.cat\/salutcomunitaria\/wp-json\/wp\/v2\/pages\/126","targetHints":{"allow":["GET"]}}],"collection":[{"href":"https:\/\/webs.uab.cat\/salutcomunitaria\/wp-json\/wp\/v2\/pages"}],"about":[{"href":"https:\/\/webs.uab.cat\/salutcomunitaria\/wp-json\/wp\/v2\/types\/page"}],"author":[{"embeddable":true,"href":"https:\/\/webs.uab.cat\/salutcomunitaria\/wp-json\/wp\/v2\/users\/20"}],"replies":[{"embeddable":true,"href":"https:\/\/webs.uab.cat\/salutcomunitaria\/wp-json\/wp\/v2\/comments?post=126"}],"version-history":[{"count":1,"href":"https:\/\/webs.uab.cat\/salutcomunitaria\/wp-json\/wp\/v2\/pages\/126\/revisions"}],"predecessor-version":[{"id":127,"href":"https:\/\/webs.uab.cat\/salutcomunitaria\/wp-json\/wp\/v2\/pages\/126\/revisions\/127"}],"wp:attachment":[{"href":"https:\/\/webs.uab.cat\/salutcomunitaria\/wp-json\/wp\/v2\/media?parent=126"}],"curies":[{"name":"wp","href":"https:\/\/api.w.org\/{rel}","templated":true}]}}

Notícies

<div class="wp-block-query is-layout-flow wp-block-query-is-layout-flow"><ul class="wp-block-post-template is-layout-flow wp-block-post-template-is-layout-flow"><li class="wp-block-post post-37 post type-post status-publish format-standard has-post-thumbnail hentry category-noticies tag-noticies">
<h2 class="wp-block-post-title"><a href="https://webs.uab.cat/salutcomunitaria/2017/03/14/presentacio-dels-resultats-del-projecte-salut-comunitaria-i-debat-amb-experiencies/" target="_self" >Presentació dels resultats del projecte Salut Comunitària i debat amb experiències</a></h2>

<figure class="alignwide wp-block-post-featured-image"><a href="https://webs.uab.cat/salutcomunitaria/2017/03/14/presentacio-dels-resultats-del-projecte-salut-comunitaria-i-debat-amb-experiencies/" target="_self"  ><img loading="lazy" decoding="async" width="352" height="230" src="https://webs.uab.cat/salutcomunitaria/wp-content/uploads/sites/38/2019/10/salut_comunitaria_IGOP-352x230-1.jpg" class="attachment-post-thumbnail size-post-thumbnail wp-post-image" alt="Presentació dels resultats del projecte Salut Comunitària i debat amb experiències" style="object-fit:cover;" srcset="https://webs.uab.cat/salutcomunitaria/wp-content/uploads/sites/38/2019/10/salut_comunitaria_IGOP-352x230-1.jpg 352w, https://webs.uab.cat/salutcomunitaria/wp-content/uploads/sites/38/2019/10/salut_comunitaria_IGOP-352x230-1-300x196.jpg 300w" sizes="auto, (max-width: 352px) 100vw, 352px" /></a></figure>

<div class="wp-block-post-excerpt"><p class="wp-block-post-excerpt__excerpt">El dia 28 de febrer va tenir lloc a l’Escola de l’IGOP la presentació dels resultats del projecte&nbsp;Avaluació de l’impacte de l’acció comunitària en la salut de la població. La jornada va comptar també amb una taula rodona amb la presentació d’experiències en salut comunitària per part dels agents de 4 barris de Barcelona: Poble&hellip; </p></div>


<hr class="wp-block-separator has-css-opacity"/>


<div class="wp-block-post-date"><time datetime="2017-03-14T14:22:16+02:00">14 de març de 2017</time></div>
</li></ul></div>
