{"id":119,"date":"2010-06-22T16:19:43","date_gmt":"2010-06-22T16:19:43","guid":{"rendered":"https:\/\/webs.uab.cat\/sbcv\/llistat-de-parametres\/"},"modified":"2025-01-08T15:21:15","modified_gmt":"2025-01-08T15:21:15","slug":"llistat-de-parametres","status":"publish","type":"page","link":"https:\/\/webs.uab.cat\/sbcv\/llistat-de-parametres\/","title":{"rendered":"Llistat de par\u00e0metres"},"content":{"rendered":"\n<p><strong>El SBCV ofereix el seg\u00fcent llistat de par\u00e0metres<\/strong>:<\/p>\n\n\n\n<figure class=\"wp-block-image size-large\"><img loading=\"lazy\" decoding=\"async\" width=\"737\" height=\"1024\" src=\"https:\/\/webs.uab.cat\/sbcv\/wp-content\/uploads\/sites\/198\/2017\/03\/parametres-en-taula-737x1024.jpg\" alt=\"par\u00e0metres en taula\" class=\"wp-image-123\" \/><\/figure>\n\n\n\n<p><strong>Com tamb\u00e9, posa a punt t\u00e8cniques per la determinaci\u00f3 d&#8217;altres par\u00e0metres, segons l&#8217;inter\u00e8s de l&#8217;usuari. <\/strong><\/p>\n\n\n\n<p><strong>Contactar directament amb els responsables del SBCV.<\/strong><span class=\"inline inline-center\"><\/span><\/p>\n\n\n\n<p><\/p>\n","protected":false},"excerpt":{"rendered":"<p>El SBCV ofereix el seg\u00fcent llistat de par\u00e0metres: Com tamb\u00e9, posa a punt t\u00e8cniques per la determinaci\u00f3 d&#8217;altres par\u00e0metres, segons l&#8217;inter\u00e8s de l&#8217;usuari. Contactar directament amb els responsables del SBCV.<\/p>\n","protected":false},"author":20,"featured_media":0,"parent":0,"menu_order":0,"comment_status":"closed","ping_status":"closed","template":"","meta":{"footnotes":""},"class_list":["post-119","page","type-page","status-publish","hentry"],"_links":{"self":[{"href":"https:\/\/webs.uab.cat\/sbcv\/wp-json\/wp\/v2\/pages\/119","targetHints":{"allow":["GET"]}}],"collection":[{"href":"https:\/\/webs.uab.cat\/sbcv\/wp-json\/wp\/v2\/pages"}],"about":[{"href":"https:\/\/webs.uab.cat\/sbcv\/wp-json\/wp\/v2\/types\/page"}],"author":[{"embeddable":true,"href":"https:\/\/webs.uab.cat\/sbcv\/wp-json\/wp\/v2\/users\/20"}],"replies":[{"embeddable":true,"href":"https:\/\/webs.uab.cat\/sbcv\/wp-json\/wp\/v2\/comments?post=119"}],"version-history":[{"count":6,"href":"https:\/\/webs.uab.cat\/sbcv\/wp-json\/wp\/v2\/pages\/119\/revisions"}],"predecessor-version":[{"id":833,"href":"https:\/\/webs.uab.cat\/sbcv\/wp-json\/wp\/v2\/pages\/119\/revisions\/833"}],"wp:attachment":[{"href":"https:\/\/webs.uab.cat\/sbcv\/wp-json\/wp\/v2\/media?parent=119"}],"curies":[{"name":"wp","href":"https:\/\/api.w.org\/{rel}","templated":true}]}}