{"id":239,"date":"2011-06-23T12:03:48","date_gmt":"2011-06-23T12:03:48","guid":{"rendered":"https:\/\/webs.uab.cat\/sbcv\/adreces-dinteres\/"},"modified":"2023-06-12T10:18:11","modified_gmt":"2023-06-12T10:18:11","slug":"adreces-dinteres","status":"publish","type":"page","link":"https:\/\/webs.uab.cat\/sbcv\/adreces-dinteres\/","title":{"rendered":"Adreces d&#8217;inter\u00e8s"},"content":{"rendered":"<p><strong><a href=\"http:\/\/www.uab.es\/\">Universitat Aut\u00f2noma de Barcelona<\/a>\u00a0\u00a0\u00a0\u00a0<\/strong><\/p>\n<p><strong><a href=\"http:\/\/www.uab.es\/servlet\/Satellite\/Facultats-i-Escoles-1086628076346.html\">Facultat de Veterin\u00e0ria de Barcelona<\/a><\/strong><\/p>\n<p><strong><a href=\"http:\/\/bioquimica.uab.es\/\">Departament de Bioqu\u00edmica i de Biologia Molecular<\/a><\/strong><strong>\u00a0 \u00a0 \u00a0 \u00a0 \u00a0 \u00a0 \u00a0 \u00a0 \u00a0 \u00a0 \u00a0 \u00a0 \u00a0 \u00a0 \u00a0 \u00a0 \u00a0 \u00a0\u00a0<\/strong><\/p>\n<p><strong><a href=\"http:\/\/serveis.uab.cat\/hcv\/es\">Fundaci\u00f3 Hospital Cl\u00ednic Veterinari (UAB)<\/a><\/strong><\/p>\n<p><strong><a href=\"http:\/\/www.seqc.es\/\">Sociedad Espa\u00f1ola de Bioqu\u00edmica Cl\u00ednica y Patolog\u00eda Molecular<\/a>\u00a0(SEQC) \u00a0\u00a0 <\/strong><\/p>\n<p><strong><a href=\"http:\/\/webs2002.uab.es\/_v_serv_bioq_clinica\/english\/index.html\">European Society of Veterinary Clinical Pathology<\/a>\u00a0(ESVCP)\u00a0\u00a0\u00a0\u00a0\u00a0\u00a0\u00a0\u00a0\u00a0\u00a0 <\/strong><\/p>\n<p><strong><a href=\"http:\/\/www.ifcc.org\/ifcc.asp\">International Federation of Clincal Chemistry and LaboratoryMedicine<\/a>\u00a0(IFCC) \u00a0\u00a0\u00a0\u00a0\u00a0\u00a0<\/strong><\/p>\n<p><strong><a href=\"http:\/\/www.isacp.org\/\">International Society for Animal Clinical Pathology<\/a> (ISACP)<\/strong><\/p>\n<p><strong><a href=\"http:\/\/www.avepa.org\/index.html\">Asociaci\u00f3n de Veterinarios Espa\u00f1oles Especialistas en Peque\u00f1os Animales<\/a>\u00a0(AVEPA)<\/strong><\/p>\n<p><strong><a href=\"http:\/\/www.avepa.org\/index.html\">Asociaci\u00f3n Nacional de Especialistas en Medicina Bovina de Espa\u00f1a<\/a><\/strong>\u00a0<strong>(ANEMBE)<\/strong><\/p>\n","protected":false},"excerpt":{"rendered":"<p>Universitat Aut\u00f2noma de Barcelona\u00a0\u00a0\u00a0\u00a0 Facultat de Veterin\u00e0ria de Barcelona Departament de Bioqu\u00edmica i de Biologia Molecular\u00a0 \u00a0 \u00a0 \u00a0 \u00a0 \u00a0 \u00a0 \u00a0 \u00a0 \u00a0 \u00a0 \u00a0 \u00a0 \u00a0 \u00a0 \u00a0 \u00a0 \u00a0\u00a0 Fundaci\u00f3 Hospital Cl\u00ednic Veterinari (UAB) Sociedad Espa\u00f1ola de Bioqu\u00edmica Cl\u00ednica y Patolog\u00eda Molecular\u00a0(SEQC) \u00a0\u00a0 European Society of Veterinary Clinical Pathology\u00a0(ESVCP)\u00a0\u00a0\u00a0\u00a0\u00a0\u00a0\u00a0\u00a0\u00a0\u00a0 International Federation [&hellip;]<\/p>\n","protected":false},"author":20,"featured_media":0,"parent":0,"menu_order":0,"comment_status":"closed","ping_status":"closed","template":"","meta":{"footnotes":""},"class_list":["post-239","page","type-page","status-publish","hentry"],"_links":{"self":[{"href":"https:\/\/webs.uab.cat\/sbcv\/wp-json\/wp\/v2\/pages\/239","targetHints":{"allow":["GET"]}}],"collection":[{"href":"https:\/\/webs.uab.cat\/sbcv\/wp-json\/wp\/v2\/pages"}],"about":[{"href":"https:\/\/webs.uab.cat\/sbcv\/wp-json\/wp\/v2\/types\/page"}],"author":[{"embeddable":true,"href":"https:\/\/webs.uab.cat\/sbcv\/wp-json\/wp\/v2\/users\/20"}],"replies":[{"embeddable":true,"href":"https:\/\/webs.uab.cat\/sbcv\/wp-json\/wp\/v2\/comments?post=239"}],"version-history":[{"count":2,"href":"https:\/\/webs.uab.cat\/sbcv\/wp-json\/wp\/v2\/pages\/239\/revisions"}],"predecessor-version":[{"id":793,"href":"https:\/\/webs.uab.cat\/sbcv\/wp-json\/wp\/v2\/pages\/239\/revisions\/793"}],"wp:attachment":[{"href":"https:\/\/webs.uab.cat\/sbcv\/wp-json\/wp\/v2\/media?parent=239"}],"curies":[{"name":"wp","href":"https:\/\/api.w.org\/{rel}","templated":true}]}}