{"id":67,"date":"2010-06-22T15:32:22","date_gmt":"2010-06-22T15:32:22","guid":{"rendered":"https:\/\/webs.uab.cat\/sbcv\/equipament\/"},"modified":"2025-01-08T15:22:31","modified_gmt":"2025-01-08T15:22:31","slug":"equipament","status":"publish","type":"page","link":"https:\/\/webs.uab.cat\/sbcv\/equipament\/","title":{"rendered":"Equipament"},"content":{"rendered":"\n<p>&#8211;<strong> Analitzador de qu\u00edmica cl\u00ednica automatitzat, Olympus AU480:<\/strong> realitza la determinaci\u00f3 fotom\u00e8trica i potenciom\u00e8trica de gran varietat d&#8217;analits (400 tests\/hora) en combinaci\u00f3 amb reactius, calibradors, materials de control de qualitat i altres accessoris adequats.<\/p>\n\n\n\n<figure class=\"wp-block-image\"><img loading=\"lazy\" decoding=\"async\" width=\"2080\" height=\"1560\" src=\"https:\/\/webs.uab.cat\/sbcv\/wp-content\/uploads\/sites\/198\/2010\/06\/au_480.jpg\" alt=\"\" class=\"wp-image-64\" srcset=\"https:\/\/webs.uab.cat\/sbcv\/wp-content\/uploads\/sites\/198\/2010\/06\/au_480.jpg 2080w, https:\/\/webs.uab.cat\/sbcv\/wp-content\/uploads\/sites\/198\/2010\/06\/au_480-300x225.jpg 300w, https:\/\/webs.uab.cat\/sbcv\/wp-content\/uploads\/sites\/198\/2010\/06\/au_480-1024x768.jpg 1024w, https:\/\/webs.uab.cat\/sbcv\/wp-content\/uploads\/sites\/198\/2010\/06\/au_480-768x576.jpg 768w, https:\/\/webs.uab.cat\/sbcv\/wp-content\/uploads\/sites\/198\/2010\/06\/au_480-1536x1152.jpg 1536w, https:\/\/webs.uab.cat\/sbcv\/wp-content\/uploads\/sites\/198\/2010\/06\/au_480-2048x1536.jpg 2048w, https:\/\/webs.uab.cat\/sbcv\/wp-content\/uploads\/sites\/198\/2010\/06\/au_480-1200x900.jpg 1200w, https:\/\/webs.uab.cat\/sbcv\/wp-content\/uploads\/sites\/198\/2010\/06\/au_480-1980x1485.jpg 1980w\" sizes=\"auto, (max-width: 2080px) 100vw, 2080px\" \/><\/figure>\n\n\n\n<p><\/p>\n\n\n\n<p>&#8211; <strong>Analitzador autom\u00e0tic IMMULITE 1000 per la determinaci\u00f3 d&#8217;hormones: <\/strong>instrument que realitza immunoassaigs quimioluminiscents. Utilitza com a fase s\u00f2lida perles de pl\u00e0stic recobertes amb anticossos, reactius marcats amb fosfatasa alcalina i un substrat quimioluminiscent.<\/p>\n\n\n\n<figure class=\"wp-block-image size-large\"><img loading=\"lazy\" decoding=\"async\" width=\"1024\" height=\"552\" src=\"https:\/\/webs.uab.cat\/sbcv\/wp-content\/uploads\/sites\/198\/2017\/03\/Immulite-1000-1024x552.jpg\" alt=\"Immulite 1000\" class=\"wp-image-68\" srcset=\"https:\/\/webs.uab.cat\/sbcv\/wp-content\/uploads\/sites\/198\/2017\/03\/Immulite-1000-1024x552.jpg 1024w, https:\/\/webs.uab.cat\/sbcv\/wp-content\/uploads\/sites\/198\/2017\/03\/Immulite-1000-300x162.jpg 300w, https:\/\/webs.uab.cat\/sbcv\/wp-content\/uploads\/sites\/198\/2017\/03\/Immulite-1000-768x414.jpg 768w, https:\/\/webs.uab.cat\/sbcv\/wp-content\/uploads\/sites\/198\/2017\/03\/Immulite-1000-1536x828.jpg 1536w, https:\/\/webs.uab.cat\/sbcv\/wp-content\/uploads\/sites\/198\/2017\/03\/Immulite-1000-2048x1104.jpg 2048w, https:\/\/webs.uab.cat\/sbcv\/wp-content\/uploads\/sites\/198\/2017\/03\/Immulite-1000-1200x647.jpg 1200w, https:\/\/webs.uab.cat\/sbcv\/wp-content\/uploads\/sites\/198\/2017\/03\/Immulite-1000-1980x1068.jpg 1980w\" sizes=\"auto, (max-width: 1024px) 100vw, 1024px\" \/><\/figure>\n\n\n\n<p>&#8211; <strong>MINICAP<\/strong>: equip d&#8217;electroforesis capilar automatitzat, provist de 2 tubs capilars.&nbsp;<\/p>\n\n\n\n<figure class=\"wp-block-image size-full\"><img loading=\"lazy\" decoding=\"async\" width=\"224\" height=\"224\" src=\"https:\/\/webs.uab.cat\/sbcv\/wp-content\/uploads\/sites\/198\/2017\/04\/minicap_google.jpg\" alt=\"minicap_google\" class=\"wp-image-80\" srcset=\"https:\/\/webs.uab.cat\/sbcv\/wp-content\/uploads\/sites\/198\/2017\/04\/minicap_google.jpg 224w, https:\/\/webs.uab.cat\/sbcv\/wp-content\/uploads\/sites\/198\/2017\/04\/minicap_google-150x150.jpg 150w\" sizes=\"auto, (max-width: 224px) 100vw, 224px\" \/><\/figure>\n\n\n\n<ul class=\"wp-block-list\">\n<li><strong>Luminex 200<\/strong>: Sistema <em>multiplex <\/em>per a la quantificaci\u00f3 simult\u00e0nia de citoquines i diverses hormones. Disposem de panells espec\u00edfics per a diverses esp\u00e8cies&#8221;<\/li>\n<\/ul>\n\n\n\n<figure class=\"wp-block-image size-large\"><img loading=\"lazy\" decoding=\"async\" width=\"1024\" height=\"576\" src=\"https:\/\/webs.uab.cat\/sbcv\/wp-content\/uploads\/sites\/198\/2023\/06\/Luminex-1024x576.jpg\" alt=\"\" class=\"wp-image-758\" srcset=\"https:\/\/webs.uab.cat\/sbcv\/wp-content\/uploads\/sites\/198\/2023\/06\/Luminex-1024x576.jpg 1024w, https:\/\/webs.uab.cat\/sbcv\/wp-content\/uploads\/sites\/198\/2023\/06\/Luminex-300x169.jpg 300w, https:\/\/webs.uab.cat\/sbcv\/wp-content\/uploads\/sites\/198\/2023\/06\/Luminex-768x432.jpg 768w, https:\/\/webs.uab.cat\/sbcv\/wp-content\/uploads\/sites\/198\/2023\/06\/Luminex-1536x864.jpg 1536w, https:\/\/webs.uab.cat\/sbcv\/wp-content\/uploads\/sites\/198\/2023\/06\/Luminex-1200x675.jpg 1200w, https:\/\/webs.uab.cat\/sbcv\/wp-content\/uploads\/sites\/198\/2023\/06\/Luminex-1980x1114.jpg 1980w, https:\/\/webs.uab.cat\/sbcv\/wp-content\/uploads\/sites\/198\/2023\/06\/Luminex.jpg 2000w\" sizes=\"auto, (max-width: 1024px) 100vw, 1024px\" \/><\/figure>\n\n\n\n<p>&#8211; <strong>Lector de plaques ELISA Labsystems iEMS Reader\/Dispenser MF:<\/strong> instrument que medeix assajos fotom\u00e8trics immunenzim\u00e0tics, disposa de capacitat agitadora i control de temperatura. El rang de mesura \u00e9s de fins 4.000 OD. El lector es programa amb un software espec\u00edfic (Ascent SW).<\/p>\n\n\n\n<figure class=\"wp-block-image size-large\"><img loading=\"lazy\" decoding=\"async\" width=\"1024\" height=\"576\" src=\"https:\/\/webs.uab.cat\/sbcv\/wp-content\/uploads\/sites\/198\/2017\/03\/Lector-placas-ELISA-1024x576.jpg\" alt=\"Lector placas ELISA\" class=\"wp-image-77\" \/><\/figure>\n\n\n\n<p>&#8211; <strong>Rentador de plaques ELISA Tricontinent Multiwash:<\/strong> en el que es poden programar diferents par\u00e0metres de rentat.&nbsp;<\/p>\n\n\n\n<figure class=\"wp-block-image size-full\"><img loading=\"lazy\" decoding=\"async\" width=\"316\" height=\"314\" src=\"https:\/\/webs.uab.cat\/sbcv\/wp-content\/uploads\/sites\/198\/2011\/06\/elisa.jpg\" alt=\"elisa\" class=\"wp-image-355\" srcset=\"https:\/\/webs.uab.cat\/sbcv\/wp-content\/uploads\/sites\/198\/2011\/06\/elisa.jpg 316w, https:\/\/webs.uab.cat\/sbcv\/wp-content\/uploads\/sites\/198\/2011\/06\/elisa-300x298.jpg 300w, https:\/\/webs.uab.cat\/sbcv\/wp-content\/uploads\/sites\/198\/2011\/06\/elisa-150x150.jpg 150w\" sizes=\"auto, (max-width: 316px) 100vw, 316px\" \/><\/figure>\n","protected":false},"excerpt":{"rendered":"<p>&#8211; Analitzador de qu\u00edmica cl\u00ednica automatitzat, Olympus AU480: realitza la determinaci\u00f3 fotom\u00e8trica i potenciom\u00e8trica de gran varietat d&#8217;analits (400 tests\/hora) en combinaci\u00f3 amb reactius, calibradors, materials de control de qualitat i altres accessoris adequats. &#8211; Analitzador autom\u00e0tic IMMULITE 1000 per la determinaci\u00f3 d&#8217;hormones: instrument que realitza immunoassaigs quimioluminiscents. Utilitza com a fase s\u00f2lida perles de [&hellip;]<\/p>\n","protected":false},"author":20,"featured_media":0,"parent":0,"menu_order":0,"comment_status":"closed","ping_status":"closed","template":"","meta":{"footnotes":""},"class_list":["post-67","page","type-page","status-publish","hentry"],"_links":{"self":[{"href":"https:\/\/webs.uab.cat\/sbcv\/wp-json\/wp\/v2\/pages\/67","targetHints":{"allow":["GET"]}}],"collection":[{"href":"https:\/\/webs.uab.cat\/sbcv\/wp-json\/wp\/v2\/pages"}],"about":[{"href":"https:\/\/webs.uab.cat\/sbcv\/wp-json\/wp\/v2\/types\/page"}],"author":[{"embeddable":true,"href":"https:\/\/webs.uab.cat\/sbcv\/wp-json\/wp\/v2\/users\/20"}],"replies":[{"embeddable":true,"href":"https:\/\/webs.uab.cat\/sbcv\/wp-json\/wp\/v2\/comments?post=67"}],"version-history":[{"count":6,"href":"https:\/\/webs.uab.cat\/sbcv\/wp-json\/wp\/v2\/pages\/67\/revisions"}],"predecessor-version":[{"id":763,"href":"https:\/\/webs.uab.cat\/sbcv\/wp-json\/wp\/v2\/pages\/67\/revisions\/763"}],"wp:attachment":[{"href":"https:\/\/webs.uab.cat\/sbcv\/wp-json\/wp\/v2\/media?parent=67"}],"curies":[{"name":"wp","href":"https:\/\/api.w.org\/{rel}","templated":true}]}}