{"id":97,"date":"2010-06-22T16:16:08","date_gmt":"2010-06-22T16:16:08","guid":{"rendered":"https:\/\/webs.uab.cat\/sbcv\/recollida-de-mostres\/"},"modified":"2023-06-08T14:43:37","modified_gmt":"2023-06-08T14:43:37","slug":"recollida-de-mostres","status":"publish","type":"page","link":"https:\/\/webs.uab.cat\/sbcv\/recollida-de-mostres\/","title":{"rendered":"Recollida de mostres"},"content":{"rendered":"<p>Abans de recollir les mostres es recomana als clients consultar el document <a href=\"https:\/\/webs.uab.cat\/sbcv\/wp-content\/uploads\/sites\/198\/2017\/03\/BCV002cat.pdf\"><strong>BCV002 <\/strong><\/a>(recomanacions en la recollida i transport de les mostres) i s&#8217;haur\u00e0 omplir la <strong>sol\u00b7licitud d\u2019an\u00e0lisi<\/strong> <strong><a href=\"https:\/\/webs.uab.cat\/sbcv\/wp-content\/uploads\/sites\/198\/2017\/03\/BCV001cat.pdf\">BCV001<\/a>,<\/strong> que es far\u00e0 arribar degudament complimentada i signada al Servei de Bioqu\u00edmica Cl\u00ednica Veterin\u00e0ria.<\/p>\n<p>Tots dos documents (BCV001 i BCV002) es faciliten al Servei de Bioqu\u00edmica Cl\u00ednica Veterin\u00e0ria o directament clicant a sobre dels codis, en aquesta p\u00e0gina.<\/p>\n<p>Per tal d&#8217;especificar la data de recollida de les mostres i la data aproximada de lliurament de resultats s\u2019haur\u00e0 de contactar directament amb els responsables del Servei.<\/p>\n","protected":false},"excerpt":{"rendered":"<p>Abans de recollir les mostres es recomana als clients consultar el document BCV002 (recomanacions en la recollida i transport de les mostres) i s&#8217;haur\u00e0 omplir la sol\u00b7licitud d\u2019an\u00e0lisi BCV001, que es far\u00e0 arribar degudament complimentada i signada al Servei de Bioqu\u00edmica Cl\u00ednica Veterin\u00e0ria. Tots dos documents (BCV001 i BCV002) es faciliten al Servei de Bioqu\u00edmica [&hellip;]<\/p>\n","protected":false},"author":20,"featured_media":0,"parent":0,"menu_order":0,"comment_status":"closed","ping_status":"closed","template":"","meta":{"footnotes":""},"class_list":["post-97","page","type-page","status-publish","hentry"],"_links":{"self":[{"href":"https:\/\/webs.uab.cat\/sbcv\/wp-json\/wp\/v2\/pages\/97","targetHints":{"allow":["GET"]}}],"collection":[{"href":"https:\/\/webs.uab.cat\/sbcv\/wp-json\/wp\/v2\/pages"}],"about":[{"href":"https:\/\/webs.uab.cat\/sbcv\/wp-json\/wp\/v2\/types\/page"}],"author":[{"embeddable":true,"href":"https:\/\/webs.uab.cat\/sbcv\/wp-json\/wp\/v2\/users\/20"}],"replies":[{"embeddable":true,"href":"https:\/\/webs.uab.cat\/sbcv\/wp-json\/wp\/v2\/comments?post=97"}],"version-history":[{"count":2,"href":"https:\/\/webs.uab.cat\/sbcv\/wp-json\/wp\/v2\/pages\/97\/revisions"}],"predecessor-version":[{"id":738,"href":"https:\/\/webs.uab.cat\/sbcv\/wp-json\/wp\/v2\/pages\/97\/revisions\/738"}],"wp:attachment":[{"href":"https:\/\/webs.uab.cat\/sbcv\/wp-json\/wp\/v2\/media?parent=97"}],"curies":[{"name":"wp","href":"https:\/\/api.w.org\/{rel}","templated":true}]}}