{"id":100,"date":"2013-06-25T13:11:21","date_gmt":"2013-06-25T11:11:21","guid":{"rendered":"https:\/\/webs.uab.cat\/sced\/traduccions\/"},"modified":"2022-11-16T22:36:55","modified_gmt":"2022-11-16T20:36:55","slug":"traduccions","status":"publish","type":"page","link":"https:\/\/webs.uab.cat\/sced\/traduccions\/","title":{"rendered":"Traduccions"},"content":{"rendered":"\n<div class=\"wp-block-columns is-layout-flex wp-container-core-columns-is-layout-9d6595d7 wp-block-columns-is-layout-flex\">\n<div class=\"wp-block-column is-layout-flow wp-block-column-is-layout-flow\" style=\"flex-basis:33.33%\">\n<div class=\"wp-block-group\"><div class=\"wp-block-group__inner-container is-layout-flow wp-block-group-is-layout-flow\">\n<figure class=\"wp-block-image size-full is-resized\"><a href=\"https:\/\/centresderecerca.uab.cat\/iem\/\"><img loading=\"lazy\" decoding=\"async\" src=\"https:\/\/webs.uab.cat\/sced\/wp-content\/uploads\/sites\/274\/2013\/06\/iem.gif\" alt=\"iem\" class=\"wp-image-234\" width=\"222\" height=\"79\"\/><\/a><\/figure>\n\n\n\n<p><\/p>\n\n\n\n<figure class=\"wp-block-image size-full is-resized\"><a href=\"https:\/\/webs.uab.cat\/sced\/inscripcio\/\"><img loading=\"lazy\" decoding=\"async\" src=\"https:\/\/webs.uab.cat\/sced\/wp-content\/uploads\/sites\/274\/2013\/09\/inscripcio_1.png\" alt=\"inscripcio_1\" class=\"wp-image-246\" width=\"220\" height=\"79\"\/><\/a><\/figure>\n<\/div><\/div>\n<\/div>\n\n\n\n<div class=\"wp-block-column is-layout-flow wp-block-column-is-layout-flow\" style=\"flex-basis:66.66%\">\n<ul class=\"wp-block-list\"><li><a href=\"https:\/\/webs.uab.cat\/sced\/catala\/\" data-type=\"page\" data-id=\"138\"><strong>CATAL\u00c0<\/strong><\/a> <\/li><li><a href=\"https:\/\/webs.uab.cat\/sced\/castella\/\" data-type=\"page\" data-id=\"139\"><strong>CASTELL\u00c0<\/strong><\/a> <\/li><li><strong style=\"font-size: revert; letter-spacing: 0.05rem;\"><a href=\"https:\/\/webs.uab.cat\/sced\/gallec\/\" data-type=\"page\" data-id=\"140\"><strong>GALLEC<\/strong><\/a><\/strong> <\/li><li><strong style=\"font-size: revert; letter-spacing: 0.05rem;\"><strong><a href=\"https:\/\/webs.uab.cat\/sced\/portugues\/\" data-type=\"page\" data-id=\"142\"><strong>PORTUGU\u00c8S<\/strong><\/a><\/strong><\/strong> <\/li><\/ul>\n<\/div>\n<\/div>\n","protected":false},"excerpt":{"rendered":"<p>CATAL\u00c0 CASTELL\u00c0 GALLEC PORTUGU\u00c8S<\/p>\n","protected":false},"author":20,"featured_media":0,"parent":0,"menu_order":0,"comment_status":"closed","ping_status":"closed","template":"","meta":{"footnotes":""},"class_list":["post-100","page","type-page","status-publish","hentry"],"_links":{"self":[{"href":"https:\/\/webs.uab.cat\/sced\/wp-json\/wp\/v2\/pages\/100","targetHints":{"allow":["GET"]}}],"collection":[{"href":"https:\/\/webs.uab.cat\/sced\/wp-json\/wp\/v2\/pages"}],"about":[{"href":"https:\/\/webs.uab.cat\/sced\/wp-json\/wp\/v2\/types\/page"}],"author":[{"embeddable":true,"href":"https:\/\/webs.uab.cat\/sced\/wp-json\/wp\/v2\/users\/20"}],"replies":[{"embeddable":true,"href":"https:\/\/webs.uab.cat\/sced\/wp-json\/wp\/v2\/comments?post=100"}],"version-history":[{"count":2,"href":"https:\/\/webs.uab.cat\/sced\/wp-json\/wp\/v2\/pages\/100\/revisions"}],"predecessor-version":[{"id":334,"href":"https:\/\/webs.uab.cat\/sced\/wp-json\/wp\/v2\/pages\/100\/revisions\/334"}],"wp:attachment":[{"href":"https:\/\/webs.uab.cat\/sced\/wp-json\/wp\/v2\/media?parent=100"}],"curies":[{"name":"wp","href":"https:\/\/api.w.org\/{rel}","templated":true}]}}