{"id":124,"date":"2013-07-18T12:14:46","date_gmt":"2013-07-18T10:14:46","guid":{"rendered":"https:\/\/webs.uab.cat\/sced\/raffaele-pinto\/"},"modified":"2013-07-18T12:14:46","modified_gmt":"2013-07-18T10:14:46","slug":"raffaele-pinto","status":"publish","type":"page","link":"https:\/\/webs.uab.cat\/sced\/raffaele-pinto\/","title":{"rendered":"Fitxa del membre"},"content":{"rendered":"<p><strong>Nom i cognoms:&nbsp;<\/strong>Raffaele Pinto<\/p>\n<p><strong>Instituci\u00f3 \/ entitat \/ professi\u00f3:&nbsp;<\/strong>Professor&nbsp;de Filologia Italiana de la Universitat de Barcelona.<\/p>\n<p><strong>Correu electr\u00f2nic:<\/strong>&nbsp;raffaelepinto@ub.edu<\/p>\n<p><strong>P\u00e0gina web:&nbsp;<\/strong>http:\/\/www.ub.edu\/filsitl\/pinto.html<\/p>\n","protected":false},"excerpt":{"rendered":"<p>Nom i cognoms:&nbsp;Raffaele Pinto Instituci\u00f3 \/ entitat \/ professi\u00f3:&nbsp;Professor&nbsp;de Filologia Italiana de la Universitat de Barcelona. Correu electr\u00f2nic:&nbsp;raffaelepinto@ub.edu P\u00e0gina web:&nbsp;http:\/\/www.ub.edu\/filsitl\/pinto.html<\/p>\n","protected":false},"author":20,"featured_media":0,"parent":0,"menu_order":0,"comment_status":"closed","ping_status":"closed","template":"","meta":{"footnotes":""},"class_list":["post-124","page","type-page","status-publish","hentry"],"_links":{"self":[{"href":"https:\/\/webs.uab.cat\/sced\/wp-json\/wp\/v2\/pages\/124","targetHints":{"allow":["GET"]}}],"collection":[{"href":"https:\/\/webs.uab.cat\/sced\/wp-json\/wp\/v2\/pages"}],"about":[{"href":"https:\/\/webs.uab.cat\/sced\/wp-json\/wp\/v2\/types\/page"}],"author":[{"embeddable":true,"href":"https:\/\/webs.uab.cat\/sced\/wp-json\/wp\/v2\/users\/20"}],"replies":[{"embeddable":true,"href":"https:\/\/webs.uab.cat\/sced\/wp-json\/wp\/v2\/comments?post=124"}],"version-history":[{"count":0,"href":"https:\/\/webs.uab.cat\/sced\/wp-json\/wp\/v2\/pages\/124\/revisions"}],"wp:attachment":[{"href":"https:\/\/webs.uab.cat\/sced\/wp-json\/wp\/v2\/media?parent=124"}],"curies":[{"name":"wp","href":"https:\/\/api.w.org\/{rel}","templated":true}]}}