{"id":27,"date":"2010-06-22T15:31:57","date_gmt":"2010-06-22T13:31:57","guid":{"rendered":"https:\/\/webs.uab.cat\/sced\/publicacions\/"},"modified":"2022-11-16T22:34:00","modified_gmt":"2022-11-16T20:34:00","slug":"publicacions","status":"publish","type":"page","link":"https:\/\/webs.uab.cat\/sced\/publicacions\/","title":{"rendered":"Publicacions"},"content":{"rendered":"\n<div class=\"wp-block-columns is-layout-flex wp-container-core-columns-is-layout-9d6595d7 wp-block-columns-is-layout-flex\">\n<div class=\"wp-block-column is-layout-flow wp-block-column-is-layout-flow\" style=\"flex-basis:33.33%\">\n<div class=\"wp-block-group\"><div class=\"wp-block-group__inner-container is-layout-flow wp-block-group-is-layout-flow\">\n<figure class=\"wp-block-image size-full is-resized\"><a href=\"https:\/\/centresderecerca.uab.cat\/iem\/\"><img loading=\"lazy\" decoding=\"async\" src=\"https:\/\/webs.uab.cat\/sced\/wp-content\/uploads\/sites\/274\/2013\/06\/iem.gif\" alt=\"iem\" class=\"wp-image-234\" width=\"222\" height=\"79\"\/><\/a><\/figure>\n\n\n\n<p><\/p>\n\n\n\n<figure class=\"wp-block-image size-full is-resized\"><a href=\"https:\/\/webs.uab.cat\/sced\/inscripcio\/\"><img loading=\"lazy\" decoding=\"async\" src=\"https:\/\/webs.uab.cat\/sced\/wp-content\/uploads\/sites\/274\/2013\/09\/inscripcio_1.png\" alt=\"inscripcio_1\" class=\"wp-image-246\" width=\"220\" height=\"79\"\/><\/a><\/figure>\n<\/div><\/div>\n<\/div>\n\n\n\n<div class=\"wp-block-column is-layout-flow wp-block-column-is-layout-flow\" style=\"flex-basis:66.66%\">\n<p>A continuaci\u00f3, trobareu les publicacions sobre Dante Alighieri i el seu temps que han escrit els membres de la societat. Si voleu afegir-ne cap, nom\u00e9s cal que envieu un missatge a&nbsp;<a href=\"https:\/\/webmail.uab.es\/frame.html?&amp;rtfPossible=true&amp;security=false&amp;lang=ca&amp;cal=1\">societatcde@gmail.com<\/a>, indicant-hi l&#8217;autor i la refer\u00e8ncia.<\/p>\n\n\n\n<ul class=\"wp-block-list\"><li> \u200b<span style=\"letter-spacing: 0.05rem; font-size: 14px;\"><a href=\"https:\/\/webs.uab.cat\/sced\/publicacions-de-rossend-arques\/\" data-type=\"page\" data-id=\"133\"><strong>ARQU\u00c9S, Rossend<\/strong><\/a><\/span> <\/li><li> <a href=\"https:\/\/webs.uab.cat\/sced\/publicacions-de-chiara-cappuccio\/\" data-type=\"page\" data-id=\"134\"><strong>CAPPUCCIO, Chiara<\/strong><\/a> <\/li><li> <a href=\"https:\/\/webs.uab.cat\/sced\/publicacions-de-miquel-desclot\/\" data-type=\"page\" data-id=\"202\"><span style=\"font-size: 14px;\"><strong>DESCLOT, Miquel<\/strong><\/span><\/a> <\/li><li> <a href=\"https:\/\/webs.uab.cat\/sced\/publicacions-de-leonardo-francalanci\/\" data-type=\"page\" data-id=\"215\"><span style=\"font-size: 14px;\"><strong>FRANCALANCI, Leonardo<\/strong><\/span><\/a> <\/li><li> <a href=\"https:\/\/webs.uab.cat\/sced\/publicacions-de-carme-font\/\" data-type=\"page\" data-id=\"200\"><span style=\"font-size: 14px;\"><strong>FONT, Carme<\/strong><\/span><\/a> <\/li><li> <a href=\"https:\/\/webs.uab.cat\/sced\/publicacions-de-gabriella-gavagnin\/\" data-type=\"page\" data-id=\"225\"><span style=\"font-size: 14px;\"><strong>GAVAGNIN, Gabriella<\/strong><\/span><\/a> <\/li><li> <a href=\"https:\/\/webs.uab.cat\/sced\/publicacions-de-beatriz-gines\/\" data-type=\"page\" data-id=\"201\"><span style=\"font-size: 14px;\"><strong>GIN\u00c9S, Beatriz<\/strong><\/span><\/a> <\/li><li> <a href=\"https:\/\/webs.uab.cat\/sced\/publicacions-de-francesc-j-gomez\/\" data-type=\"page\" data-id=\"203\"><span style=\"font-size: 14px;\"><strong>G\u00d3MEZ, Francesc J.<\/strong><\/span><\/a> <\/li><li> <a href=\"https:\/\/webs.uab.cat\/sced\/publicacions-de-marta-marfany\/\" data-type=\"page\" data-id=\"198\"><span style=\"font-size: 14px;\"><strong>MARFANY, Marta<\/strong><\/span><\/a> <\/li><li> <a href=\"https:\/\/webs.uab.cat\/sced\/piublicacions-de-jose-maria-mico\/\" data-type=\"page\" data-id=\"199\"><span style=\"font-size: 14px;\"><strong>MIC\u00d3, Jos\u00e9 Mar\u00eda<\/strong><\/span><\/a> <\/li><li> <a href=\"https:\/\/webs.uab.cat\/sced\/publicacions-de-maria-de-las-nieves-muniz\/\" data-type=\"page\" data-id=\"222\"><span style=\"font-size: 14px;\"><strong>NIEVES MU\u00d1IZ, Mar\u00eda de las<\/strong><\/span><\/a> <\/li><li> <a href=\"https:\/\/webs.uab.cat\/sced\/publicacions-de-marcel-ortin\/\" data-type=\"page\" data-id=\"220\"><span style=\"font-size: 14px;\"><strong>ORT\u00cdN, Marcel<\/strong><\/span><\/a> <\/li><li> <a href=\"https:\/\/webs.uab.cat\/sced\/publicacions-de-raquel-parera\/\" data-type=\"page\" data-id=\"212\"><span style=\"font-size: 14px;\"><strong>PARERA, Raquel<\/strong><\/span><\/a> <\/li><li> <a href=\"https:\/\/webs.uab.cat\/sced\/publicacions-de-raffaele-pinto\/\" data-type=\"page\" data-id=\"135\"><strong>PINTO, Raffaele<\/strong><\/a> <\/li><li> <a href=\"https:\/\/webs.uab.cat\/sced\/publicacions-de-didac-pujol\/\" data-type=\"page\" data-id=\"213\"><span style=\"font-size: 14px;\"><strong>PUJOL, D\u00eddac<\/strong><\/span><\/a> <\/li><li> <a href=\"https:\/\/webs.uab.cat\/sced\/publicacions-deduard-vilella\/\" data-type=\"page\" data-id=\"136\"><strong>VILELLA, Eduard<\/strong><\/a><\/li><\/ul>\n<\/div>\n<\/div>\n\n\n\n<p> <\/p>\n","protected":false},"excerpt":{"rendered":"<p>A continuaci\u00f3, trobareu les publicacions sobre Dante Alighieri i el seu temps que han escrit els membres de la societat. Si voleu afegir-ne cap, nom\u00e9s cal que envieu un missatge a&nbsp;societatcde@gmail.com, indicant-hi l&#8217;autor i la refer\u00e8ncia. \u200bARQU\u00c9S, Rossend CAPPUCCIO, Chiara DESCLOT, Miquel FRANCALANCI, Leonardo FONT, Carme GAVAGNIN, Gabriella GIN\u00c9S, Beatriz G\u00d3MEZ, Francesc J. MARFANY, Marta [&hellip;]<\/p>\n","protected":false},"author":20,"featured_media":0,"parent":0,"menu_order":0,"comment_status":"closed","ping_status":"closed","template":"","meta":{"footnotes":""},"class_list":["post-27","page","type-page","status-publish","hentry"],"_links":{"self":[{"href":"https:\/\/webs.uab.cat\/sced\/wp-json\/wp\/v2\/pages\/27","targetHints":{"allow":["GET"]}}],"collection":[{"href":"https:\/\/webs.uab.cat\/sced\/wp-json\/wp\/v2\/pages"}],"about":[{"href":"https:\/\/webs.uab.cat\/sced\/wp-json\/wp\/v2\/types\/page"}],"author":[{"embeddable":true,"href":"https:\/\/webs.uab.cat\/sced\/wp-json\/wp\/v2\/users\/20"}],"replies":[{"embeddable":true,"href":"https:\/\/webs.uab.cat\/sced\/wp-json\/wp\/v2\/comments?post=27"}],"version-history":[{"count":1,"href":"https:\/\/webs.uab.cat\/sced\/wp-json\/wp\/v2\/pages\/27\/revisions"}],"predecessor-version":[{"id":331,"href":"https:\/\/webs.uab.cat\/sced\/wp-json\/wp\/v2\/pages\/27\/revisions\/331"}],"wp:attachment":[{"href":"https:\/\/webs.uab.cat\/sced\/wp-json\/wp\/v2\/media?parent=27"}],"curies":[{"name":"wp","href":"https:\/\/api.w.org\/{rel}","templated":true}]}}