{"id":93,"date":"2019-03-08T12:29:55","date_gmt":"2019-03-08T12:29:55","guid":{"rendered":"https:\/\/webs.uab.cat\/sdpp\/que-som\/"},"modified":"2019-03-08T12:29:55","modified_gmt":"2019-03-08T12:29:55","slug":"que-som","status":"publish","type":"page","link":"https:\/\/webs.uab.cat\/sdpp\/","title":{"rendered":"Qu\u00e8 som?"},"content":{"rendered":"<p>El Servei de Diagn\u00f2stic Patol\u00f2gic en Peixos (SDPP) va n\u00e8ixer ja fa uns quinze anys a partir de la tasca de recerca en ictiopatologia i sanitat de peixos realitzada per la Dra. Silvia Crespo. Aquest servei es crea amb la principal vocaci\u00f3 de poder transferir a professionals, empreses i institucions p\u00fabliques i privades el coneixement generat en el camp de la salut i sanitat de peixos principalment, per\u00f2 tamb\u00e9 i altres organismes aqu\u00e0tics. El SDPP s&#8217;adre\u00e7a doncs als camps de l&#8217;aq\u00fcicultura continental i marina, peixos ornamentals, gesti\u00f3 d&#8217;estocs pisc\u00edcoles del medi natural, toxicologia aqu\u00e0tica i tamb\u00e9 recerca aplicada amb peixos com a model experimental.<\/p>\n","protected":false},"excerpt":{"rendered":"<p>El Servei de Diagn\u00f2stic Patol\u00f2gic en Peixos (SDPP) va n\u00e8ixer ja fa uns quinze anys a partir de la tasca de recerca en ictiopatologia i sanitat de peixos realitzada per la Dra. Silvia Crespo. Aquest servei es crea amb la principal vocaci\u00f3 de poder transferir a professionals, empreses i institucions p\u00fabliques i privades el coneixement [&hellip;]<\/p>\n","protected":false},"author":20,"featured_media":0,"parent":0,"menu_order":0,"comment_status":"closed","ping_status":"closed","template":"","meta":{"footnotes":""},"class_list":["post-93","page","type-page","status-publish","hentry"],"_links":{"self":[{"href":"https:\/\/webs.uab.cat\/sdpp\/wp-json\/wp\/v2\/pages\/93","targetHints":{"allow":["GET"]}}],"collection":[{"href":"https:\/\/webs.uab.cat\/sdpp\/wp-json\/wp\/v2\/pages"}],"about":[{"href":"https:\/\/webs.uab.cat\/sdpp\/wp-json\/wp\/v2\/types\/page"}],"author":[{"embeddable":true,"href":"https:\/\/webs.uab.cat\/sdpp\/wp-json\/wp\/v2\/users\/20"}],"replies":[{"embeddable":true,"href":"https:\/\/webs.uab.cat\/sdpp\/wp-json\/wp\/v2\/comments?post=93"}],"version-history":[{"count":0,"href":"https:\/\/webs.uab.cat\/sdpp\/wp-json\/wp\/v2\/pages\/93\/revisions"}],"wp:attachment":[{"href":"https:\/\/webs.uab.cat\/sdpp\/wp-json\/wp\/v2\/media?parent=93"}],"curies":[{"name":"wp","href":"https:\/\/api.w.org\/{rel}","templated":true}]}}