{"id":89,"date":"2017-03-07T12:23:41","date_gmt":"2017-03-07T12:23:41","guid":{"rendered":"https:\/\/webs.uab.cat\/sdpv\/solicitudes\/"},"modified":"2022-08-15T10:42:42","modified_gmt":"2022-08-15T10:42:42","slug":"solicitudes","status":"publish","type":"page","link":"https:\/\/webs.uab.cat\/sdpv\/solicitudes\/","title":{"rendered":"Solicitudes"},"content":{"rendered":"\n<p><strong>Para solicitar un diagn\u00f3stico de biopsia, editar los siguientes formularios:<\/strong><\/p>\n\n\n\n<p><strong>Modalidad&nbsp; <em>&#8220;Animales de compa\u00f1\u00eda&#8221;<\/em>&nbsp; y &nbsp; <em>&#8220;Animales de producci\u00f3n&#8221;<\/em><\/strong><\/p>\n\n\n\n<p><a href=\"https:\/\/webs.uab.cat\/sdpv\/wp-content\/uploads\/sites\/172\/2022\/08\/fitxes_a._companyia_cat_1_0.pdf\">Solicitud biopsia animales de compa\u00f1ia<\/a><\/p>\n\n\n\n<p><a href=\"https:\/\/webs.uab.cat\/sdpv\/wp-content\/uploads\/sites\/172\/2022\/08\/fitxes_a._produccio_cat6_0.pdf\">Solicitud biopsia animales de producci\u00f3n<\/a><\/p>\n","protected":false},"excerpt":{"rendered":"<p>Para solicitar un diagn\u00f3stico de biopsia, editar los siguientes formularios: Modalidad&nbsp; &#8220;Animales de compa\u00f1\u00eda&#8221;&nbsp; y &nbsp; &#8220;Animales de producci\u00f3n&#8221; Solicitud biopsia animales de compa\u00f1ia Solicitud biopsia animales de producci\u00f3n<\/p>\n","protected":false},"author":20,"featured_media":0,"parent":0,"menu_order":0,"comment_status":"closed","ping_status":"closed","template":"","meta":{"footnotes":""},"class_list":["post-89","page","type-page","status-publish","hentry"],"_links":{"self":[{"href":"https:\/\/webs.uab.cat\/sdpv\/wp-json\/wp\/v2\/pages\/89","targetHints":{"allow":["GET"]}}],"collection":[{"href":"https:\/\/webs.uab.cat\/sdpv\/wp-json\/wp\/v2\/pages"}],"about":[{"href":"https:\/\/webs.uab.cat\/sdpv\/wp-json\/wp\/v2\/types\/page"}],"author":[{"embeddable":true,"href":"https:\/\/webs.uab.cat\/sdpv\/wp-json\/wp\/v2\/users\/20"}],"replies":[{"embeddable":true,"href":"https:\/\/webs.uab.cat\/sdpv\/wp-json\/wp\/v2\/comments?post=89"}],"version-history":[{"count":1,"href":"https:\/\/webs.uab.cat\/sdpv\/wp-json\/wp\/v2\/pages\/89\/revisions"}],"predecessor-version":[{"id":157,"href":"https:\/\/webs.uab.cat\/sdpv\/wp-json\/wp\/v2\/pages\/89\/revisions\/157"}],"wp:attachment":[{"href":"https:\/\/webs.uab.cat\/sdpv\/wp-json\/wp\/v2\/media?parent=89"}],"curies":[{"name":"wp","href":"https:\/\/api.w.org\/{rel}","templated":true}]}}