{"id":91,"date":"2017-03-07T12:41:48","date_gmt":"2017-03-07T12:41:48","guid":{"rendered":"https:\/\/webs.uab.cat\/sdpv\/necropsias\/"},"modified":"2017-03-07T12:41:48","modified_gmt":"2017-03-07T12:41:48","slug":"necropsias","status":"publish","type":"page","link":"https:\/\/webs.uab.cat\/sdpv\/necropsias\/","title":{"rendered":"Necropsias"},"content":{"rendered":"<p>La necropsia consiste en un examen sistem\u00e1tico, completo y ordenado de un cad\u00e1ver con&nbsp; objeto de investigar la causa de la muerte, o de la enfermedad que padec\u00eda el animal. Es un procedimiento diagn\u00f3stico muy \u00fatil en diferentes \u00e1mbitos veterinarios: control epidemiol\u00f3gico, control terap\u00e9utico y toxicol\u00f3gico, control de la actuaci\u00f3n cl\u00ednica, diagn\u00f3stico forense, reclamaci\u00f3n de compra-venta de animales, estudios de investigaci\u00f3n y asistencia a la conservaci\u00f3n de especies salvajes y\/o protegidas.<\/p>\n<p>El SDPV ofrece un servicio integral de diagn\u00f3stico de necropsias de cualquier especie animal.<\/p>\n<ul>\n<li>Animales de compa\u00f1\u00eda (perro, gato, especies ex\u00f3ticas)<\/li>\n<li>Animales de granja (rumiantes, porcino, aviar, cun\u00edcola, etc.)<\/li>\n<li>\u00c9quidos<\/li>\n<li>Animales salvajes<\/li>\n<li>Animales de laboratorio<\/li>\n<\/ul>\n","protected":false},"excerpt":{"rendered":"<p>La necropsia consiste en un examen sistem\u00e1tico, completo y ordenado de un cad\u00e1ver con&nbsp; objeto de investigar la causa de la muerte, o de la enfermedad que padec\u00eda el animal. Es un procedimiento diagn\u00f3stico muy \u00fatil en diferentes \u00e1mbitos veterinarios: control epidemiol\u00f3gico, control terap\u00e9utico y toxicol\u00f3gico, control de la actuaci\u00f3n cl\u00ednica, diagn\u00f3stico forense, reclamaci\u00f3n de [&hellip;]<\/p>\n","protected":false},"author":20,"featured_media":0,"parent":0,"menu_order":0,"comment_status":"closed","ping_status":"closed","template":"","meta":{"footnotes":""},"class_list":["post-91","page","type-page","status-publish","hentry"],"_links":{"self":[{"href":"https:\/\/webs.uab.cat\/sdpv\/wp-json\/wp\/v2\/pages\/91","targetHints":{"allow":["GET"]}}],"collection":[{"href":"https:\/\/webs.uab.cat\/sdpv\/wp-json\/wp\/v2\/pages"}],"about":[{"href":"https:\/\/webs.uab.cat\/sdpv\/wp-json\/wp\/v2\/types\/page"}],"author":[{"embeddable":true,"href":"https:\/\/webs.uab.cat\/sdpv\/wp-json\/wp\/v2\/users\/20"}],"replies":[{"embeddable":true,"href":"https:\/\/webs.uab.cat\/sdpv\/wp-json\/wp\/v2\/comments?post=91"}],"version-history":[{"count":0,"href":"https:\/\/webs.uab.cat\/sdpv\/wp-json\/wp\/v2\/pages\/91\/revisions"}],"wp:attachment":[{"href":"https:\/\/webs.uab.cat\/sdpv\/wp-json\/wp\/v2\/media?parent=91"}],"curies":[{"name":"wp","href":"https:\/\/api.w.org\/{rel}","templated":true}]}}