{"id":98,"date":"2017-03-22T13:04:56","date_gmt":"2017-03-22T13:04:56","guid":{"rendered":"https:\/\/webs.uab.cat\/sdpv\/recursos-de-docencia-virtual\/"},"modified":"2017-03-22T13:04:56","modified_gmt":"2017-03-22T13:04:56","slug":"recursos-de-docencia-virtual","status":"publish","type":"page","link":"https:\/\/webs.uab.cat\/sdpv\/recursos-de-docencia-virtual\/","title":{"rendered":"Recursos de docencia virtual"},"content":{"rendered":"<p><strong>Recursos de docencia virtual<\/strong><\/p>\n<p>Con el fin de contribuir a la docencia de Grado y Postgrado, el SDPV pone a disposici\u00f3n de cualquier persona interesada una p\u00e1gina web con m\u00e1s de 2000 im\u00e1genes de patolog\u00eda veterinaria (Veterinary Pathology Image Database). La web est\u00e1 redactada en ingl\u00e9s, es de acceso libre y pretende ser una herramienta de apoyo para los estudiantes o profesionales veterinarios de cualquier pa\u00eds del mundo.<\/p>\n<ul>\n<li><a href=\"http:\/\/veterinariavirtual.uab.es\/archivopatologia\/index.php\" target=\"_blank\" rel=\"noopener\">Web archivo patolog\u00eda<\/a><\/li>\n<\/ul>\n","protected":false},"excerpt":{"rendered":"<p>Recursos de docencia virtual Con el fin de contribuir a la docencia de Grado y Postgrado, el SDPV pone a disposici\u00f3n de cualquier persona interesada una p\u00e1gina web con m\u00e1s de 2000 im\u00e1genes de patolog\u00eda veterinaria (Veterinary Pathology Image Database). La web est\u00e1 redactada en ingl\u00e9s, es de acceso libre y pretende ser una herramienta [&hellip;]<\/p>\n","protected":false},"author":20,"featured_media":0,"parent":0,"menu_order":0,"comment_status":"closed","ping_status":"closed","template":"","meta":{"footnotes":""},"class_list":["post-98","page","type-page","status-publish","hentry"],"_links":{"self":[{"href":"https:\/\/webs.uab.cat\/sdpv\/wp-json\/wp\/v2\/pages\/98","targetHints":{"allow":["GET"]}}],"collection":[{"href":"https:\/\/webs.uab.cat\/sdpv\/wp-json\/wp\/v2\/pages"}],"about":[{"href":"https:\/\/webs.uab.cat\/sdpv\/wp-json\/wp\/v2\/types\/page"}],"author":[{"embeddable":true,"href":"https:\/\/webs.uab.cat\/sdpv\/wp-json\/wp\/v2\/users\/20"}],"replies":[{"embeddable":true,"href":"https:\/\/webs.uab.cat\/sdpv\/wp-json\/wp\/v2\/comments?post=98"}],"version-history":[{"count":0,"href":"https:\/\/webs.uab.cat\/sdpv\/wp-json\/wp\/v2\/pages\/98\/revisions"}],"wp:attachment":[{"href":"https:\/\/webs.uab.cat\/sdpv\/wp-json\/wp\/v2\/media?parent=98"}],"curies":[{"name":"wp","href":"https:\/\/api.w.org\/{rel}","templated":true}]}}