{"id":17,"date":"2024-02-06T20:01:27","date_gmt":"2024-02-06T18:01:27","guid":{"rendered":"https:\/\/webs.uab.cat\/seaaq\/?page_id=17"},"modified":"2025-10-13T12:55:06","modified_gmt":"2025-10-13T10:55:06","slug":"projectes","status":"publish","type":"page","link":"https:\/\/webs.uab.cat\/seaaq\/projectes\/","title":{"rendered":"Projectes"},"content":{"rendered":"\n<div class=\"wp-block-buttons alignwide has-blanc-coco-background-color has-background is-content-justification-center is-layout-flex wp-container-core-buttons-is-layout-16018d1d wp-block-buttons-is-layout-flex\">\n<div class=\"wp-block-button is-style-fill\"><a class=\"wp-block-button__link wp-element-button\" href=\"#projectes-en-curs\">Projectes en Curs<\/a><\/div>\n\n\n\n<div class=\"wp-block-button is-style-fill\"><a class=\"wp-block-button__link wp-element-button\" href=\"#projectes-finalitzats\">PROJECTES FINALITZATS<\/a><\/div>\n<\/div>\n\n\n\n<h2 class=\"wp-block-heading alignfull\" id=\"projectes-en-curs\">   Projectes en curs<\/h2>\n\n\n\n<div class=\"wp-block-cover alignfull has-parallax\" style=\"min-height:538px;aspect-ratio:unset;\"><span aria-hidden=\"true\" class=\"wp-block-cover__background has-background-dim-40 has-background-dim\" style=\"background-color:#000000\"><\/span><div class=\"wp-block-cover__image-background wp-image-303 has-parallax\" style=\"background-position:50% 50%;background-image:url(https:\/\/webs.uab.cat\/seaaq\/wp-content\/uploads\/sites\/542\/2025\/02\/Foto_portada.jpg)\"><\/div><div class=\"wp-block-cover__inner-container is-layout-flow wp-block-cover-is-layout-flow\">\n<h2 class=\"wp-block-heading alignwide has-white-color has-text-color\" style=\"font-size:48px;line-height:1.2\">INDEEPSEA<br><strong><em>(2024-2028)<\/em><\/strong><\/h2>\n\n\n\n<div class=\"wp-block-columns alignwide is-layout-flex wp-container-core-columns-is-layout-9d6595d7 wp-block-columns-is-layout-flex\">\n<div class=\"wp-block-column is-layout-flow wp-block-column-is-layout-flow\" style=\"flex-basis:60%\">\n<p class=\"has-text-color has-small-font-size\" style=\"color:#ffffff\">Aquest projecte investigar\u00e0 com han evolucionat les comunitats faun\u00edstiques de mar profund de la conca Balear durant els darrers 35 anys. Analitzarem l&#8217;impacte de factors com el canvi clim\u00e0tic, l&#8217;activitat humana o el paper de les muntanyes submarines en la biodiversitat i la connectivitat de poblacions de peixos i crustacis.  Aportar aquest coneixement \u00e9s essencial per comprendre i protegir la vida en el mar profund.<\/p>\n<\/div>\n\n\n\n<div class=\"wp-block-column is-vertically-aligned-bottom is-layout-flow wp-block-column-is-layout-flow\">\n<div class=\"wp-block-buttons is-content-justification-right is-layout-flex wp-container-core-buttons-is-layout-765c4724 wp-block-buttons-is-layout-flex\">\n<div class=\"wp-block-button has-custom-width wp-block-button__width-75 is-style-fill\"><a class=\"wp-block-button__link has-negre-eben-color has-blanc-coco-background-color has-text-color has-background has-text-align-center wp-element-button\" href=\"http:\/\/webs.uab.cat\/in-deep-sea\"><strong>M\u00e9s sobre el projecte<\/strong><\/a><\/div>\n<\/div>\n<\/div>\n<\/div>\n<\/div><\/div>\n\n\n\n<div class=\"wp-block-cover alignfull has-parallax\" style=\"min-height:538px;aspect-ratio:unset;\"><span aria-hidden=\"true\" class=\"wp-block-cover__background has-background-dim-40 has-background-dim\" style=\"background-color:#000000\"><\/span><div class=\"wp-block-cover__image-background wp-image-273 has-parallax\" style=\"background-position:50% 50%;background-image:url(https:\/\/webs.uab.cat\/seaaq\/wp-content\/uploads\/sites\/542\/2025\/02\/IMG_7498-scaled-e1740056305895.jpg)\"><\/div><div class=\"wp-block-cover__inner-container is-layout-flow wp-block-cover-is-layout-flow\">\n<h2 class=\"wp-block-heading alignwide has-white-color has-text-color\" style=\"font-size:48px;line-height:1.2\">GARRAF_ENMAR<br><strong><em>(2024-2026)<\/em><\/strong><\/h2>\n\n\n\n<div class=\"wp-block-columns alignwide is-layout-flex wp-container-core-columns-is-layout-9d6595d7 wp-block-columns-is-layout-flex\">\n<div class=\"wp-block-column is-layout-flow wp-block-column-is-layout-flow\" style=\"flex-basis:60%\">\n<p class=\"has-text-color\" style=\"color:#ffffff\">Amb aquest projecte es vol avaluar l&#8217;estat de salut de les principals esp\u00e8cies d&#8217;inter\u00e8s per al sector pesquer de l&#8217;Espai Mar\u00ed de les Costes del Garraf, analitzant els nivells dels principals impactes, el seu possible efecte en la salut de les esp\u00e8cies i les possibles implicacions per a la seguretat aliment\u00e0ria. A m\u00e9s, es pret\u00e9n caracteritzar ecol\u00f2gicament l&#8217;espai mar\u00ed, tant la zona litoral on es desenvolupa la pesca artesanal i d&#8217;encerclament, com la plataforma i els canyons de la zona de la Plana del Foix, zona d&#8217;activitat de la pesca d&#8217;arrossegament.<\/p>\n<\/div>\n\n\n\n<div class=\"wp-block-column is-vertically-aligned-bottom is-layout-flow wp-block-column-is-layout-flow\">\n<div class=\"wp-block-buttons alignwide is-content-justification-right is-layout-flex wp-container-core-buttons-is-layout-e6df00e8 wp-block-buttons-is-layout-flex\">\n<div class=\"wp-block-button has-custom-width wp-block-button__width-75 is-style-fill\"><a class=\"wp-block-button__link has-negre-eben-color has-blanc-coco-background-color has-text-color has-background has-text-align-center wp-element-button\" href=\"https:\/\/webs.uab.cat\/garraf-en-mar\/\" style=\"border-radius:0px\">M\u00e9s sobre el projecte<\/a><\/div>\n<\/div>\n<\/div>\n<\/div>\n<\/div><\/div>\n\n\n\n<div class=\"wp-block-cover alignfull has-parallax\" style=\"min-height:538px;aspect-ratio:unset;\"><span aria-hidden=\"true\" class=\"wp-block-cover__background has-background-dim-40 has-background-dim\" style=\"background-color:#000000\"><\/span><div class=\"wp-block-cover__image-background wp-image-549 has-parallax\" style=\"background-position:50% 50%;background-image:url(https:\/\/webs.uab.cat\/seaaq\/wp-content\/uploads\/sites\/542\/2025\/10\/20190718_130257-scaled.jpg)\"><\/div><div class=\"wp-block-cover__inner-container is-layout-flow wp-block-cover-is-layout-flow\">\n<h2 class=\"wp-block-heading alignwide has-white-color has-text-color\" style=\"font-size:48px;line-height:1.2\">SONIMAR<br><strong><em>(2025)<\/em><\/strong><\/h2>\n\n\n\n<div class=\"wp-block-columns alignwide is-layout-flex wp-container-core-columns-is-layout-9d6595d7 wp-block-columns-is-layout-flex\">\n<div class=\"wp-block-column is-layout-flow wp-block-column-is-layout-flow\" style=\"flex-basis:60%\">\n<p class=\"has-text-color\" style=\"color:#ffffff\">El projecte SONIMAR pret\u00e9n elaborar un cat\u00e0leg ac\u00fastic d\u2019h\u00e0bitats i esp\u00e8cies marines d\u2019inter\u00e8s pesquer, que serveixi de refer\u00e8ncia per a la identificaci\u00f3 de zones de pesca potencial i per al desenvolupament d\u2019eines innovadores que afavoreixin una activitat pesquera m\u00e9s eficient i sostenible. A trav\u00e9s del monitoreig ac\u00fastic passiu, el projecte busca relacionar els sons emesos per esp\u00e8cies d\u2019inter\u00e8s pesquer amb la seva pres\u00e8ncia i abund\u00e0ncia, contribuint aix\u00ed a la caracteritzaci\u00f3 ac\u00fastica dels ecosistemes marins i a la gesti\u00f3 responsable dels recursos..<\/p>\n<\/div>\n\n\n\n<div class=\"wp-block-column is-vertically-aligned-bottom is-layout-flow wp-block-column-is-layout-flow\">\n<div class=\"wp-block-buttons alignwide is-content-justification-right is-layout-flex wp-container-core-buttons-is-layout-e6df00e8 wp-block-buttons-is-layout-flex\">\n<div class=\"wp-block-button has-custom-width wp-block-button__width-75 is-style-fill\"><a class=\"wp-block-button__link has-negre-eben-color has-blanc-coco-background-color has-text-color has-background has-text-align-center wp-element-button\" href=\"https:\/\/webs.uab.cat\/sonimar\" style=\"border-radius:0px\">M\u00e9s sobre el projecte<\/a><\/div>\n<\/div>\n<\/div>\n<\/div>\n<\/div><\/div>\n\n\n\n<h2 class=\"wp-block-heading alignfull\" id=\"projectes-finalitzats\">   Projectes finalitzats<\/h2>\n\n\n\n<div class=\"wp-block-cover alignfull has-parallax\" style=\"min-height:538px;aspect-ratio:unset;\"><span aria-hidden=\"true\" class=\"wp-block-cover__background has-background-dim-40 has-background-dim\" style=\"background-color:#000000\"><\/span><div class=\"wp-block-cover__image-background wp-image-512 has-parallax\" style=\"background-position:50% 50%;background-image:url(https:\/\/webs.uab.cat\/seaaq\/wp-content\/uploads\/sites\/542\/2025\/04\/IMG_20190717_113010-scaled.jpg)\"><\/div><div class=\"wp-block-cover__inner-container is-layout-flow wp-block-cover-is-layout-flow\">\n<h2 class=\"wp-block-heading alignwide has-white-color has-text-color\" style=\"font-size:48px;line-height:1.2\">GATMET<em> <\/em><br><em>(2023)<\/em><\/h2>\n\n\n\n<div class=\"wp-block-columns alignwide is-layout-flex wp-container-core-columns-is-layout-9d6595d7 wp-block-columns-is-layout-flex\">\n<div class=\"wp-block-column is-layout-flow wp-block-column-is-layout-flow\" style=\"flex-basis:60%\">\n<p class=\"has-text-color\" style=\"color:#ffffff\">Aquest projecte avalua els nivells de metalls pesants en el gat (<em>Scyliorhinus canicula<\/em>) i altres esp\u00e8cies bent\u00f2niques d\u2019inter\u00e8s pesquer a la Mar Catalana. Es van analitzar mercuri, ars\u00e8nic, cadmi i plom en condrictis comercials com la moixina (<em>Galeus melastomus<\/em>) i en tres esp\u00e8cies addicionals: escamarl\u00e0, gamba blanca i pelaia. L\u2019objectiu era determinar la corba d\u2019acumulaci\u00f3 de mercuri segons la talla per minimitzar riscos en el consum, incloent dades comparatives d\u2019altres esp\u00e8cies comercials per avaluar-ne la seguretat aliment\u00e0ria.<\/p>\n<\/div>\n\n\n\n<div class=\"wp-block-column is-vertically-aligned-bottom is-layout-flow wp-block-column-is-layout-flow\">\n<div class=\"wp-block-buttons alignwide is-content-justification-right is-layout-flex wp-container-core-buttons-is-layout-e6df00e8 wp-block-buttons-is-layout-flex\">\n<div class=\"wp-block-button has-custom-width wp-block-button__width-75 is-style-fill\"><a class=\"wp-block-button__link has-negre-eben-color has-blanc-coco-background-color has-text-color has-background has-text-align-center wp-element-button\" href=\"https:\/\/webs.uab.cat\/seaaq\/2025\/04\/03\/gatmet\/\" style=\"border-radius:0px\">M\u00e9s sobre el projecte<\/a><\/div>\n<\/div>\n<\/div>\n<\/div>\n<\/div><\/div>\n\n\n\n<div class=\"wp-block-cover alignfull has-parallax\" style=\"min-height:538px;aspect-ratio:unset;\"><span aria-hidden=\"true\" class=\"wp-block-cover__background has-background-dim-40 has-background-dim\" style=\"background-color:#000000\"><\/span><div class=\"wp-block-cover__image-background wp-image-511 has-parallax\" style=\"background-position:50% 50%;background-image:url(https:\/\/webs.uab.cat\/seaaq\/wp-content\/uploads\/sites\/542\/2025\/04\/P7100051-scaled.jpg)\"><\/div><div class=\"wp-block-cover__inner-container is-layout-flow wp-block-cover-is-layout-flow\">\n<h2 class=\"wp-block-heading alignwide has-white-color has-text-color\" style=\"font-size:48px;line-height:1.2\">REVALORA EL GAT <br><em>(2022)<\/em><\/h2>\n\n\n\n<div class=\"wp-block-columns alignwide is-layout-flex wp-container-core-columns-is-layout-9d6595d7 wp-block-columns-is-layout-flex\">\n<div class=\"wp-block-column is-layout-flow wp-block-column-is-layout-flow\" style=\"flex-basis:60%\">\n<p class=\"has-text-color\" style=\"color:#ffffff\">Aquest projecte estudia la talla m\u00ednima de maduresa sexual i l\u2019estat de salut del gat (<em>Scyliorhinus canicula<\/em>) per afavorir-ne la pesca sostenible i la revaloritzaci\u00f3 comercial. Es van analitzar par\u00e0sits zoon\u00f2tics, condici\u00f3 f\u00edsica i cicles reproductius per proporcionar dades essencials a les confraries i pescadors. Tot i que el projecte finan\u00e7at ha durat sis mesos, la recerca continuar\u00e0 fins a un any per obtenir una s\u00e8rie temporal completa i establir mesures de gesti\u00f3 eficients per a aquesta esp\u00e8cie d\u2019inter\u00e8s pesquer.<\/p>\n<\/div>\n\n\n\n<div class=\"wp-block-column is-vertically-aligned-bottom is-layout-flow wp-block-column-is-layout-flow\">\n<div class=\"wp-block-buttons alignwide is-content-justification-right is-layout-flex wp-container-core-buttons-is-layout-e6df00e8 wp-block-buttons-is-layout-flex\">\n<div class=\"wp-block-button has-custom-width wp-block-button__width-75 is-style-fill\"><a class=\"wp-block-button__link has-negre-eben-color has-blanc-coco-background-color has-text-color has-background has-text-align-center wp-element-button\" href=\"https:\/\/webs.uab.cat\/seaaq\/2025\/04\/03\/revalora-el-gat\/\" style=\"border-radius:0px\">M\u00e9s sobre el projecte<\/a><\/div>\n<\/div>\n<\/div>\n<\/div>\n<\/div><\/div>\n\n\n\n<!--more-->\n\n\n\n<div class=\"wp-block-cover alignfull has-parallax\" style=\"min-height:538px;aspect-ratio:unset;\"><span aria-hidden=\"true\" class=\"wp-block-cover__background has-background-dim-40 has-background-dim\" style=\"background-color:#000000\"><\/span><div class=\"wp-block-cover__image-background wp-image-510 has-parallax\" style=\"background-position:50% 50%;background-image:url(https:\/\/webs.uab.cat\/seaaq\/wp-content\/uploads\/sites\/542\/2025\/04\/IMG_20180517_182423_terraBlanes-scaled.jpg)\"><\/div><div class=\"wp-block-cover__inner-container is-layout-flow wp-block-cover-is-layout-flow\">\n<h2 class=\"wp-block-heading alignwide has-white-color has-text-color\" style=\"font-size:48px;line-height:1.2\">PLASMAR <br><em>(2019-2022)<\/em><\/h2>\n\n\n\n<div class=\"wp-block-columns alignwide is-layout-flex wp-container-core-columns-is-layout-9d6595d7 wp-block-columns-is-layout-flex\">\n<div class=\"wp-block-column is-layout-flow wp-block-column-is-layout-flow\" style=\"flex-basis:60%\">\n<p class=\"has-text-color\" style=\"color:#ffffff\"><\/p>\n<\/div>\n\n\n\n<div class=\"wp-block-column is-vertically-aligned-bottom is-layout-flow wp-block-column-is-layout-flow\">\n<div class=\"wp-block-buttons alignwide is-content-justification-right is-layout-flex wp-container-core-buttons-is-layout-e6df00e8 wp-block-buttons-is-layout-flex\">\n<div class=\"wp-block-button has-custom-width wp-block-button__width-75 is-style-fill\"><a class=\"wp-block-button__link has-negre-eben-color has-blanc-coco-background-color has-text-color has-background has-text-align-center wp-element-button\" href=\"https:\/\/webs.uab.cat\/seaaq\/2024\/02\/08\/plasmar\/\" style=\"border-radius:0px\">M\u00e9s sobre el projecte<\/a><\/div>\n<\/div>\n<\/div>\n<\/div>\n<\/div><\/div>\n\n\n\n<div class=\"wp-block-cover alignfull has-parallax\" style=\"min-height:538px;aspect-ratio:unset;\"><span aria-hidden=\"true\" class=\"wp-block-cover__background has-background-dim-40 has-background-dim\" style=\"background-color:#000000\"><\/span><div class=\"wp-block-cover__image-background wp-image-508 has-parallax\" style=\"background-position:50% 50%;background-image:url(https:\/\/webs.uab.cat\/seaaq\/wp-content\/uploads\/sites\/542\/2025\/04\/20190626_062527-scaled.jpg)\"><\/div><div class=\"wp-block-cover__inner-container is-layout-flow wp-block-cover-is-layout-flow\">\n<h2 class=\"wp-block-heading alignwide has-white-color has-text-color\" style=\"font-size:48px;line-height:1.2\">SOMPESCA <br><em>(2019-2021)<\/em><\/h2>\n\n\n\n<div class=\"wp-block-columns alignwide is-layout-flex wp-container-core-columns-is-layout-9d6595d7 wp-block-columns-is-layout-flex\">\n<div class=\"wp-block-column is-layout-flow wp-block-column-is-layout-flow\" style=\"flex-basis:60%\">\n<p class=\"has-text-color\" style=\"color:#ffffff\"><\/p>\n<\/div>\n\n\n\n<div class=\"wp-block-column is-vertically-aligned-bottom is-layout-flow wp-block-column-is-layout-flow\">\n<div class=\"wp-block-buttons alignwide is-content-justification-right is-layout-flex wp-container-core-buttons-is-layout-e6df00e8 wp-block-buttons-is-layout-flex\">\n<div class=\"wp-block-button has-custom-width wp-block-button__width-75 is-style-fill\"><a class=\"wp-block-button__link has-negre-eben-color has-blanc-coco-background-color has-text-color has-background has-text-align-center wp-element-button\" href=\"https:\/\/webs.uab.cat\/seaaq\/2024\/02\/08\/sompesca\/\" style=\"border-radius:0px\">M\u00e9s sobre el projecte<\/a><\/div>\n<\/div>\n<\/div>\n<\/div>\n<\/div><\/div>\n\n\n\n<div class=\"wp-block-cover alignfull has-parallax\" style=\"min-height:538px;aspect-ratio:unset;\"><span aria-hidden=\"true\" class=\"wp-block-cover__background has-background-dim-40 has-background-dim\" style=\"background-color:#000000\"><\/span><div class=\"wp-block-cover__image-background wp-image-489 has-parallax\" style=\"background-position:50% 50%;background-image:url(https:\/\/webs.uab.cat\/seaaq\/wp-content\/uploads\/sites\/542\/2025\/04\/DSCN1552-1-scaled.jpg)\"><\/div><div class=\"wp-block-cover__inner-container is-layout-flow wp-block-cover-is-layout-flow\">\n<h2 class=\"wp-block-heading alignwide has-white-color has-text-color\" style=\"font-size:48px;line-height:1.2\">ANTROMARE<br><strong><em>(2010-2014)<\/em><\/strong><\/h2>\n\n\n\n<div class=\"wp-block-columns alignwide is-layout-flex wp-container-core-columns-is-layout-9d6595d7 wp-block-columns-is-layout-flex\">\n<div class=\"wp-block-column is-layout-flow wp-block-column-is-layout-flow\" style=\"flex-basis:60%\">\n<p class=\"has-text-color\" style=\"color:#ffffff\">El projecte ANTROMARE va estudiar l&#8217;impacte de les activitats humanes en els ecosistemes de mar profund del Mediterrani, centrant-se en la variabilitat natural i els efectes del canvi clim\u00e0tic, l\u2019arrossegament i la contaminaci\u00f3. Mitjan\u00e7ant una aproximaci\u00f3 multidisciplin\u00e0ria, es van analitzar biomarcadors, canvis ecol\u00f2gics i contaminants per entendre l\u2019afectaci\u00f3 sobre la biodiversitat, la salut d\u2019esp\u00e8cies i la din\u00e0mica de les comunitats, contribuint al coneixement i protecci\u00f3 d\u2019aquests h\u00e0bitats vulnerables.<\/p>\n<\/div>\n\n\n\n<div class=\"wp-block-column is-vertically-aligned-bottom is-layout-flow wp-block-column-is-layout-flow\">\n<div class=\"wp-block-buttons alignwide is-content-justification-right is-layout-flex wp-container-core-buttons-is-layout-e6df00e8 wp-block-buttons-is-layout-flex\">\n<div class=\"wp-block-button has-custom-width wp-block-button__width-75 is-style-fill\"><a class=\"wp-block-button__link has-negre-eben-color has-blanc-coco-background-color has-text-color has-background has-text-align-center wp-element-button\" href=\"https:\/\/webs.uab.cat\/seaaq\/2025\/04\/03\/antromare\/\" style=\"border-radius:0px\">M\u00e9s sobre el projecte<\/a><\/div>\n<\/div>\n<\/div>\n<\/div>\n<\/div><\/div>\n\n\n\n<div class=\"wp-block-cover alignfull has-parallax\" style=\"min-height:538px;aspect-ratio:unset;\"><span aria-hidden=\"true\" class=\"wp-block-cover__background has-background-dim-40 has-background-dim\" style=\"background-color:#000000\"><\/span><div class=\"wp-block-cover__image-background wp-image-491 has-parallax\" style=\"background-position:50% 50%;background-image:url(https:\/\/webs.uab.cat\/seaaq\/wp-content\/uploads\/sites\/542\/2025\/04\/P1150828-1-scaled.jpg)\"><\/div><div class=\"wp-block-cover__inner-container is-layout-flow wp-block-cover-is-layout-flow\">\n<h2 class=\"wp-block-heading alignwide has-white-color has-text-color\" style=\"font-size:48px;line-height:1.2\">BIOMARE<br><strong><em>(2006-2009)<\/em><\/strong><\/h2>\n\n\n\n<div class=\"wp-block-columns alignwide is-layout-flex wp-container-core-columns-is-layout-9d6595d7 wp-block-columns-is-layout-flex\">\n<div class=\"wp-block-column is-layout-flow wp-block-column-is-layout-flow\" style=\"flex-basis:60%\">\n<p class=\"has-text-color\" style=\"color:#ffffff\">El projecte BIOMARE va estudiar biomarcadors per avaluar l\u2019impacte antropog\u00e8nic en ecosistemes marins del Mediterrani. Es van analitzar connexions entre respostes bioqu\u00edmiques, histol\u00f2giques, diet\u00e8tiques i parasit\u00e0ries amb l\u2019exposici\u00f3 a contaminants. Es van investigar biomarcadors a diferents nivells: bioqu\u00edmic, cel\u00b7lular, fisiol\u00f2gic i ecosist\u00e8mic. L\u2019enfocament multidisciplinari va incloure an\u00e0lisis ambientals, contaminants, models predictius i din\u00e0miques tr\u00f2fiques per determinar l\u2019estat ecol\u00f2gic dels h\u00e0bitats estudiats.<\/p>\n<\/div>\n\n\n\n<div class=\"wp-block-column is-vertically-aligned-bottom is-layout-flow wp-block-column-is-layout-flow\">\n<div class=\"wp-block-buttons alignwide is-content-justification-right is-layout-flex wp-container-core-buttons-is-layout-e6df00e8 wp-block-buttons-is-layout-flex\">\n<div class=\"wp-block-button has-custom-width wp-block-button__width-75 is-style-fill\"><a class=\"wp-block-button__link has-negre-eben-color has-blanc-coco-background-color has-text-color has-background has-text-align-center wp-element-button\" href=\"https:\/\/webs.uab.cat\/seaaq\/2025\/04\/03\/biomare\/\" style=\"border-radius:0px\">M\u00e9s sobre el projecte<\/a><\/div>\n<\/div>\n<\/div>\n<\/div>\n<\/div><\/div>\n\n\n\n<p><\/p>\n\n\n\n<p><\/p>\n","protected":false},"excerpt":{"rendered":"<p>Projectes en curs Projectes finalitzats<\/p>\n","protected":false},"author":2850,"featured_media":0,"parent":0,"menu_order":3,"comment_status":"closed","ping_status":"closed","template":"","meta":{"footnotes":""},"class_list":["post-17","page","type-page","status-publish","hentry"],"_links":{"self":[{"href":"https:\/\/webs.uab.cat\/seaaq\/wp-json\/wp\/v2\/pages\/17","targetHints":{"allow":["GET"]}}],"collection":[{"href":"https:\/\/webs.uab.cat\/seaaq\/wp-json\/wp\/v2\/pages"}],"about":[{"href":"https:\/\/webs.uab.cat\/seaaq\/wp-json\/wp\/v2\/types\/page"}],"author":[{"embeddable":true,"href":"https:\/\/webs.uab.cat\/seaaq\/wp-json\/wp\/v2\/users\/2850"}],"replies":[{"embeddable":true,"href":"https:\/\/webs.uab.cat\/seaaq\/wp-json\/wp\/v2\/comments?post=17"}],"version-history":[{"count":37,"href":"https:\/\/webs.uab.cat\/seaaq\/wp-json\/wp\/v2\/pages\/17\/revisions"}],"predecessor-version":[{"id":550,"href":"https:\/\/webs.uab.cat\/seaaq\/wp-json\/wp\/v2\/pages\/17\/revisions\/550"}],"wp:attachment":[{"href":"https:\/\/webs.uab.cat\/seaaq\/wp-json\/wp\/v2\/media?parent=17"}],"curies":[{"name":"wp","href":"https:\/\/api.w.org\/{rel}","templated":true}]}}