{"id":8,"date":"2024-02-06T19:50:18","date_gmt":"2024-02-06T17:50:18","guid":{"rendered":"https:\/\/webs.uab.cat\/seaaq\/?page_id=8"},"modified":"2025-02-24T13:12:29","modified_gmt":"2025-02-24T11:12:29","slug":"presentacio","status":"publish","type":"page","link":"https:\/\/webs.uab.cat\/seaaq\/","title":{"rendered":"Presentaci\u00f3"},"content":{"rendered":"\n<p class=\"has-small-font-size\">Som un grup de recerca de la Universitat Aut\u00f2noma de Barcelona que estudia l&#8217;estat de salut d&#8217;ecosistemes i animals aqu\u00e0tics en relaci\u00f3 amb els impactes antropog\u00e8nics, aix\u00ed com la biodiversitat i la seva relaci\u00f3 amb els par\u00e0metres ambientals. Ens centrem principalment en els ecosistemes marins per\u00f2 tamb\u00e9 en ambients d\u2019aigua dol\u00e7a, analitzant els factors que condicionen la seva estructura i funcionament.<\/p>\n\n\n\n<p class=\"has-small-font-size\">Gran part de la nostra recerca es focalitza en poblacions de peixos i crustacis d\u2019inter\u00e8s pesquer, aix\u00ed com en comunitats de mar profund, amb l\u2019objectiu d\u2019explicar les causes que determinen la seva salut i el seu equilibri ecol\u00f2gic. Per comprendre millor aquests processos, estudiem la histopatologia, la parasitologia i la condici\u00f3 fisiol\u00f2gica dels animals aqu\u00e0tics, aix\u00ed com l\u2019impacte de diferents factors ambientals i antropog\u00e8nics. Un dels nostres eixos principals \u00e9s l\u2019an\u00e0lisi de contaminants com els micropl\u00e0stics i els metalls, per tal de determinar-ne els possibles efectes en la salut dels organismes i en la din\u00e0mica dels ecosistemes.<\/p>\n\n\n\n<p>A m\u00e9s, treballem amb eines moleculars tant per facilitar la identificaci\u00f3 d\u2019organismes com per estudiar la gen\u00e8tica de poblacions, contribuint aix\u00ed a la comprensi\u00f3 de la seva estructura, connectivitat i capacitat de resposta als canvis ambientals. Aquesta aproximaci\u00f3 ens permet aprofundir en el coneixement de les esp\u00e8cies i dels processos que modelen la seva distribuci\u00f3 i evoluci\u00f3.<\/p>\n\n\n\n<p>Un aspecte fonamental del nostre grup \u00e9s la col\u00b7laboraci\u00f3 amb el sector pesquer i altres actors implicats en la gesti\u00f3 dels recursos aqu\u00e0tics. Treballem estretament amb pescadors, aq\u00fcicultors i administracions per transferir el coneixement generat i contribuir a una gesti\u00f3 sostenible dels ecosistemes marins i d\u2019aigua dol\u00e7a. Aix\u00ed mateix, considerem essencial la divulgaci\u00f3 d\u2019aquests resultats al p\u00fablic general per fomentar la consci\u00e8ncia sobre l\u2019estat de salut dels ecosistemes aqu\u00e0tics i la import\u00e0ncia de preservar-los.<\/p>\n\n\n\n<p class=\"has-small-font-size\">Amb un enfocament interdisciplinari i integrador, al SEAaq busquem comprendre els reptes ambientals actuals i oferir eines cient\u00edfiques que ajudin a conservar i gestionar de manera sostenible la vida aqu\u00e0tica.<\/p>\n","protected":false},"excerpt":{"rendered":"<p>Som un grup de recerca de la Universitat Aut\u00f2noma de Barcelona que estudia l&#8217;estat de salut d&#8217;ecosistemes i animals aqu\u00e0tics en relaci\u00f3 amb els impactes antropog\u00e8nics, aix\u00ed com la biodiversitat i la seva relaci\u00f3 amb els par\u00e0metres ambientals. Ens centrem principalment en els ecosistemes marins per\u00f2 tamb\u00e9 en ambients d\u2019aigua dol\u00e7a, analitzant els factors que [&hellip;]<\/p>\n","protected":false},"author":2850,"featured_media":0,"parent":0,"menu_order":1,"comment_status":"closed","ping_status":"closed","template":"","meta":{"footnotes":""},"class_list":["post-8","page","type-page","status-publish","hentry"],"_links":{"self":[{"href":"https:\/\/webs.uab.cat\/seaaq\/wp-json\/wp\/v2\/pages\/8","targetHints":{"allow":["GET"]}}],"collection":[{"href":"https:\/\/webs.uab.cat\/seaaq\/wp-json\/wp\/v2\/pages"}],"about":[{"href":"https:\/\/webs.uab.cat\/seaaq\/wp-json\/wp\/v2\/types\/page"}],"author":[{"embeddable":true,"href":"https:\/\/webs.uab.cat\/seaaq\/wp-json\/wp\/v2\/users\/2850"}],"replies":[{"embeddable":true,"href":"https:\/\/webs.uab.cat\/seaaq\/wp-json\/wp\/v2\/comments?post=8"}],"version-history":[{"count":30,"href":"https:\/\/webs.uab.cat\/seaaq\/wp-json\/wp\/v2\/pages\/8\/revisions"}],"predecessor-version":[{"id":326,"href":"https:\/\/webs.uab.cat\/seaaq\/wp-json\/wp\/v2\/pages\/8\/revisions\/326"}],"wp:attachment":[{"href":"https:\/\/webs.uab.cat\/seaaq\/wp-json\/wp\/v2\/media?parent=8"}],"curies":[{"name":"wp","href":"https:\/\/api.w.org\/{rel}","templated":true}]}}