{"id":31,"date":"2011-07-29T21:31:09","date_gmt":"2011-07-29T21:31:09","guid":{"rendered":"https:\/\/webs.uab.cat\/sebastiagiralt\/benvinguda\/"},"modified":"2025-03-11T23:27:37","modified_gmt":"2025-03-11T23:27:37","slug":"benvinguda","status":"publish","type":"page","link":"https:\/\/webs.uab.cat\/sebastiagiralt\/","title":{"rendered":"Benvinguda"},"content":{"rendered":"\n<div class=\"wp-block-media-text is-stacked-on-mobile\" style=\"grid-template-columns:36% auto\"><figure class=\"wp-block-media-text__media\"><img loading=\"lazy\" decoding=\"async\" width=\"241\" height=\"240\" src=\"https:\/\/webs.uab.cat\/sebastiagiralt\/wp-content\/uploads\/sites\/94\/2011\/07\/foto.jpg\" alt=\"nid%3D22%7Ctitle%3D%7Cdesc%3D%7Clink%3Dnone\" class=\"wp-image-30 size-full\" srcset=\"https:\/\/webs.uab.cat\/sebastiagiralt\/wp-content\/uploads\/sites\/94\/2011\/07\/foto.jpg 241w, https:\/\/webs.uab.cat\/sebastiagiralt\/wp-content\/uploads\/sites\/94\/2011\/07\/foto-150x150.jpg 150w\" sizes=\"auto, (max-width: 241px) 100vw, 241px\" \/><\/figure><div class=\"wp-block-media-text__content\">\n<h2><strong>Benvinguts al web acad\u00e8mic de Sebasti\u00e0 Giralt<\/strong><\/h2>\n<p>Aqu\u00ed trobareu informaci\u00f3 sobre les assignatures que imparteixo i sobre la meva traject\u00f2ria acad\u00e8mica, investigadora i docent, amb acc\u00e9s als meus treballs publicats a la xarxa.<\/p>\n<\/div><\/div>\n\n\n\n<p>Professor agregat de Filologia Llatina<\/p>\n\n\n\n<p>Correu electr\u00f2nic (e-mail): sebastia.giralt@uab.cat<\/p>\n\n\n\n<p>Adre\u00e7a postal:<br><a rel=\"noopener\" href=\"http:\/\/www.uab.cat\/departament\/ciencies-antiguitat-edat-mitjana\/\" target=\"_blank\">Departament de Ci\u00e8ncies de l&#8217;Antiguitat i l&#8217;Edat Mitjana<\/a>, Edifici B,<br><a rel=\"noopener\" href=\"http:\/\/www.uab.cat\/servlet\/Satellite\/coneix-la-uab\/planols-i-transports\/planols\/campus-de-bellaterra\/planol-del-campus-de-bellaterra-1096476529693.html\" target=\"_blank\">Campus de la Universitat Aut\u00f2noma de Barcelona<\/a>, 08193 Bellaterra (Cerdanyola del Vall\u00e8s).&nbsp;<\/p>\n\n\n\n<p>Despatx: B\/163<\/p>\n\n\n\n<div class=\"wp-block-columns is-layout-flex wp-container-core-columns-is-layout-9d6595d7 wp-block-columns-is-layout-flex\">\n<div class=\"wp-block-column is-layout-flow wp-block-column-is-layout-flow\" style=\"flex-basis:33.33%\">\n<h2 class=\"wp-block-heading\">Horari d&#8217;atenci\u00f3:<\/h2>\n<\/div>\n\n\n\n<div class=\"wp-block-column is-layout-flow wp-block-column-is-layout-flow\" style=\"flex-basis:66.66%\">\n<p><strong>primer semestre 2024-2025:<\/strong><\/p>\n<p>&#8211; Hores fixes:<br \/>dilluns 10,30h-12,30 h,<br \/>&#8211; Hores amb cita pr\u00e8via:<br \/>divendres 90,30h-11,30 h,<br \/>divendres 13-15 h<\/p>\n\n\n\n<p><strong>segon semestre 2024-2025:\u00a0<\/strong><\/p>\n<p>\u2013 Hores fixes:<br \/>dijous 10,30-12,30<br \/>\u2013 Hores amb cita pr\u00e8via:<br \/>dijous 9,30-10,30 i 15,30-16.30<br \/>dimecres i divendres 11,30-12,30<\/p>\n<\/div>\n<\/div>\n\n\n\n<p>Tel\u00e8fon: +34 93 586 83 41<br>Fax: +34 93 581 31 14<\/p>\n","protected":false},"excerpt":{"rendered":"<p>Benvinguts al web acad\u00e8mic de Sebasti\u00e0 Giralt Aqu\u00ed trobareu informaci\u00f3 sobre les assignatures que imparteixo i sobre la meva traject\u00f2ria acad\u00e8mica, investigadora i docent, amb acc\u00e9s als meus treballs publicats a la xarxa. Professor agregat de Filologia Llatina Correu electr\u00f2nic (e-mail): sebastia.giralt@uab.cat Adre\u00e7a postal:Departament de Ci\u00e8ncies de l&#8217;Antiguitat i l&#8217;Edat Mitjana, Edifici B,Campus de la [&hellip;]<\/p>\n","protected":false},"author":20,"featured_media":0,"parent":0,"menu_order":0,"comment_status":"closed","ping_status":"closed","template":"","meta":{"footnotes":""},"class_list":["post-31","page","type-page","status-publish","hentry"],"_links":{"self":[{"href":"https:\/\/webs.uab.cat\/sebastiagiralt\/wp-json\/wp\/v2\/pages\/31","targetHints":{"allow":["GET"]}}],"collection":[{"href":"https:\/\/webs.uab.cat\/sebastiagiralt\/wp-json\/wp\/v2\/pages"}],"about":[{"href":"https:\/\/webs.uab.cat\/sebastiagiralt\/wp-json\/wp\/v2\/types\/page"}],"author":[{"embeddable":true,"href":"https:\/\/webs.uab.cat\/sebastiagiralt\/wp-json\/wp\/v2\/users\/20"}],"replies":[{"embeddable":true,"href":"https:\/\/webs.uab.cat\/sebastiagiralt\/wp-json\/wp\/v2\/comments?post=31"}],"version-history":[{"count":11,"href":"https:\/\/webs.uab.cat\/sebastiagiralt\/wp-json\/wp\/v2\/pages\/31\/revisions"}],"predecessor-version":[{"id":168,"href":"https:\/\/webs.uab.cat\/sebastiagiralt\/wp-json\/wp\/v2\/pages\/31\/revisions\/168"}],"wp:attachment":[{"href":"https:\/\/webs.uab.cat\/sebastiagiralt\/wp-json\/wp\/v2\/media?parent=31"}],"curies":[{"name":"wp","href":"https:\/\/api.w.org\/{rel}","templated":true}]}}