{"id":1129,"date":"2024-05-07T12:30:07","date_gmt":"2024-05-07T10:30:07","guid":{"rendered":"https:\/\/webs.uab.cat\/setmanainnovacio\/?page_id=1129"},"modified":"2026-04-21T13:18:46","modified_gmt":"2026-04-21T11:18:46","slug":"activitats-2026","status":"publish","type":"page","link":"https:\/\/webs.uab.cat\/setmanainnovacio\/activitats-2026\/","title":{"rendered":"Activitats 2026"},"content":{"rendered":"\n<div class=\"wp-block-group alignfull has-blanc-coco-background-color has-background\" style=\"padding-top:6vw;padding-right:6vw;padding-bottom:6vw;padding-left:6vw\"><div class=\"wp-block-group__inner-container is-layout-flow wp-block-group-is-layout-flow\">\n<div class=\"wp-block-group alignwide is-vertical is-nowrap is-layout-flex wp-container-core-group-is-layout-287ef9cb wp-block-group-is-layout-flex\" style=\"padding-right:0;padding-left:0\">\n<p class=\"has-text-color\" style=\"color:#000000;font-size:6vw;font-style:normal;font-weight:700;letter-spacing:0px;line-height:0.9;text-decoration:none;text-transform:none\">Fira de la Innovaci\u00f3.<\/p>\n<\/div>\n\n\n\n<div style=\"height:1vw\" aria-hidden=\"true\" class=\"wp-block-spacer\"><\/div>\n\n\n\n<div class=\"wp-block-group alignwide is-vertical is-nowrap is-layout-flex wp-container-core-group-is-layout-8171334d wp-block-group-is-layout-flex\" style=\"padding-top:0;padding-right:0;padding-bottom:0;padding-left:0\">\n<div class=\"wp-block-columns alignwide is-layout-flex wp-container-core-columns-is-layout-2656d967 wp-block-columns-is-layout-flex\">\n<div class=\"wp-block-column is-layout-flow wp-block-column-is-layout-flow\" style=\"flex-basis:33.38%\">\n<p><strong>20 octubre<\/strong><br><strong>09:30 h<br>Hotel Exe&nbsp;Campus<\/strong><\/p>\n\n\n\n<p class=\"has-text-color has-normal-font-size\" style=\"color:#000000\">Un esdeveniment pensat per connectar&nbsp;<strong>empreses i grups de recerca<\/strong>&nbsp;en un entorn din\u00e0mic i col\u00b7laboratiu. Una jornada que mostrar\u00e0 l&#8217;ampli ventall de tecnologies, serveis i idees innovadores generades al campus de la&nbsp;UAB.<\/p>\n\n\n\n<div class=\"wp-block-buttons is-layout-flex wp-block-buttons-is-layout-flex\">\n<div class=\"wp-block-button is-style-fill\"><a class=\"wp-block-button__link has-blanc-coco-color has-text-color has-background has-link-color wp-element-button\" href=\"https:\/\/www.b2match.com\/e\/fira-innovacio-uab-2026\" style=\"background:linear-gradient(135deg,rgb(0,0,0) 0%,rgb(0,0,0) 100%)\" target=\"_blank\" rel=\"noreferrer noopener\">m\u00e9s informaci\u00f3<\/a><\/div>\n<\/div>\n<\/div>\n\n\n\n<div class=\"wp-block-column is-layout-flow wp-block-column-is-layout-flow\" style=\"flex-basis:33%\">\n<div style=\"height:2vw\" aria-hidden=\"true\" class=\"wp-block-spacer\"><\/div>\n\n\n\n<figure class=\"wp-block-image size-large\"><img loading=\"lazy\" decoding=\"async\" width=\"1024\" height=\"683\" src=\"https:\/\/webs.uab.cat\/setmanainnovacio\/wp-content\/uploads\/sites\/377\/2026\/04\/30A3945-1024x683.jpg\" alt=\"\" class=\"wp-image-2573\" srcset=\"https:\/\/webs.uab.cat\/setmanainnovacio\/wp-content\/uploads\/sites\/377\/2026\/04\/30A3945-1024x683.jpg 1024w, https:\/\/webs.uab.cat\/setmanainnovacio\/wp-content\/uploads\/sites\/377\/2026\/04\/30A3945-300x200.jpg 300w, https:\/\/webs.uab.cat\/setmanainnovacio\/wp-content\/uploads\/sites\/377\/2026\/04\/30A3945-768x512.jpg 768w, https:\/\/webs.uab.cat\/setmanainnovacio\/wp-content\/uploads\/sites\/377\/2026\/04\/30A3945-1536x1024.jpg 1536w, https:\/\/webs.uab.cat\/setmanainnovacio\/wp-content\/uploads\/sites\/377\/2026\/04\/30A3945-2048x1365.jpg 2048w, https:\/\/webs.uab.cat\/setmanainnovacio\/wp-content\/uploads\/sites\/377\/2026\/04\/30A3945-1200x800.jpg 1200w, https:\/\/webs.uab.cat\/setmanainnovacio\/wp-content\/uploads\/sites\/377\/2026\/04\/30A3945-1980x1320.jpg 1980w\" sizes=\"auto, (max-width: 1024px) 100vw, 1024px\" \/><\/figure>\n<\/div>\n\n\n\n<div class=\"wp-block-column is-layout-flow wp-block-column-is-layout-flow\" style=\"flex-basis:33.62%\">\n<figure class=\"wp-block-image size-large\"><img loading=\"lazy\" decoding=\"async\" width=\"1024\" height=\"682\" src=\"https:\/\/webs.uab.cat\/setmanainnovacio\/wp-content\/uploads\/sites\/377\/2025\/10\/WhatsApp-Image-2025-10-21-at-10.59.06-1024x682.jpeg\" alt=\"\" class=\"wp-image-2522\" srcset=\"https:\/\/webs.uab.cat\/setmanainnovacio\/wp-content\/uploads\/sites\/377\/2025\/10\/WhatsApp-Image-2025-10-21-at-10.59.06-1024x682.jpeg 1024w, https:\/\/webs.uab.cat\/setmanainnovacio\/wp-content\/uploads\/sites\/377\/2025\/10\/WhatsApp-Image-2025-10-21-at-10.59.06-300x200.jpeg 300w, https:\/\/webs.uab.cat\/setmanainnovacio\/wp-content\/uploads\/sites\/377\/2025\/10\/WhatsApp-Image-2025-10-21-at-10.59.06-768x512.jpeg 768w, https:\/\/webs.uab.cat\/setmanainnovacio\/wp-content\/uploads\/sites\/377\/2025\/10\/WhatsApp-Image-2025-10-21-at-10.59.06-1536x1023.jpeg 1536w, https:\/\/webs.uab.cat\/setmanainnovacio\/wp-content\/uploads\/sites\/377\/2025\/10\/WhatsApp-Image-2025-10-21-at-10.59.06-1200x800.jpeg 1200w, https:\/\/webs.uab.cat\/setmanainnovacio\/wp-content\/uploads\/sites\/377\/2025\/10\/WhatsApp-Image-2025-10-21-at-10.59.06.jpeg 1600w\" sizes=\"auto, (max-width: 1024px) 100vw, 1024px\" \/><\/figure>\n<\/div>\n<\/div>\n<\/div>\n<\/div><\/div>\n\n\n\n<div class=\"wp-block-cover alignfull\"><span aria-hidden=\"true\" class=\"wp-block-cover__background has-gris-pubilla-background-color has-background-dim-100 has-background-dim\"><\/span><div class=\"wp-block-cover__inner-container is-layout-constrained wp-block-cover-is-layout-constrained\">\n<div class=\"wp-block-columns alignwide is-layout-flex wp-container-core-columns-is-layout-9d6595d7 wp-block-columns-is-layout-flex\">\n<div class=\"wp-block-column is-vertically-aligned-top is-layout-flow wp-block-column-is-layout-flow\">\n<h2 class=\"wp-block-heading has-negre-eben-color has-text-color has-link-color wp-elements-728f84a74bba8607833ae3ea952674b4\">Vols organitzar una activitat dins la Setmana de la Innovaci\u00f3?<\/h2>\n<\/div>\n\n\n\n<div class=\"wp-block-column is-layout-flow wp-block-column-is-layout-flow\">\n<p class=\"has-negre-eben-color has-text-color has-link-color wp-elements-00e65db2c4daa65b8da3f61b5a7931d8\"><br>La Setmana de la Innovaci\u00f3 de la UAB \u00e9s un espai obert a la participaci\u00f3 de tota la comunitat del campus. Si formes part d\u2019un grup de recerca, empresa, servei o instituci\u00f3 vinculada a la UAB, et convidem a proposar una activitat i sumar-te al programa de la pr\u00f2xima edici\u00f3.<\/p>\n\n\n\n<h3 class=\"wp-block-heading has-negre-eben-color has-text-color has-link-color wp-elements-c374d87fdb140f57f5ade2d0a6da5cbd\"><strong>Tens una proposta?<\/strong><\/h3>\n\n\n\n<p class=\"has-negre-eben-color has-text-color has-link-color wp-elements-e542f74f7a884749f5ca306c5bd8d87d\">Envia\u2019ns-la a trav\u00e9s d&#8217;aquest formulari i l\u2019equip organitzador valorar\u00e0 la seva incorporaci\u00f3 al programa.<\/p>\n\n\n\n<div class=\"wp-block-buttons is-layout-flex wp-block-buttons-is-layout-flex\">\n<div class=\"wp-block-button is-style-fill\"><a class=\"wp-block-button__link has-background wp-element-button\" href=\"https:\/\/forms.office.com\/e\/bf65L91sc1\" style=\"background:linear-gradient(135deg,rgb(0,0,0) 0%,rgb(0,0,0) 100%)\" target=\"_blank\" rel=\"noreferrer noopener\">Formulari de propostes<\/a><\/div>\n<\/div>\n<\/div>\n<\/div>\n<\/div><\/div>\n\n\n\n\n\n<p><\/p>\n","protected":false},"excerpt":{"rendered":"<p>Fira de la Innovaci\u00f3. 20 octubre09:30 hHotel Exe&nbsp;Campus Un esdeveniment pensat per connectar&nbsp;empreses i grups de recerca&nbsp;en un entorn din\u00e0mic i col\u00b7laboratiu. Una jornada que mostrar\u00e0 l&#8217;ampli ventall de tecnologies, serveis i idees innovadores generades al campus de la&nbsp;UAB.<\/p>\n","protected":false},"author":73,"featured_media":0,"parent":0,"menu_order":0,"comment_status":"closed","ping_status":"closed","template":"","meta":{"footnotes":""},"class_list":["post-1129","page","type-page","status-publish","hentry"],"_links":{"self":[{"href":"https:\/\/webs.uab.cat\/setmanainnovacio\/wp-json\/wp\/v2\/pages\/1129","targetHints":{"allow":["GET"]}}],"collection":[{"href":"https:\/\/webs.uab.cat\/setmanainnovacio\/wp-json\/wp\/v2\/pages"}],"about":[{"href":"https:\/\/webs.uab.cat\/setmanainnovacio\/wp-json\/wp\/v2\/types\/page"}],"author":[{"embeddable":true,"href":"https:\/\/webs.uab.cat\/setmanainnovacio\/wp-json\/wp\/v2\/users\/73"}],"replies":[{"embeddable":true,"href":"https:\/\/webs.uab.cat\/setmanainnovacio\/wp-json\/wp\/v2\/comments?post=1129"}],"version-history":[{"count":99,"href":"https:\/\/webs.uab.cat\/setmanainnovacio\/wp-json\/wp\/v2\/pages\/1129\/revisions"}],"predecessor-version":[{"id":2717,"href":"https:\/\/webs.uab.cat\/setmanainnovacio\/wp-json\/wp\/v2\/pages\/1129\/revisions\/2717"}],"wp:attachment":[{"href":"https:\/\/webs.uab.cat\/setmanainnovacio\/wp-json\/wp\/v2\/media?parent=1129"}],"curies":[{"name":"wp","href":"https:\/\/api.w.org\/{rel}","templated":true}]}}

<div class="wp-block-group alignfull has-blanc-coco-background-color has-background" style="padding-top:6vw;padding-right:6vw;padding-bottom:6vw;padding-left:6vw"><div class="wp-block-group__inner-container is-layout-flow wp-block-group-is-layout-flow">
<div class="wp-block-group alignwide is-vertical is-nowrap is-layout-flex wp-container-core-group-is-layout-287ef9cb wp-block-group-is-layout-flex" style="padding-right:0;padding-left:0">
<p class="has-text-color" style="color:#000000;font-size:6vw;font-style:normal;font-weight:700;letter-spacing:0px;line-height:0.9;text-decoration:none;text-transform:none">Fira de la Innovació.</p>
</div>



<div style="height:1vw" aria-hidden="true" class="wp-block-spacer"></div>



<div class="wp-block-group alignwide is-vertical is-nowrap is-layout-flex wp-container-core-group-is-layout-8171334d wp-block-group-is-layout-flex" style="padding-top:0;padding-right:0;padding-bottom:0;padding-left:0">
<div class="wp-block-columns alignwide is-layout-flex wp-container-core-columns-is-layout-2656d967 wp-block-columns-is-layout-flex">
<div class="wp-block-column is-layout-flow wp-block-column-is-layout-flow" style="flex-basis:33.38%">
<p><strong>20 octubre</strong><br><strong>09:30 h<br>Hotel Exe&nbsp;Campus</strong></p>



<p class="has-text-color has-normal-font-size" style="color:#000000">Un esdeveniment pensat per connectar&nbsp;<strong>empreses i grups de recerca</strong>&nbsp;en un entorn dinàmic i col·laboratiu. Una jornada que mostrarà l&#8217;ampli ventall de tecnologies, serveis i idees innovadores generades al campus de la&nbsp;UAB.</p>



<div class="wp-block-buttons is-layout-flex wp-block-buttons-is-layout-flex">
<div class="wp-block-button is-style-fill"><a class="wp-block-button__link has-blanc-coco-color has-text-color has-background has-link-color wp-element-button" href="https://www.b2match.com/e/fira-innovacio-uab-2026" style="background:linear-gradient(135deg,rgb(0,0,0) 0%,rgb(0,0,0) 100%)" target="_blank" rel="noreferrer noopener">més informació</a></div>
</div>
</div>



<div class="wp-block-column is-layout-flow wp-block-column-is-layout-flow" style="flex-basis:33%">
<div style="height:2vw" aria-hidden="true" class="wp-block-spacer"></div>



<figure class="wp-block-image size-large"><img loading="lazy" decoding="async" width="1024" height="683" src="https://webs.uab.cat/setmanainnovacio/wp-content/uploads/sites/377/2026/04/30A3945-1024x683.jpg" alt="" class="wp-image-2573" srcset="https://webs.uab.cat/setmanainnovacio/wp-content/uploads/sites/377/2026/04/30A3945-1024x683.jpg 1024w, https://webs.uab.cat/setmanainnovacio/wp-content/uploads/sites/377/2026/04/30A3945-300x200.jpg 300w, https://webs.uab.cat/setmanainnovacio/wp-content/uploads/sites/377/2026/04/30A3945-768x512.jpg 768w, https://webs.uab.cat/setmanainnovacio/wp-content/uploads/sites/377/2026/04/30A3945-1536x1024.jpg 1536w, https://webs.uab.cat/setmanainnovacio/wp-content/uploads/sites/377/2026/04/30A3945-2048x1365.jpg 2048w, https://webs.uab.cat/setmanainnovacio/wp-content/uploads/sites/377/2026/04/30A3945-1200x800.jpg 1200w, https://webs.uab.cat/setmanainnovacio/wp-content/uploads/sites/377/2026/04/30A3945-1980x1320.jpg 1980w" sizes="auto, (max-width: 1024px) 100vw, 1024px" /></figure>
</div>



<div class="wp-block-column is-layout-flow wp-block-column-is-layout-flow" style="flex-basis:33.62%">
<figure class="wp-block-image size-large"><img loading="lazy" decoding="async" width="1024" height="682" src="https://webs.uab.cat/setmanainnovacio/wp-content/uploads/sites/377/2025/10/WhatsApp-Image-2025-10-21-at-10.59.06-1024x682.jpeg" alt="" class="wp-image-2522" srcset="https://webs.uab.cat/setmanainnovacio/wp-content/uploads/sites/377/2025/10/WhatsApp-Image-2025-10-21-at-10.59.06-1024x682.jpeg 1024w, https://webs.uab.cat/setmanainnovacio/wp-content/uploads/sites/377/2025/10/WhatsApp-Image-2025-10-21-at-10.59.06-300x200.jpeg 300w, https://webs.uab.cat/setmanainnovacio/wp-content/uploads/sites/377/2025/10/WhatsApp-Image-2025-10-21-at-10.59.06-768x512.jpeg 768w, https://webs.uab.cat/setmanainnovacio/wp-content/uploads/sites/377/2025/10/WhatsApp-Image-2025-10-21-at-10.59.06-1536x1023.jpeg 1536w, https://webs.uab.cat/setmanainnovacio/wp-content/uploads/sites/377/2025/10/WhatsApp-Image-2025-10-21-at-10.59.06-1200x800.jpeg 1200w, https://webs.uab.cat/setmanainnovacio/wp-content/uploads/sites/377/2025/10/WhatsApp-Image-2025-10-21-at-10.59.06.jpeg 1600w" sizes="auto, (max-width: 1024px) 100vw, 1024px" /></figure>
</div>
</div>
</div>
</div></div>



<div class="wp-block-cover alignfull"><span aria-hidden="true" class="wp-block-cover__background has-gris-pubilla-background-color has-background-dim-100 has-background-dim"></span><div class="wp-block-cover__inner-container is-layout-constrained wp-block-cover-is-layout-constrained">
<div class="wp-block-columns alignwide is-layout-flex wp-container-core-columns-is-layout-9d6595d7 wp-block-columns-is-layout-flex">
<div class="wp-block-column is-vertically-aligned-top is-layout-flow wp-block-column-is-layout-flow">
<h2 class="wp-block-heading has-negre-eben-color has-text-color has-link-color wp-elements-728f84a74bba8607833ae3ea952674b4">Vols organitzar una activitat dins la Setmana de la Innovació?</h2>
</div>



<div class="wp-block-column is-layout-flow wp-block-column-is-layout-flow">
<p class="has-negre-eben-color has-text-color has-link-color wp-elements-00e65db2c4daa65b8da3f61b5a7931d8"><br>La Setmana de la Innovació de la UAB és un espai obert a la participació de tota la comunitat del campus. Si formes part d’un grup de recerca, empresa, servei o institució vinculada a la UAB, et convidem a proposar una activitat i sumar-te al programa de la pròxima edició.</p>



<h3 class="wp-block-heading has-negre-eben-color has-text-color has-link-color wp-elements-c374d87fdb140f57f5ade2d0a6da5cbd"><strong>Tens una proposta?</strong></h3>



<p class="has-negre-eben-color has-text-color has-link-color wp-elements-e542f74f7a884749f5ca306c5bd8d87d">Envia’ns-la a través d&#8217;aquest formulari i l’equip organitzador valorarà la seva incorporació al programa.</p>



<div class="wp-block-buttons is-layout-flex wp-block-buttons-is-layout-flex">
<div class="wp-block-button is-style-fill"><a class="wp-block-button__link has-background wp-element-button" href="https://forms.office.com/e/bf65L91sc1" style="background:linear-gradient(135deg,rgb(0,0,0) 0%,rgb(0,0,0) 100%)" target="_blank" rel="noreferrer noopener">Formulari de propostes</a></div>
</div>
</div>
</div>
</div></div>





<p></p>

<p>Fira de la Innovació. 20 octubre09:30 hHotel Exe&nbsp;Campus Un esdeveniment pensat per connectar&nbsp;empreses i grups de recerca&nbsp;en un entorn dinàmic i col·laboratiu. Una jornada que mostrarà l&#8217;ampli ventall de tecnologies, serveis i idees innovadores generades al campus de la&nbsp;UAB.</p>
