{"id":1339,"date":"2024-07-18T13:34:17","date_gmt":"2024-07-18T11:34:17","guid":{"rendered":"https:\/\/webs.uab.cat\/setmanainnovacio\/?page_id=1339"},"modified":"2025-03-17T10:16:18","modified_gmt":"2025-03-17T08:16:18","slug":"innovadret","status":"publish","type":"page","link":"https:\/\/webs.uab.cat\/setmanainnovacio\/activitats-2026\/innovadret\/","title":{"rendered":"Activitats"},"content":{"rendered":"\n<div class=\"wp-block-columns alignwide is-layout-flex wp-container-core-columns-is-layout-9d6595d7 wp-block-columns-is-layout-flex\">\n<div class=\"wp-block-column has-blanc-coco-color has-text-color is-layout-flow wp-block-column-is-layout-flow\" style=\"flex-basis:25%\">\n<h6 class=\"wp-block-heading has-negre-eben-color has-text-color has-background has-link-color has-large-font-size wp-elements-3fc30b4b70a81ff4538b0905ee4101ad\" style=\"background:linear-gradient(135deg,rgb(66,240,135) 0%,rgb(66,240,135) 100%)\">15 d&#8217;OCTUBRE<\/h6>\n<\/div>\n\n\n\n<div class=\"wp-block-column is-vertically-aligned-center is-layout-flow wp-block-column-is-layout-flow\" style=\"flex-basis:75%\">\n<h2 class=\"wp-block-heading has-text-align-left\">InnovaDret<\/h2>\n<\/div>\n<\/div>\n\n\n\n<div class=\"wp-block-columns alignwide is-layout-flex wp-container-core-columns-is-layout-9d6595d7 wp-block-columns-is-layout-flex\">\n<div class=\"wp-block-column has-blanc-coco-color has-text-color is-layout-flow wp-block-column-is-layout-flow\" style=\"flex-basis:100%\">\n<p class=\"has-negre-eben-color has-text-color has-link-color wp-elements-f793157e56ec337101bd30d226989c4c\"><strong>Lloc<\/strong>: Aula Magna de la Facultat de Dret de la UAB<br><strong>Hora<\/strong>: de 13 h a 14 h<\/p>\n\n\n\n<p class=\"has-negre-eben-color has-text-color has-link-color wp-elements-328ef8df36468af013f3dfdf08265f50\">El grup InnovaDret de la Facultat de Dret de la UAB va ser creat al curs 2020-2021 amb l\u2019objectiu principal difondre la innovaci\u00f3 docent a l\u2019\u00e0mbit del Dret i l\u2019an\u00e0lisi de les diverses metodologies d\u2019aprenentatge jur\u00eddic. Als seus seminaris i a les seves publicacions contribueix el professorat de totes les disciplines i \u00e0rees de coneixement de la facultat, oferint una visi\u00f3 \u00e0mplia i completa de les pr\u00e0ctiques innovadores que es desenvolupen en l&#8217;ensenyament del Dret.<\/p>\n\n\n\n<p class=\"has-negre-eben-color has-text-color has-link-color wp-elements-0fa3c428ed6bf19a2d1fcd12b195959a\">Les tem\u00e0tiques tractades en aquest espai s\u2019han centrat en les metodologies docents que es poden aplicar als seminaris dins del marc del \u201cnou model docent\u201d del grau de Dret. En aquest sentit, es pot esmentar la simulaci\u00f3 de judicis, el debat, la redacci\u00f3 de documents jur\u00eddics, el treball cooperatiu, la gesti\u00f3 d&#8217;equips docents, etc. Igualment, el grup InnovaDret ha treballat tem\u00e0tiques com el treball fora de l&#8217;aula, la doc\u00e8ncia compartida, el seminari com a eina d&#8217;aprenentatge dels continguts te\u00f2rics, la perspectiva dels estudiants al nou model te\u00f2ric, l&#8217;aprenentatge en les pr\u00e0ctiques i les tipologies d&#8217;avaluaci\u00f3 adequades al nou model docent, etc.<\/p>\n<\/div>\n<\/div>\n\n\n\n<div class=\"wp-block-columns alignfull has-background is-layout-flex wp-container-core-columns-is-layout-9d6595d7 wp-block-columns-is-layout-flex\" style=\"background:linear-gradient(135deg,rgb(238,248,241) 0%,rgb(238,248,241) 100%)\">\n<div class=\"wp-block-column is-vertically-aligned-center is-layout-flow wp-block-column-is-layout-flow\">\n<h2 class=\"wp-block-heading has-text-align-center has-large-font-size\">Programa<\/h2>\n\n\n\n<p class=\"has-text-align-center\"><strong>13:00 h a 13:15<\/strong> <em>h<\/em><br><strong><strong>Presentaci\u00f3 del grup InnvoDret de la Facultat de Dret<\/strong><\/strong><br>Dr. Josep Cid Molin\u00e9, vicedeg\u00e0 de Qualitat i Innovaci\u00f3 Docent i coordinador del Grau de Criminologia.<\/p>\n\n\n\n<p class=\"has-text-align-center\"><strong>13:15 h a 13:45<\/strong> <strong>h<\/strong><br><strong><strong>La innovaci\u00f3 docent com eix vertebrador del grau de Dret<\/strong><\/strong><br>Dr. Josep Ca\u00f1abate P\u00e9rez, coordinador d\u2019InnovaDret<\/p>\n\n\n\n<p class=\"has-text-align-center\"><strong>13:45 h a 14:15<\/strong> <strong>h<\/strong><br><strong>Els treballs en la modalidat Aprenentatge Servei (ApS)<\/strong><\/p>\n<\/div>\n<\/div>\n\n\n<div class=\"wp-block-image\">\n<figure class=\"aligncenter size-large is-resized\"><a href=\"https:\/\/www.uab.cat\/dret\/\" target=\"_blank\" rel=\"noreferrer noopener\"><img loading=\"lazy\" decoding=\"async\" width=\"1024\" height=\"430\" src=\"https:\/\/webs.uab.cat\/setmanainnovacio\/wp-content\/uploads\/sites\/377\/2024\/07\/facultat-dret-1024x430.png\" alt=\"\" class=\"wp-image-1400\" style=\"width:188px;height:auto\" srcset=\"https:\/\/webs.uab.cat\/setmanainnovacio\/wp-content\/uploads\/sites\/377\/2024\/07\/facultat-dret-1024x430.png 1024w, https:\/\/webs.uab.cat\/setmanainnovacio\/wp-content\/uploads\/sites\/377\/2024\/07\/facultat-dret-300x126.png 300w, https:\/\/webs.uab.cat\/setmanainnovacio\/wp-content\/uploads\/sites\/377\/2024\/07\/facultat-dret-768x323.png 768w, https:\/\/webs.uab.cat\/setmanainnovacio\/wp-content\/uploads\/sites\/377\/2024\/07\/facultat-dret-1200x504.png 1200w, https:\/\/webs.uab.cat\/setmanainnovacio\/wp-content\/uploads\/sites\/377\/2024\/07\/facultat-dret.png 1400w\" sizes=\"auto, (max-width: 1024px) 100vw, 1024px\" \/><\/a><\/figure>\n<\/div>","protected":false},"excerpt":{"rendered":"<p>15 d&#8217;OCTUBRE InnovaDret Lloc: Aula Magna de la Facultat de Dret de la UABHora: de 13 h a 14 h El grup InnovaDret de la Facultat de Dret de la UAB va ser creat al curs 2020-2021 amb l\u2019objectiu principal difondre la innovaci\u00f3 docent a l\u2019\u00e0mbit del Dret i l\u2019an\u00e0lisi de les diverses metodologies d\u2019aprenentatge [&hellip;]<\/p>\n","protected":false},"author":73,"featured_media":0,"parent":1129,"menu_order":0,"comment_status":"closed","ping_status":"closed","template":"","meta":{"footnotes":""},"class_list":["post-1339","page","type-page","status-publish","hentry"],"_links":{"self":[{"href":"https:\/\/webs.uab.cat\/setmanainnovacio\/wp-json\/wp\/v2\/pages\/1339","targetHints":{"allow":["GET"]}}],"collection":[{"href":"https:\/\/webs.uab.cat\/setmanainnovacio\/wp-json\/wp\/v2\/pages"}],"about":[{"href":"https:\/\/webs.uab.cat\/setmanainnovacio\/wp-json\/wp\/v2\/types\/page"}],"author":[{"embeddable":true,"href":"https:\/\/webs.uab.cat\/setmanainnovacio\/wp-json\/wp\/v2\/users\/73"}],"replies":[{"embeddable":true,"href":"https:\/\/webs.uab.cat\/setmanainnovacio\/wp-json\/wp\/v2\/comments?post=1339"}],"version-history":[{"count":4,"href":"https:\/\/webs.uab.cat\/setmanainnovacio\/wp-json\/wp\/v2\/pages\/1339\/revisions"}],"predecessor-version":[{"id":1826,"href":"https:\/\/webs.uab.cat\/setmanainnovacio\/wp-json\/wp\/v2\/pages\/1339\/revisions\/1826"}],"up":[{"embeddable":true,"href":"https:\/\/webs.uab.cat\/setmanainnovacio\/wp-json\/wp\/v2\/pages\/1129"}],"wp:attachment":[{"href":"https:\/\/webs.uab.cat\/setmanainnovacio\/wp-json\/wp\/v2\/media?parent=1339"}],"curies":[{"name":"wp","href":"https:\/\/api.w.org\/{rel}","templated":true}]}}