{"id":1349,"date":"2024-07-18T14:17:28","date_gmt":"2024-07-18T12:17:28","guid":{"rendered":"https:\/\/webs.uab.cat\/setmanainnovacio\/?page_id=1349"},"modified":"2025-03-17T10:15:37","modified_gmt":"2025-03-17T08:15:37","slug":"musica-esdeveniments-noves-tecnologies","status":"publish","type":"page","link":"https:\/\/webs.uab.cat\/setmanainnovacio\/activitats-2026\/musica-esdeveniments-noves-tecnologies\/","title":{"rendered":"Activitats"},"content":{"rendered":"\n<div class=\"wp-block-columns alignwide is-layout-flex wp-container-core-columns-is-layout-8f761849 wp-block-columns-is-layout-flex\">\n<div class=\"wp-block-column has-blanc-coco-color has-text-color is-layout-flow wp-block-column-is-layout-flow\" style=\"flex-basis:25%\">\n<h6 class=\"wp-block-heading has-negre-eben-color has-text-color has-background has-link-color has-large-font-size wp-elements-b28a40034275401129328734749a1778\" style=\"background:linear-gradient(135deg,rgb(66,240,135) 0%,rgb(66,240,135) 100%)\">16 d&#8217;OCTUBRE<\/h6>\n<\/div>\n\n\n\n<div class=\"wp-block-column is-vertically-aligned-center is-layout-flow wp-block-column-is-layout-flow\" style=\"flex-basis:75%\">\n<h2 class=\"wp-block-heading has-text-align-left\">M\u00fasica, e<strong>sdeveniments i noves tecnologies<\/strong><\/h2>\n<\/div>\n<\/div>\n\n\n\n<div class=\"wp-block-columns alignwide is-layout-flex wp-container-core-columns-is-layout-8f761849 wp-block-columns-is-layout-flex\">\n<div class=\"wp-block-column has-blanc-coco-color has-text-color is-layout-flow wp-block-column-is-layout-flow\" style=\"flex-basis:100%\">\n<p class=\"has-negre-eben-color has-text-color has-link-color wp-elements-8406ed8cf07d72ac50d73d84a47343a2 wp-block-paragraph\"><strong>Lloc<\/strong>: Facultat de Filosofia i Lletres de la UAB<br><strong>Hora<\/strong>: de 10:00 h a 17:00 h<\/p>\n\n\n\n<p class=\"has-negre-eben-color has-text-color has-link-color wp-elements-4d5b4ad6230bcdbd5df1a1f52d40d281 wp-block-paragraph\">Una jornada de debat sobre les possibilitats d&#8217;implementaci\u00f3 de les noves tecnologies dins del sector cultural. Comptar\u00e0 amb continguts din\u00e0mics sobre intel\u00b7lig\u00e8ncia artificial generativa a les arts, tecnologies aplicades a la ind\u00fastria cultural, debats sobre sostenibilitat en esdeveniments culturals i finalment, concerts en viu de projectes musicals vinculats a la intel\u00b7lig\u00e8ncia artificial.<\/p>\n\n\n\n<p class=\"has-negre-eben-color has-text-color has-link-color wp-elements-395dc6e76c81f04e16c302585a104100 wp-block-paragraph\">L&#8217;esdeveniment comptar\u00e0 amb tres blocs. El primer donar\u00e0 a con\u00e8ixer diferents projectes i prototips en IA aplicats a la m\u00fasica i esdeveniments, el segon comptar\u00e0 amb diferents debats sobre sostenibilitat i noves tecnologies a les ind\u00fastries culturals i, el tercer bloc tancar\u00e0 amb diferents concerts en viu en un escenari energ\u00e8ticament aut\u00f2nom.  <\/p>\n\n\n\n<p class=\"has-negre-eben-color has-text-color has-link-color wp-elements-c7a63169f0dcd155559f50fc259fceec wp-block-paragraph\">La jornada est\u00e0 organitzada pel Parc de Recerca UAB, l&#8217;Institut d&#8217;Investigaci\u00f3 en Intel\u00b7lig\u00e8ncia Artificial (IIIA CSIC), el Centre de Visi\u00f3 per Computador (CVC UAB), la Facultat de Filosofia i Lletres de la UAB, l&#8217;Institut de Ci\u00e8ncia i Tecnologia Ambiental (ICTA UAB) i la C\u00e0tedra UAB-Cru\u00eflla.<\/p>\n<\/div>\n<\/div>\n\n\n\n<div class=\"wp-block-columns alignfull has-background is-layout-flex wp-container-core-columns-is-layout-8f761849 wp-block-columns-is-layout-flex\" style=\"background:linear-gradient(135deg,rgb(238,248,241) 0%,rgb(238,248,241) 100%)\">\n<div class=\"wp-block-column is-vertically-aligned-center is-layout-flow wp-block-column-is-layout-flow\">\n<h2 class=\"wp-block-heading has-text-align-center has-large-font-size\">Programa<\/h2>\n\n\n\n<p class=\"has-text-align-center wp-block-paragraph\">10:00 h &#8211; 10:30 h<br><em>A la sala de Revistes<\/em><br><strong>Presentaci\u00f3 oficial de la C\u00e0tedra UAB \u2013 Cru\u00eflla<\/strong><br>Javier Lafuente, rector de la UAB.<br>Fernando Vilari\u00f1o, director adjunto del Centre de Visi\u00f3 per Computador (CVC UAB) i director de la C\u00e0tedra.<br>Jordi Herreruela, director del Festival Cru\u00eflla i presidente de la Barcelona Music Lab.<br>Josep Martorell, director adjunt del Barcelona Supercomputing Center.<br>Josep Llad\u00f3s, director del Centre de Visi\u00f3 per Computador.<br>Carles Sierra, director de l&#8217;Institut d&#8217;Investigaci\u00f3 en Intel\u00b7lig\u00e8ncia Aartificial.<br>Joan Mas, director del Centre of Innovation for Data Tech and Artificial Intelligence (CIDAI) i de l\u2019\u00c0rea Digital d\u2019Eurecat.<br>Nadala Fern\u00e1ndez, directora de producci\u00f3 i responsable de relacions institucionals de la Fundaci\u00f3n \u00c9pica &#8211; La Fura dels Baus.<\/p>\n\n\n\n<p class=\"has-text-align-center wp-block-paragraph\">10:30 h &#8211; 12:30 h<br><em>A la sala de Revistes<\/em><br><strong>Mostra de prototips i projectes en IA de diferents \u00e0rees de coneixement<\/strong><br>La C\u00e0tedra UAB Cru\u00eflla presenta projectes d&#8217;Intel\u00b7lig\u00e8ncia Artificial a diverses \u00e0rees del coneixement i el seu impacte en els esdeveniments en viu.<\/p>\n\n\n\n<p class=\"has-text-align-center wp-block-paragraph\">12:30 h &#8211; 12:50 h<br><strong>Pausa caf\u00e8<\/strong><\/p>\n\n\n\n<p class=\"has-text-align-center wp-block-paragraph\">12:50 h &#8211; 13:10 h<br><strong>AI brain boxing<\/strong><br><em>A la sala de Revistes<br><\/em>Activitat d&#8217;educaci\u00f3 sobre les difer\u00e8ncies d&#8217;opini\u00f3 vers la Intel\u00b7lig\u00e8ncia Artificial (AI Lover vs AI Critic).<br>Lissette Lemus, gestora de la transfer\u00e8ncia de tecnologia i de projectes a l\u2019Institut d\u2019Investigaci\u00f3 d\u2019Intel\u00b7lig\u00e8ncia Artificial (IIIA-CSIC).<br>Joan Anton Barcel\u00f3, professor del Departament de Prehist\u00f2ria de la Universitat Aut\u00f2noma de Barcelona (UAB).<\/p>\n\n\n\n<p class=\"has-text-align-center wp-block-paragraph\">13:10 h &#8211; 14:00 h<br><em>A la sala de Revistes<br><\/em><strong><strong>Taula rodona sobre sostenibilitat i noves tecnologies a les ind\u00fastries culturals<\/strong><\/strong><br><em>Moderada per Oriol Vicente, responsable de la CORE en Patrimoni Cultural de la UAB.<\/em><br>Enrique Doblas, responsable de transfer\u00e8ncia del CREAF.<br>Laia Mojica, investigadora del Departament de Geografia de la UAB. <br>Isaac Dom\u00ednguez, director d&#8217; Escena 4.0.<br>Filippo Bistaffa, investigador de l&#8217; IIIA-CSIC.<br>David Rocasalbas, CTO de Cru\u00eflla Barcelona.<\/p>\n\n\n\n<p class=\"has-text-align-center wp-block-paragraph\">14:00&nbsp;h &#8211; 15:00 h<br><strong>Dinar networking<\/strong><\/p>\n\n\n\n<p class=\"has-text-align-center wp-block-paragraph\">15:00 h &#8211; 17:00 h&nbsp; <br><em>A l&#8217;Auditori de la Facultat de Filosofia i Lletres<\/em><br><strong>Concerts en directe<\/strong><br>Chameleon Project<br>Beyond Collpase<\/p>\n\n\n\n<p class=\"has-text-align-center wp-block-paragraph\">Entre concerts s&#8217;emetr\u00e0 el curtmetratge \u00abA Secret in the Dark\u00bb, realitzat completament amb IA i dirigit per N\u00faria Canturri i Joan Riedweg.<\/p>\n\n\n\n<p class=\"wp-block-paragraph\"><\/p>\n<\/div>\n<\/div>\n\n\n\n<div style=\"height:41px\" aria-hidden=\"true\" class=\"wp-block-spacer\"><\/div>\n\n\n\n<figure class=\"wp-block-image size-full\"><img loading=\"lazy\" decoding=\"async\" width=\"1000\" height=\"320\" src=\"https:\/\/webs.uab.cat\/setmanainnovacio\/wp-content\/uploads\/sites\/377\/2024\/09\/Logos.png\" alt=\"\" class=\"wp-image-1466\" srcset=\"https:\/\/webs.uab.cat\/setmanainnovacio\/wp-content\/uploads\/sites\/377\/2024\/09\/Logos.png 1000w, https:\/\/webs.uab.cat\/setmanainnovacio\/wp-content\/uploads\/sites\/377\/2024\/09\/Logos-300x96.png 300w, https:\/\/webs.uab.cat\/setmanainnovacio\/wp-content\/uploads\/sites\/377\/2024\/09\/Logos-768x246.png 768w\" sizes=\"auto, (max-width: 1000px) 100vw, 1000px\" \/><\/figure>\n","protected":false},"excerpt":{"rendered":"<p>16 d&#8217;OCTUBRE M\u00fasica, esdeveniments i noves tecnologies Lloc: Facultat de Filosofia i Lletres de la UABHora: de 10:00 h a 17:00 h Una jornada de debat sobre les possibilitats d&#8217;implementaci\u00f3 de les noves tecnologies dins del sector cultural. Comptar\u00e0 amb continguts din\u00e0mics sobre intel\u00b7lig\u00e8ncia artificial generativa a les arts, tecnologies aplicades a la ind\u00fastria cultural, [&hellip;]<\/p>\n","protected":false},"author":73,"featured_media":0,"parent":1129,"menu_order":0,"comment_status":"closed","ping_status":"closed","template":"","meta":{"footnotes":""},"class_list":["post-1349","page","type-page","status-publish","hentry"],"_links":{"self":[{"href":"https:\/\/webs.uab.cat\/setmanainnovacio\/wp-json\/wp\/v2\/pages\/1349","targetHints":{"allow":["GET"]}}],"collection":[{"href":"https:\/\/webs.uab.cat\/setmanainnovacio\/wp-json\/wp\/v2\/pages"}],"about":[{"href":"https:\/\/webs.uab.cat\/setmanainnovacio\/wp-json\/wp\/v2\/types\/page"}],"author":[{"embeddable":true,"href":"https:\/\/webs.uab.cat\/setmanainnovacio\/wp-json\/wp\/v2\/users\/73"}],"replies":[{"embeddable":true,"href":"https:\/\/webs.uab.cat\/setmanainnovacio\/wp-json\/wp\/v2\/comments?post=1349"}],"version-history":[{"count":27,"href":"https:\/\/webs.uab.cat\/setmanainnovacio\/wp-json\/wp\/v2\/pages\/1349\/revisions"}],"predecessor-version":[{"id":1824,"href":"https:\/\/webs.uab.cat\/setmanainnovacio\/wp-json\/wp\/v2\/pages\/1349\/revisions\/1824"}],"up":[{"embeddable":true,"href":"https:\/\/webs.uab.cat\/setmanainnovacio\/wp-json\/wp\/v2\/pages\/1129"}],"wp:attachment":[{"href":"https:\/\/webs.uab.cat\/setmanainnovacio\/wp-json\/wp\/v2\/media?parent=1349"}],"curies":[{"name":"wp","href":"https:\/\/api.w.org\/{rel}","templated":true}]}}

<div class="wp-block-columns alignwide is-layout-flex wp-container-core-columns-is-layout-8f761849 wp-block-columns-is-layout-flex">
<div class="wp-block-column has-blanc-coco-color has-text-color is-layout-flow wp-block-column-is-layout-flow" style="flex-basis:25%">
<h6 class="wp-block-heading has-negre-eben-color has-text-color has-background has-link-color has-large-font-size wp-elements-b28a40034275401129328734749a1778" style="background:linear-gradient(135deg,rgb(66,240,135) 0%,rgb(66,240,135) 100%)">16 d&#8217;OCTUBRE</h6>
</div>



<div class="wp-block-column is-vertically-aligned-center is-layout-flow wp-block-column-is-layout-flow" style="flex-basis:75%">
<h2 class="wp-block-heading has-text-align-left">Música, e<strong>sdeveniments i noves tecnologies</strong></h2>
</div>
</div>



<div class="wp-block-columns alignwide is-layout-flex wp-container-core-columns-is-layout-8f761849 wp-block-columns-is-layout-flex">
<div class="wp-block-column has-blanc-coco-color has-text-color is-layout-flow wp-block-column-is-layout-flow" style="flex-basis:100%">
<p class="has-negre-eben-color has-text-color has-link-color wp-elements-8406ed8cf07d72ac50d73d84a47343a2 wp-block-paragraph"><strong>Lloc</strong>: Facultat de Filosofia i Lletres de la UAB<br><strong>Hora</strong>: de 10:00 h a 17:00 h</p>



<p class="has-negre-eben-color has-text-color has-link-color wp-elements-4d5b4ad6230bcdbd5df1a1f52d40d281 wp-block-paragraph">Una jornada de debat sobre les possibilitats d&#8217;implementació de les noves tecnologies dins del sector cultural. Comptarà amb continguts dinàmics sobre intel·ligència artificial generativa a les arts, tecnologies aplicades a la indústria cultural, debats sobre sostenibilitat en esdeveniments culturals i finalment, concerts en viu de projectes musicals vinculats a la intel·ligència artificial.</p>



<p class="has-negre-eben-color has-text-color has-link-color wp-elements-395dc6e76c81f04e16c302585a104100 wp-block-paragraph">L&#8217;esdeveniment comptarà amb tres blocs. El primer donarà a conèixer diferents projectes i prototips en IA aplicats a la música i esdeveniments, el segon comptarà amb diferents debats sobre sostenibilitat i noves tecnologies a les indústries culturals i, el tercer bloc tancarà amb diferents concerts en viu en un escenari energèticament autònom.  </p>



<p class="has-negre-eben-color has-text-color has-link-color wp-elements-c7a63169f0dcd155559f50fc259fceec wp-block-paragraph">La jornada està organitzada pel Parc de Recerca UAB, l&#8217;Institut d&#8217;Investigació en Intel·ligència Artificial (IIIA CSIC), el Centre de Visió per Computador (CVC UAB), la Facultat de Filosofia i Lletres de la UAB, l&#8217;Institut de Ciència i Tecnologia Ambiental (ICTA UAB) i la Càtedra UAB-Cruïlla.</p>
</div>
</div>



<div class="wp-block-columns alignfull has-background is-layout-flex wp-container-core-columns-is-layout-8f761849 wp-block-columns-is-layout-flex" style="background:linear-gradient(135deg,rgb(238,248,241) 0%,rgb(238,248,241) 100%)">
<div class="wp-block-column is-vertically-aligned-center is-layout-flow wp-block-column-is-layout-flow">
<h2 class="wp-block-heading has-text-align-center has-large-font-size">Programa</h2>



<p class="has-text-align-center wp-block-paragraph">10:00 h &#8211; 10:30 h<br><em>A la sala de Revistes</em><br><strong>Presentació oficial de la Càtedra UAB – Cruïlla</strong><br>Javier Lafuente, rector de la UAB.<br>Fernando Vilariño, director adjunto del Centre de Visió per Computador (CVC UAB) i director de la Càtedra.<br>Jordi Herreruela, director del Festival Cruïlla i presidente de la Barcelona Music Lab.<br>Josep Martorell, director adjunt del Barcelona Supercomputing Center.<br>Josep Lladós, director del Centre de Visió per Computador.<br>Carles Sierra, director de l&#8217;Institut d&#8217;Investigació en Intel·ligència Aartificial.<br>Joan Mas, director del Centre of Innovation for Data Tech and Artificial Intelligence (CIDAI) i de l’Àrea Digital d’Eurecat.<br>Nadala Fernández, directora de producció i responsable de relacions institucionals de la Fundación Épica &#8211; La Fura dels Baus.</p>



<p class="has-text-align-center wp-block-paragraph">10:30 h &#8211; 12:30 h<br><em>A la sala de Revistes</em><br><strong>Mostra de prototips i projectes en IA de diferents àrees de coneixement</strong><br>La Càtedra UAB Cruïlla presenta projectes d&#8217;Intel·ligència Artificial a diverses àrees del coneixement i el seu impacte en els esdeveniments en viu.</p>



<p class="has-text-align-center wp-block-paragraph">12:30 h &#8211; 12:50 h<br><strong>Pausa cafè</strong></p>



<p class="has-text-align-center wp-block-paragraph">12:50 h &#8211; 13:10 h<br><strong>AI brain boxing</strong><br><em>A la sala de Revistes<br></em>Activitat d&#8217;educació sobre les diferències d&#8217;opinió vers la Intel·ligència Artificial (AI Lover vs AI Critic).<br>Lissette Lemus, gestora de la transferència de tecnologia i de projectes a l’Institut d’Investigació d’Intel·ligència Artificial (IIIA-CSIC).<br>Joan Anton Barceló, professor del Departament de Prehistòria de la Universitat Autònoma de Barcelona (UAB).</p>



<p class="has-text-align-center wp-block-paragraph">13:10 h &#8211; 14:00 h<br><em>A la sala de Revistes<br></em><strong><strong>Taula rodona sobre sostenibilitat i noves tecnologies a les indústries culturals</strong></strong><br><em>Moderada per Oriol Vicente, responsable de la CORE en Patrimoni Cultural de la UAB.</em><br>Enrique Doblas, responsable de transferència del CREAF.<br>Laia Mojica, investigadora del Departament de Geografia de la UAB. <br>Isaac Domínguez, director d&#8217; Escena 4.0.<br>Filippo Bistaffa, investigador de l&#8217; IIIA-CSIC.<br>David Rocasalbas, CTO de Cruïlla Barcelona.</p>



<p class="has-text-align-center wp-block-paragraph">14:00&nbsp;h &#8211; 15:00 h<br><strong>Dinar networking</strong></p>



<p class="has-text-align-center wp-block-paragraph">15:00 h &#8211; 17:00 h&nbsp; <br><em>A l&#8217;Auditori de la Facultat de Filosofia i Lletres</em><br><strong>Concerts en directe</strong><br>Chameleon Project<br>Beyond Collpase</p>



<p class="has-text-align-center wp-block-paragraph">Entre concerts s&#8217;emetrà el curtmetratge «A Secret in the Dark», realitzat completament amb IA i dirigit per Núria Canturri i Joan Riedweg.</p>



<p class="wp-block-paragraph"></p>
</div>
</div>



<div style="height:41px" aria-hidden="true" class="wp-block-spacer"></div>



<figure class="wp-block-image size-full"><img loading="lazy" decoding="async" width="1000" height="320" src="https://webs.uab.cat/setmanainnovacio/wp-content/uploads/sites/377/2024/09/Logos.png" alt="" class="wp-image-1466" srcset="https://webs.uab.cat/setmanainnovacio/wp-content/uploads/sites/377/2024/09/Logos.png 1000w, https://webs.uab.cat/setmanainnovacio/wp-content/uploads/sites/377/2024/09/Logos-300x96.png 300w, https://webs.uab.cat/setmanainnovacio/wp-content/uploads/sites/377/2024/09/Logos-768x246.png 768w" sizes="auto, (max-width: 1000px) 100vw, 1000px" /></figure>

<p>16 d&#8217;OCTUBRE Música, esdeveniments i noves tecnologies Lloc: Facultat de Filosofia i Lletres de la UABHora: de 10:00 h a 17:00 h Una jornada de debat sobre les possibilitats d&#8217;implementació de les noves tecnologies dins del sector cultural. Comptarà amb continguts dinàmics sobre intel·ligència artificial generativa a les arts, tecnologies aplicades a la indústria cultural, [&hellip;]</p>
