{"id":1765,"date":"2025-03-13T16:52:40","date_gmt":"2025-03-13T14:52:40","guid":{"rendered":"https:\/\/webs.uab.cat\/setmanainnovacio\/?page_id=1765"},"modified":"2026-04-20T14:19:35","modified_gmt":"2026-04-20T12:19:35","slug":"edicions-anteriors","status":"publish","type":"page","link":"https:\/\/webs.uab.cat\/setmanainnovacio\/edicions-anteriors\/","title":{"rendered":"Edicions anteriors"},"content":{"rendered":"\n<div class=\"wp-block-group alignfull has-blanc-coco-background-color has-background\" style=\"padding-top:6vw;padding-right:6vw;padding-bottom:6vw;padding-left:6vw\"><div class=\"wp-block-group__inner-container is-layout-flow wp-block-group-is-layout-flow\">\n<div class=\"wp-block-group alignwide is-vertical is-nowrap is-layout-flex wp-container-core-group-is-layout-287ef9cb wp-block-group-is-layout-flex\" style=\"padding-right:0;padding-left:0\">\n<p class=\"has-text-color\" style=\"color:#000000;font-size:6vw;font-style:normal;font-weight:700;letter-spacing:0px;line-height:0.9;text-decoration:none;text-transform:none\"><strong>Un recorregut d&#8217;impacte<\/strong><\/p>\n<\/div>\n\n\n\n<div style=\"height:1vw\" aria-hidden=\"true\" class=\"wp-block-spacer\"><\/div>\n\n\n\n<div class=\"wp-block-group alignwide is-vertical is-nowrap is-layout-flex wp-container-core-group-is-layout-8171334d wp-block-group-is-layout-flex\" style=\"padding-top:0;padding-right:0;padding-bottom:0;padding-left:0\">\n<p class=\"has-text-align-left has-text-color has-normal-font-size\" style=\"color:#000000\">Des de la primera edici\u00f3, la Setmana de la Innovaci\u00f3 de la UAB s\u2019ha consolidat com un espai de connexi\u00f3 entre recerca, emprenedoria, empresa i societat. M\u00e9s enll\u00e0 de la simple exposici\u00f3 d&#8217;activitats, l&#8217;esdeveniment reflecteix l&#8217;aposta ferma de la Universitat per la innovaci\u00f3 col\u00b7laborativa i el seu comprom\u00eds amb el teixit empresarial i social.<\/p>\n<\/div>\n<\/div><\/div>\n\n\n\n<div class=\"wp-block-cover alignfull\" style=\"min-height:281px;aspect-ratio:unset;\"><span aria-hidden=\"true\" class=\"wp-block-cover__background has-gris-pubilla-background-color has-background-dim-100 has-background-dim\"><\/span><div class=\"wp-block-cover__inner-container is-layout-constrained wp-block-cover-is-layout-constrained\">\n<div class=\"wp-block-columns alignfull is-layout-flex wp-container-core-columns-is-layout-9d6595d7 wp-block-columns-is-layout-flex\">\n<div class=\"wp-block-column is-layout-flow wp-block-column-is-layout-flow\">\n<h2 class=\"wp-block-heading has-text-align-center has-verd-tropic-color has-text-color has-link-color wp-elements-6966a977b094855ceeab84611d4af4d7\">3 <\/h2>\n\n\n\n<h3 class=\"wp-block-heading has-text-align-center has-negre-eben-color has-text-color has-link-color wp-elements-45ed9d3c7d03de908871924f5983ed09\">edicions<\/h3>\n<\/div>\n\n\n\n<div class=\"wp-block-column is-layout-flow wp-block-column-is-layout-flow\">\n<h2 class=\"wp-block-heading has-text-align-center has-verd-tropic-color has-text-color has-link-color wp-elements-a1493a8bfa16097411c837dacfa9de8c\"> 37<\/h2>\n\n\n\n<h3 class=\"wp-block-heading has-text-align-center has-negre-eben-color has-text-color has-link-color wp-elements-9bd17325e36284b607816c0f6ea9c2d6\">activitats organitzades<\/h3>\n<\/div>\n\n\n\n<div class=\"wp-block-column is-layout-flow wp-block-column-is-layout-flow\">\n<h2 class=\"wp-block-heading has-text-align-center has-verd-tropic-color has-text-color has-link-color wp-elements-23a453def1b5423aab1de58e7bb91e02\">+ 2000<\/h2>\n\n\n\n<h3 class=\"wp-block-heading has-text-align-center has-negre-eben-color has-text-color has-link-color wp-elements-a339602e94837cfaad863960f93ea791\">participants<\/h3>\n<\/div>\n\n\n\n<div class=\"wp-block-column is-layout-flow wp-block-column-is-layout-flow\">\n<h2 class=\"wp-block-heading has-text-align-center has-verd-tropic-color has-text-color has-link-color wp-elements-08bcde4c0a745485119329a2b64cdc61\">25<\/h2>\n\n\n\n<h3 class=\"wp-block-heading has-text-align-center has-negre-eben-color has-text-color has-link-color wp-elements-bfb5584f100ed54d7d0ebac04c5a0df1\">entitats col\u00b7laboradores<\/h3>\n<\/div>\n<\/div>\n<\/div><\/div>\n\n\n\n<div class=\"wp-block-cover alignfull\"><span aria-hidden=\"true\" class=\"wp-block-cover__background has-blanc-coco-background-color has-background-dim-100 has-background-dim\"><\/span><div class=\"wp-block-cover__inner-container is-layout-constrained wp-block-cover-is-layout-constrained\">\n<div class=\"wp-block-columns alignwide is-layout-flex wp-container-core-columns-is-layout-9d6595d7 wp-block-columns-is-layout-flex\">\n<div class=\"wp-block-column is-layout-flow wp-block-column-is-layout-flow\">\n<figure class=\"wp-block-image size-full\"><a href=\"https:\/\/webs.uab.cat\/setmanainnovacio\/activitats-2023\/\"><img loading=\"lazy\" decoding=\"async\" width=\"2560\" height=\"1707\" src=\"https:\/\/webs.uab.cat\/setmanainnovacio\/wp-content\/uploads\/sites\/377\/2024\/07\/E2A7077-scaled.jpg\" alt=\"\" class=\"wp-image-1233\" srcset=\"https:\/\/webs.uab.cat\/setmanainnovacio\/wp-content\/uploads\/sites\/377\/2024\/07\/E2A7077-scaled.jpg 2560w, https:\/\/webs.uab.cat\/setmanainnovacio\/wp-content\/uploads\/sites\/377\/2024\/07\/E2A7077-300x200.jpg 300w, https:\/\/webs.uab.cat\/setmanainnovacio\/wp-content\/uploads\/sites\/377\/2024\/07\/E2A7077-1024x683.jpg 1024w, https:\/\/webs.uab.cat\/setmanainnovacio\/wp-content\/uploads\/sites\/377\/2024\/07\/E2A7077-768x512.jpg 768w, https:\/\/webs.uab.cat\/setmanainnovacio\/wp-content\/uploads\/sites\/377\/2024\/07\/E2A7077-1536x1024.jpg 1536w, https:\/\/webs.uab.cat\/setmanainnovacio\/wp-content\/uploads\/sites\/377\/2024\/07\/E2A7077-2048x1365.jpg 2048w, https:\/\/webs.uab.cat\/setmanainnovacio\/wp-content\/uploads\/sites\/377\/2024\/07\/E2A7077-1200x800.jpg 1200w, https:\/\/webs.uab.cat\/setmanainnovacio\/wp-content\/uploads\/sites\/377\/2024\/07\/E2A7077-1980x1320.jpg 1980w\" sizes=\"auto, (max-width: 2560px) 100vw, 2560px\" \/><\/a><\/figure>\n\n\n\n<h2 class=\"wp-block-heading has-negre-eben-color has-text-color has-link-color wp-elements-4a4a78ad04e7d57488b200512812c84e\">1a edici\u00f3 <\/h2>\n\n\n\n<p class=\"has-negre-eben-color has-text-color has-link-color has-larger-font-size wp-elements-d2378e289acbccd979877e45c89d3d21\">16 al 20 d\u2019octubre 2023<\/p>\n<\/div>\n\n\n\n<div class=\"wp-block-column is-layout-flow wp-block-column-is-layout-flow\">\n<figure class=\"wp-block-image size-large size-full\"><a href=\"https:\/\/webs.uab.cat\/setmanainnovacio\/edicio-2024\/\"><img loading=\"lazy\" decoding=\"async\" width=\"1024\" height=\"683\" src=\"https:\/\/webs.uab.cat\/setmanainnovacio\/wp-content\/uploads\/sites\/377\/2024\/07\/E2A7504-1024x683.jpg\" alt=\"\" class=\"wp-image-1278\" srcset=\"https:\/\/webs.uab.cat\/setmanainnovacio\/wp-content\/uploads\/sites\/377\/2024\/07\/E2A7504-1024x683.jpg 1024w, https:\/\/webs.uab.cat\/setmanainnovacio\/wp-content\/uploads\/sites\/377\/2024\/07\/E2A7504-300x200.jpg 300w, https:\/\/webs.uab.cat\/setmanainnovacio\/wp-content\/uploads\/sites\/377\/2024\/07\/E2A7504-768x512.jpg 768w, https:\/\/webs.uab.cat\/setmanainnovacio\/wp-content\/uploads\/sites\/377\/2024\/07\/E2A7504-1536x1024.jpg 1536w, https:\/\/webs.uab.cat\/setmanainnovacio\/wp-content\/uploads\/sites\/377\/2024\/07\/E2A7504-2048x1365.jpg 2048w, https:\/\/webs.uab.cat\/setmanainnovacio\/wp-content\/uploads\/sites\/377\/2024\/07\/E2A7504-1200x800.jpg 1200w, https:\/\/webs.uab.cat\/setmanainnovacio\/wp-content\/uploads\/sites\/377\/2024\/07\/E2A7504-1980x1320.jpg 1980w\" sizes=\"auto, (max-width: 1024px) 100vw, 1024px\" \/><\/a><\/figure>\n\n\n\n<h2 class=\"wp-block-heading has-negre-eben-color has-text-color has-link-color wp-elements-85b46264fb63afa1e191754fcdf3cbab\">2a edici\u00f3 <\/h2>\n\n\n\n<p class=\"has-negre-eben-color has-text-color has-link-color has-larger-font-size wp-elements-38e79e75710a91deababcdd1f4d03595\">14 al 18 d\u2019octubre 2024<\/p>\n<\/div>\n\n\n\n<div class=\"wp-block-column is-layout-flow wp-block-column-is-layout-flow\">\n<figure class=\"wp-block-image size-large size-full\"><a href=\"https:\/\/webs.uab.cat\/setmanainnovacio\/edicio-2025\/\"><img loading=\"lazy\" decoding=\"async\" width=\"1024\" height=\"683\" src=\"https:\/\/webs.uab.cat\/setmanainnovacio\/wp-content\/uploads\/sites\/377\/2026\/04\/30A5239-1024x683.jpg\" alt=\"\" class=\"wp-image-2649\" srcset=\"https:\/\/webs.uab.cat\/setmanainnovacio\/wp-content\/uploads\/sites\/377\/2026\/04\/30A5239-1024x683.jpg 1024w, https:\/\/webs.uab.cat\/setmanainnovacio\/wp-content\/uploads\/sites\/377\/2026\/04\/30A5239-300x200.jpg 300w, https:\/\/webs.uab.cat\/setmanainnovacio\/wp-content\/uploads\/sites\/377\/2026\/04\/30A5239-768x512.jpg 768w, https:\/\/webs.uab.cat\/setmanainnovacio\/wp-content\/uploads\/sites\/377\/2026\/04\/30A5239-1536x1024.jpg 1536w, https:\/\/webs.uab.cat\/setmanainnovacio\/wp-content\/uploads\/sites\/377\/2026\/04\/30A5239-2048x1365.jpg 2048w, https:\/\/webs.uab.cat\/setmanainnovacio\/wp-content\/uploads\/sites\/377\/2026\/04\/30A5239-1200x800.jpg 1200w, https:\/\/webs.uab.cat\/setmanainnovacio\/wp-content\/uploads\/sites\/377\/2026\/04\/30A5239-1980x1320.jpg 1980w\" sizes=\"auto, (max-width: 1024px) 100vw, 1024px\" \/><\/a><\/figure>\n\n\n\n<h2 class=\"wp-block-heading has-negre-eben-color has-text-color has-link-color wp-elements-2ad127a2c14a20bc2452cdcaab49f824\">3a edici\u00f3 <\/h2>\n\n\n\n<p class=\"has-negre-eben-color has-text-color has-link-color has-larger-font-size wp-elements-a61f9da28e71f1c67c5587927e1d4cc4\">20 al 24 d\u2019octubre 2025<\/p>\n<\/div>\n<\/div>\n<\/div><\/div>\n\n\n\n<div class=\"wp-block-cover alignfull\"><span aria-hidden=\"true\" class=\"wp-block-cover__background has-negre-eben-background-color has-background-dim-100 has-background-dim\"><\/span><div class=\"wp-block-cover__inner-container is-layout-constrained wp-block-cover-is-layout-constrained\">\n<div class=\"wp-block-columns alignwide is-layout-flex wp-container-core-columns-is-layout-9d6595d7 wp-block-columns-is-layout-flex\">\n<div class=\"wp-block-column is-layout-flow wp-block-column-is-layout-flow\" style=\"flex-basis:33.33%\">\n<h2 class=\"wp-block-heading has-blanc-coco-color has-text-color has-link-color wp-elements-74e6777aa645db05312b4bdcd68b1c06\" style=\"font-size:48px;font-style:normal;font-weight:700;line-height:1.15\">Les veus dels participants<\/h2>\n\n\n\n<p class=\"has-blanc-coco-color has-text-color has-larger-font-size\" style=\"font-style:normal;font-weight:700;letter-spacing:0px;line-height:0.9;text-decoration:none;text-transform:none\"><\/p>\n<\/div>\n\n\n\n<div class=\"wp-block-column is-layout-flow wp-block-column-is-layout-flow\" style=\"flex-basis:66.66%\">\n<div class=\"wp-block-group alignwide\"><div class=\"wp-block-group__inner-container is-layout-constrained wp-block-group-is-layout-constrained\">\n<div class=\"wp-block-columns is-layout-flex wp-container-core-columns-is-layout-9d6595d7 wp-block-columns-is-layout-flex\">\n<div class=\"wp-block-column is-vertically-aligned-top is-layout-flow wp-block-column-is-layout-flow\" style=\"flex-basis:33.33%\">\n<figure class=\"wp-block-image size-full\"><img loading=\"lazy\" decoding=\"async\" width=\"200\" height=\"200\" src=\"https:\/\/webs.uab.cat\/setmanainnovacio\/wp-content\/uploads\/sites\/377\/2026\/04\/Mesa-de-trabajo-1.png\" alt=\"\" class=\"wp-image-2693\" srcset=\"https:\/\/webs.uab.cat\/setmanainnovacio\/wp-content\/uploads\/sites\/377\/2026\/04\/Mesa-de-trabajo-1.png 200w, https:\/\/webs.uab.cat\/setmanainnovacio\/wp-content\/uploads\/sites\/377\/2026\/04\/Mesa-de-trabajo-1-150x150.png 150w\" sizes=\"auto, (max-width: 200px) 100vw, 200px\" \/><\/figure>\n<\/div>\n\n\n\n<div class=\"wp-block-column is-vertically-aligned-center is-layout-flow wp-block-column-is-layout-flow\" style=\"flex-basis:66.66%\">\n<h5 class=\"wp-block-heading\">Gemma Ted\u00f3, directora d&#8217;innovaci\u00f3 de Lucta<\/h5>\n\n\n\n<p><em>Assistent de la Fira de la Innovaci\u00f3<\/em><\/p>\n\n\n\n<blockquote class=\"wp-block-quote is-layout-flow wp-block-quote-is-layout-flow\">\n<p>La Setmana de la Innovaci\u00f3 ens ofereix, en un sol espai, visibilitat, contacte directe i oportunitats reals de relaci\u00f3 amb futurs col\u00b7laboradors.<\/p>\n<\/blockquote>\n<\/div>\n<\/div>\n<\/div><\/div>\n<\/div>\n<\/div>\n\n\n\n<div style=\"height:35px\" aria-hidden=\"true\" class=\"wp-block-spacer\"><\/div>\n\n\n\n<div class=\"wp-block-columns alignwide is-layout-flex wp-container-core-columns-is-layout-9d6595d7 wp-block-columns-is-layout-flex\">\n<div class=\"wp-block-column is-layout-flow wp-block-column-is-layout-flow\">\n<div class=\"wp-block-columns is-layout-flex wp-container-core-columns-is-layout-9d6595d7 wp-block-columns-is-layout-flex\">\n<div class=\"wp-block-column is-vertically-aligned-top is-layout-flow wp-block-column-is-layout-flow\" style=\"flex-basis:33.33%\">\n<figure class=\"wp-block-image size-full is-resized\"><img loading=\"lazy\" decoding=\"async\" width=\"834\" height=\"834\" src=\"https:\/\/webs.uab.cat\/setmanainnovacio\/wp-content\/uploads\/sites\/377\/2026\/04\/MeritxellBautista.png\" alt=\"\" class=\"wp-image-2702\" style=\"width:200px\" srcset=\"https:\/\/webs.uab.cat\/setmanainnovacio\/wp-content\/uploads\/sites\/377\/2026\/04\/MeritxellBautista.png 834w, https:\/\/webs.uab.cat\/setmanainnovacio\/wp-content\/uploads\/sites\/377\/2026\/04\/MeritxellBautista-300x300.png 300w, https:\/\/webs.uab.cat\/setmanainnovacio\/wp-content\/uploads\/sites\/377\/2026\/04\/MeritxellBautista-150x150.png 150w, https:\/\/webs.uab.cat\/setmanainnovacio\/wp-content\/uploads\/sites\/377\/2026\/04\/MeritxellBautista-768x768.png 768w\" sizes=\"auto, (max-width: 834px) 100vw, 834px\" \/><\/figure>\n<\/div>\n\n\n\n<div class=\"wp-block-column is-vertically-aligned-top is-layout-flow wp-block-column-is-layout-flow\" style=\"flex-basis:66.66%\">\n<h5 class=\"wp-block-heading\">Meritxell Bautista, presidenta executiva de Manix Capital<\/h5>\n\n\n\n<p><em>Ponent de la jornada Ci\u00e8ncia i Emprenedoria en Femen\u00ed<\/em><\/p>\n\n\n\n<blockquote class=\"wp-block-quote is-layout-flow wp-block-quote-is-layout-flow\">\n<p>S\u00f3n jornades necess\u00e0ries perqu\u00e8 connecten mirades diverses \u2014empresa, estudiants, tecnologia i comunicaci\u00f3\u2014 i ajuden a fer visibles referents que poden inspirar altres persones.<\/p>\n<\/blockquote>\n<\/div>\n<\/div>\n<\/div>\n\n\n\n<div class=\"wp-block-column is-layout-flow wp-block-column-is-layout-flow\">\n<div class=\"wp-block-columns is-layout-flex wp-container-core-columns-is-layout-9d6595d7 wp-block-columns-is-layout-flex\">\n<div class=\"wp-block-column is-vertically-aligned-top is-layout-flow wp-block-column-is-layout-flow\" style=\"flex-basis:33.33%\">\n<figure class=\"wp-block-image size-full is-resized\"><img loading=\"lazy\" decoding=\"async\" width=\"2084\" height=\"2084\" src=\"https:\/\/webs.uab.cat\/setmanainnovacio\/wp-content\/uploads\/sites\/377\/2026\/04\/Alex-Gomez.png\" alt=\"\" class=\"wp-image-2696\" style=\"width:200px\" srcset=\"https:\/\/webs.uab.cat\/setmanainnovacio\/wp-content\/uploads\/sites\/377\/2026\/04\/Alex-Gomez.png 2084w, https:\/\/webs.uab.cat\/setmanainnovacio\/wp-content\/uploads\/sites\/377\/2026\/04\/Alex-Gomez-300x300.png 300w, https:\/\/webs.uab.cat\/setmanainnovacio\/wp-content\/uploads\/sites\/377\/2026\/04\/Alex-Gomez-1024x1024.png 1024w, https:\/\/webs.uab.cat\/setmanainnovacio\/wp-content\/uploads\/sites\/377\/2026\/04\/Alex-Gomez-150x150.png 150w, https:\/\/webs.uab.cat\/setmanainnovacio\/wp-content\/uploads\/sites\/377\/2026\/04\/Alex-Gomez-768x768.png 768w, https:\/\/webs.uab.cat\/setmanainnovacio\/wp-content\/uploads\/sites\/377\/2026\/04\/Alex-Gomez-1536x1536.png 1536w, https:\/\/webs.uab.cat\/setmanainnovacio\/wp-content\/uploads\/sites\/377\/2026\/04\/Alex-Gomez-2048x2048.png 2048w, https:\/\/webs.uab.cat\/setmanainnovacio\/wp-content\/uploads\/sites\/377\/2026\/04\/Alex-Gomez-1200x1200.png 1200w, https:\/\/webs.uab.cat\/setmanainnovacio\/wp-content\/uploads\/sites\/377\/2026\/04\/Alex-Gomez-1980x1980.png 1980w\" sizes=\"auto, (max-width: 2084px) 100vw, 2084px\" \/><\/figure>\n<\/div>\n\n\n\n<div class=\"wp-block-column is-vertically-aligned-top is-layout-flow wp-block-column-is-layout-flow\" style=\"flex-basis:66.66%\">\n<h5 class=\"wp-block-heading\">\u00c1lex G\u00f3mez, investigador de la UAB<\/h5>\n\n\n\n<p><em>Expositor de la Fira de la Innovaci\u00f3<\/em><\/p>\n\n\n\n<blockquote class=\"wp-block-quote is-layout-flow wp-block-quote-is-layout-flow\">\n<p>\u00c9s una oportunitat per trobar-nos, connectar en persona i obrir noves vies de col\u00b7laboraci\u00f3. Aquest contacte directe ens ajuda a apropar la recerca a altres agents de l\u2019ecosistema.<\/p>\n<\/blockquote>\n<\/div>\n<\/div>\n<\/div>\n<\/div>\n<\/div><\/div>\n","protected":false},"excerpt":{"rendered":"<p>Un recorregut d&#8217;impacte Des de la primera edici\u00f3, la Setmana de la Innovaci\u00f3 de la UAB s\u2019ha consolidat com un espai de connexi\u00f3 entre recerca, emprenedoria, empresa i societat. M\u00e9s enll\u00e0 de la simple exposici\u00f3 d&#8217;activitats, l&#8217;esdeveniment reflecteix l&#8217;aposta ferma de la Universitat per la innovaci\u00f3 col\u00b7laborativa i el seu comprom\u00eds amb el teixit empresarial [&hellip;]<\/p>\n","protected":false},"author":73,"featured_media":0,"parent":0,"menu_order":0,"comment_status":"closed","ping_status":"closed","template":"","meta":{"footnotes":""},"class_list":["post-1765","page","type-page","status-publish","hentry"],"_links":{"self":[{"href":"https:\/\/webs.uab.cat\/setmanainnovacio\/wp-json\/wp\/v2\/pages\/1765","targetHints":{"allow":["GET"]}}],"collection":[{"href":"https:\/\/webs.uab.cat\/setmanainnovacio\/wp-json\/wp\/v2\/pages"}],"about":[{"href":"https:\/\/webs.uab.cat\/setmanainnovacio\/wp-json\/wp\/v2\/types\/page"}],"author":[{"embeddable":true,"href":"https:\/\/webs.uab.cat\/setmanainnovacio\/wp-json\/wp\/v2\/users\/73"}],"replies":[{"embeddable":true,"href":"https:\/\/webs.uab.cat\/setmanainnovacio\/wp-json\/wp\/v2\/comments?post=1765"}],"version-history":[{"count":9,"href":"https:\/\/webs.uab.cat\/setmanainnovacio\/wp-json\/wp\/v2\/pages\/1765\/revisions"}],"predecessor-version":[{"id":2707,"href":"https:\/\/webs.uab.cat\/setmanainnovacio\/wp-json\/wp\/v2\/pages\/1765\/revisions\/2707"}],"wp:attachment":[{"href":"https:\/\/webs.uab.cat\/setmanainnovacio\/wp-json\/wp\/v2\/media?parent=1765"}],"curies":[{"name":"wp","href":"https:\/\/api.w.org\/{rel}","templated":true}]}}