{"id":2,"date":"2023-03-08T17:28:27","date_gmt":"2023-03-08T15:28:27","guid":{"rendered":"https:\/\/webs.uab.cat\/setmanainnovacio\/?page_id=2"},"modified":"2026-04-27T10:54:54","modified_gmt":"2026-04-27T08:54:54","slug":"presentacio","status":"publish","type":"page","link":"https:\/\/webs.uab.cat\/setmanainnovacio\/","title":{"rendered":"La UAB en connexi\u00f3 amb la societat"},"content":{"rendered":"\n<div class=\"wp-block-columns alignfull is-layout-flex wp-container-core-columns-is-layout-9d6595d7 wp-block-columns-is-layout-flex\">\n<div class=\"wp-block-column is-layout-flow wp-block-column-is-layout-flow\" style=\"flex-basis:100%\">\n<h3 class=\"wp-block-heading has-text-align-center has-verd-tropic-color has-text-color has-link-color wp-elements-fcec1a383c05af26e8092d43f286e9ad\" style=\"font-size:40px\">Del 19 al 23 d&#8217;octubre de 2026<\/h3>\n\n\n\n<h3 class=\"wp-block-heading has-text-align-center\" style=\"font-size:40px\">L&#8217;esdeveniment en qu\u00e8 la UAB mostra el seu ecosistema d&#8217;innovaci\u00f3 i emprenedoria i apropa a la societat les tecnologies i coneixement innovador que es genera al campus.<\/h3>\n<\/div>\n<\/div>\n\n\n\n<div style=\"height:20px\" aria-hidden=\"true\" class=\"wp-block-spacer\"><\/div>\n\n\n\n<div class=\"wp-block-columns alignfull are-vertically-aligned-center has-primary-background-color has-background is-layout-flex wp-container-core-columns-is-layout-9d6595d7 wp-block-columns-is-layout-flex\">\n<div class=\"wp-block-column has-background-color has-primary-background-color has-text-color has-background is-layout-flow wp-block-column-is-layout-flow\"><div class=\"wp-block-image\">\n<figure class=\"aligncenter size-large is-resized\"><img loading=\"lazy\" decoding=\"async\" width=\"1024\" height=\"153\" src=\"https:\/\/webs.uab.cat\/setmanainnovacio\/wp-content\/uploads\/sites\/377\/2023\/03\/Objectius-1024x153.png\" alt=\"\" class=\"wp-image-155\" style=\"width:256px;height:38px\" srcset=\"https:\/\/webs.uab.cat\/setmanainnovacio\/wp-content\/uploads\/sites\/377\/2023\/03\/Objectius-1024x153.png 1024w, https:\/\/webs.uab.cat\/setmanainnovacio\/wp-content\/uploads\/sites\/377\/2023\/03\/Objectius-300x45.png 300w, https:\/\/webs.uab.cat\/setmanainnovacio\/wp-content\/uploads\/sites\/377\/2023\/03\/Objectius-768x114.png 768w, https:\/\/webs.uab.cat\/setmanainnovacio\/wp-content\/uploads\/sites\/377\/2023\/03\/Objectius.png 1181w\" sizes=\"auto, (max-width: 1024px) 100vw, 1024px\" \/><\/figure>\n<\/div>\n\n\n<h3 class=\"wp-block-heading has-text-align-center has-blanc-coco-color has-text-color\">Visibilitzar<\/h3>\n\n\n\n<p class=\"has-text-align-center has-background-color has-text-color\">Visibilitzar l&#8217;aposta de la UAB i el seu ecosistema per a la innovaci\u00f3 des de la perspectiva de diferents agents, sectors i col\u00b7lectius.<\/p>\n\n\n\n<h3 class=\"wp-block-heading has-text-align-center has-blanc-coco-color has-text-color\">Connectar<\/h3>\n\n\n\n<p class=\"has-text-align-center has-background-color has-text-color\">Connectar l&#8217;ecosistema emprenedor i el coneixement del campus UAB amb el teixit empresarial, la xarxa d&#8217;inversors p\u00fablics i privats i els centres de coneixement.<\/p>\n\n\n\n<h3 class=\"wp-block-heading has-text-align-center has-blanc-coco-color has-text-color\">Vincular<\/h3>\n\n\n\n<p class=\"has-text-align-center has-background-color has-text-color\">Vincular la recerca de la UAB amb els reptes del territori B30.<\/p>\n\n\n\n<h3 class=\"wp-block-heading has-text-align-center has-blanc-coco-color has-text-color\">Relacionar<\/h3>\n\n\n\n<p class=\"has-text-align-center has-background-color has-text-color\">Relacionar personal investigador i emprenedor d\u2019\u00e0rees de coneixement diverses perqu\u00e8 augmenti la competitivitat de les iniciatives empresarials.<\/p>\n\n\n\n<h3 class=\"wp-block-heading has-text-align-center has-blanc-coco-color has-text-color\">Fomentar<\/h3>\n\n\n\n<p class=\"has-text-align-center has-background-color has-text-color\">Fomentar l\u2019esperit innovador i emprenedor i impulsar l&#8217;emprenedoria femenina.<\/p>\n<\/div>\n<\/div>\n\n\n\n<div class=\"wp-block-cover alignfull\" style=\"min-height:562px;aspect-ratio:unset;\"><span aria-hidden=\"true\" class=\"wp-block-cover__background has-blanc-coco-background-color has-background-dim-100 has-background-dim\"><\/span><div class=\"wp-block-cover__inner-container is-layout-constrained wp-block-cover-is-layout-constrained\">\n<div class=\"wp-block-columns alignwide is-layout-flex wp-container-core-columns-is-layout-9d6595d7 wp-block-columns-is-layout-flex\">\n<div class=\"wp-block-column is-vertically-aligned-top is-layout-flow wp-block-column-is-layout-flow\">\n<h2 class=\"wp-block-heading has-negre-eben-color has-text-color has-link-color wp-elements-728f84a74bba8607833ae3ea952674b4\">Vols organitzar una activitat dins la Setmana de la Innovaci\u00f3?<\/h2>\n<\/div>\n\n\n\n<div class=\"wp-block-column is-layout-flow wp-block-column-is-layout-flow\">\n<p class=\"has-negre-eben-color has-text-color has-link-color wp-elements-00e65db2c4daa65b8da3f61b5a7931d8\"><br>La Setmana de la Innovaci\u00f3 de la UAB \u00e9s un espai obert a la participaci\u00f3 de tota la comunitat del campus. Si formes part d\u2019un grup de recerca, empresa, servei o instituci\u00f3 vinculada a la UAB, et convidem a proposar una activitat i sumar-te al programa de la pr\u00f2xima edici\u00f3.<\/p>\n\n\n\n<h3 class=\"wp-block-heading has-negre-eben-color has-text-color has-link-color wp-elements-c374d87fdb140f57f5ade2d0a6da5cbd\"><strong>Tens una proposta?<\/strong><\/h3>\n\n\n\n<p class=\"has-negre-eben-color has-text-color has-link-color wp-elements-e542f74f7a884749f5ca306c5bd8d87d\">Envia\u2019ns-la a trav\u00e9s d&#8217;aquest formulari i l\u2019equip organitzador valorar\u00e0 la seva incorporaci\u00f3 al programa.<\/p>\n\n\n\n<div class=\"wp-block-buttons is-layout-flex wp-block-buttons-is-layout-flex\">\n<div class=\"wp-block-button is-style-fill\"><a class=\"wp-block-button__link has-background wp-element-button\" href=\"https:\/\/forms.office.com\/e\/bf65L91sc1\" style=\"background:linear-gradient(135deg,rgb(0,0,0) 0%,rgb(0,0,0) 100%)\" target=\"_blank\" rel=\"noreferrer noopener\">Formulari de propostes<\/a><\/div>\n<\/div>\n<\/div>\n<\/div>\n<\/div><\/div>\n\n\n\n<div style=\"height:30px\" aria-hidden=\"true\" class=\"wp-block-spacer\"><\/div>\n\n\n\n<p class=\"has-text-align-center\">Organitza<\/p>\n\n\n<div class=\"wp-block-image\">\n<figure class=\"aligncenter size-large is-resized\"><img loading=\"lazy\" decoding=\"async\" width=\"1024\" height=\"72\" src=\"https:\/\/webs.uab.cat\/setmanainnovacio\/wp-content\/uploads\/sites\/377\/2024\/07\/logosub-s-parcrecerca-v0-horitzontal-1lin-gran-verd-1024x72.png\" alt=\"\" class=\"wp-image-1370\" style=\"width:341px;height:auto\" srcset=\"https:\/\/webs.uab.cat\/setmanainnovacio\/wp-content\/uploads\/sites\/377\/2024\/07\/logosub-s-parcrecerca-v0-horitzontal-1lin-gran-verd-1024x72.png 1024w, https:\/\/webs.uab.cat\/setmanainnovacio\/wp-content\/uploads\/sites\/377\/2024\/07\/logosub-s-parcrecerca-v0-horitzontal-1lin-gran-verd-300x21.png 300w, https:\/\/webs.uab.cat\/setmanainnovacio\/wp-content\/uploads\/sites\/377\/2024\/07\/logosub-s-parcrecerca-v0-horitzontal-1lin-gran-verd-768x54.png 768w, https:\/\/webs.uab.cat\/setmanainnovacio\/wp-content\/uploads\/sites\/377\/2024\/07\/logosub-s-parcrecerca-v0-horitzontal-1lin-gran-verd-1200x85.png 1200w, https:\/\/webs.uab.cat\/setmanainnovacio\/wp-content\/uploads\/sites\/377\/2024\/07\/logosub-s-parcrecerca-v0-horitzontal-1lin-gran-verd.png 1500w\" sizes=\"auto, (max-width: 1024px) 100vw, 1024px\" \/><\/figure>\n<\/div>\n\n\n<div style=\"height:17px\" aria-hidden=\"true\" class=\"wp-block-spacer\"><\/div>\n","protected":false},"excerpt":{"rendered":"<p>Del 19 al 23 d&#8217;octubre de 2026 L&#8217;esdeveniment en qu\u00e8 la UAB mostra el seu ecosistema d&#8217;innovaci\u00f3 i emprenedoria i apropa a la societat les tecnologies i coneixement innovador que es genera al campus. Visibilitzar Visibilitzar l&#8217;aposta de la UAB i el seu ecosistema per a la innovaci\u00f3 des de la perspectiva de diferents agents, [&hellip;]<\/p>\n","protected":false},"author":73,"featured_media":0,"parent":0,"menu_order":0,"comment_status":"closed","ping_status":"open","template":"","meta":{"footnotes":""},"class_list":["post-2","page","type-page","status-publish","hentry"],"_links":{"self":[{"href":"https:\/\/webs.uab.cat\/setmanainnovacio\/wp-json\/wp\/v2\/pages\/2","targetHints":{"allow":["GET"]}}],"collection":[{"href":"https:\/\/webs.uab.cat\/setmanainnovacio\/wp-json\/wp\/v2\/pages"}],"about":[{"href":"https:\/\/webs.uab.cat\/setmanainnovacio\/wp-json\/wp\/v2\/types\/page"}],"author":[{"embeddable":true,"href":"https:\/\/webs.uab.cat\/setmanainnovacio\/wp-json\/wp\/v2\/users\/73"}],"replies":[{"embeddable":true,"href":"https:\/\/webs.uab.cat\/setmanainnovacio\/wp-json\/wp\/v2\/comments?post=2"}],"version-history":[{"count":90,"href":"https:\/\/webs.uab.cat\/setmanainnovacio\/wp-json\/wp\/v2\/pages\/2\/revisions"}],"predecessor-version":[{"id":2725,"href":"https:\/\/webs.uab.cat\/setmanainnovacio\/wp-json\/wp\/v2\/pages\/2\/revisions\/2725"}],"wp:attachment":[{"href":"https:\/\/webs.uab.cat\/setmanainnovacio\/wp-json\/wp\/v2\/media?parent=2"}],"curies":[{"name":"wp","href":"https:\/\/api.w.org\/{rel}","templated":true}]}}