{"id":208,"date":"2023-04-11T13:12:28","date_gmt":"2023-04-11T11:12:28","guid":{"rendered":"https:\/\/webs.uab.cat\/setmanainnovacio\/?page_id=208"},"modified":"2024-03-07T13:15:59","modified_gmt":"2024-03-07T11:15:59","slug":"firainnovacio","status":"publish","type":"page","link":"https:\/\/webs.uab.cat\/setmanainnovacio\/activitats-2023\/firainnovacio\/","title":{"rendered":"Activitats"},"content":{"rendered":"\n<div class=\"wp-block-columns is-layout-flex wp-container-core-columns-is-layout-9d6595d7 wp-block-columns-is-layout-flex\">\n<div class=\"wp-block-column is-layout-flow wp-block-column-is-layout-flow\" style=\"flex-basis:30%\">\n<h6 class=\"wp-block-heading has-blanc-coco-color has-negre-eben-background-color has-text-color has-background\">17 d&#8217;octubre<\/h6>\n<\/div>\n\n\n\n<div class=\"wp-block-column is-layout-flow wp-block-column-is-layout-flow\">\n<h2 class=\"wp-block-heading\" style=\"font-size:50px\">Fira de la innovaci\u00f3<\/h2>\n<\/div>\n<\/div>\n\n\n\n<p><strong>Lloc<\/strong>: <a href=\"https:\/\/goo.gl\/maps\/dLYTjTnTLHL1z8LR8?coh=178571&amp;entry=tt\">Hotel Exe <\/a><a rel=\"noreferrer noopener\" href=\"https:\/\/goo.gl\/maps\/dLYTjTnTLHL1z8LR8?coh=178571&amp;entry=tt\" target=\"_blank\">Campus<\/a><br><strong>Hora<\/strong>: de 09:30 h a 14:30 h<\/p>\n\n\n\n<p>Una jornada de relaci\u00f3 entre el m\u00f3n de la recerca i l\u2019entorn empresarial que pret\u00e9n recon\u00e8ixer la transfer\u00e8ncia de coneixement dels grups de recerca i mostrar l\u2019ampli ventall de tecnologies, serveis, idees innovadores i projectes emprenedors generats al campus de la UAB.&nbsp;<\/p>\n\n\n\n<div class=\"wp-block-columns is-layout-flex wp-container-core-columns-is-layout-9d6595d7 wp-block-columns-is-layout-flex\">\n<div class=\"wp-block-column has-verd-tropic-transparent-background-color has-background is-layout-flow wp-block-column-is-layout-flow\">\n<h3 class=\"wp-block-heading has-text-align-center\">Programa<\/h3>\n\n\n\n<p class=\"has-text-align-left\">09.30 h Recepci\u00f3 d\u2019assistents<\/p>\n\n\n\n<p class=\"has-text-align-left\">10.00 h Inauguraci\u00f3:<\/p>\n\n\n\n<ul class=\"wp-block-list\">\n<li>Montserrat L\u00f3pez Merlos, presidenta de la Comissi\u00f3 Acad\u00e8mica del Consell Social.<\/li>\n\n\n\n<li>Lluis Junc\u00e0, director general d\u2019Innovaci\u00f3 i Emprenedoria de la Generalitat de Catalunya.<\/li>\n\n\n\n<li>Javier Lafuente, rector&nbsp; de la UAB.<\/li>\n<\/ul>\n\n\n\n<p class=\"has-text-align-left\">10.15 h Xerrada inspiracional sobre innovaci\u00f3, tend\u00e8ncies i reptes<\/p>\n\n\n\n<ul class=\"wp-block-list\">\n<li>Jordi Puigner\u00f3, tinent d\u2019alcaldia de Relacions Institucionals, Bon Govern i Ciutat Digital de l\u2019Ajuntament de Sant Cugat del Vall\u00e8s.&nbsp;&nbsp;<\/li>\n<\/ul>\n\n\n\n<p>10:30 h Pausa caf\u00e8<\/p>\n\n\n\n<p class=\"has-text-align-left\"><strong>11.00 h Sessi\u00f3 de matchmaking: reunions entre grups de recerca i startups i empreses<\/strong>.<\/p>\n\n\n\n<p class=\"has-text-align-left\">13.00 h Taula rodona amb empreses biofarmac\u00e8utiques \u00abCol\u00b7laboraci\u00f3 Empresa-Universitat, model per a l\u2019excel\u00b7l\u00e8ncia\u00bb<\/p>\n\n\n\n<ul class=\"wp-block-list\">\n<li>Ignasi Belda, CEO de MiWEndo Solutions.<\/li>\n\n\n\n<li>Ferran Brians\u00f3, m\u00e0nager de projectes d\u2019innovaci\u00f3 de Roche Diagnostics.<\/li>\n\n\n\n<li>Fabiana d\u2019Aniello, directora de la cartera d\u2019R+D de Ferrer.<\/li>\n\n\n\n<li>Joaquim Mallorqu\u00ed, director d\u2019R+D en l\u2019\u00e0mbit bioterap\u00e8utic d\u2019Hipra.<\/li>\n\n\n\n<li>Montse Monsalvatje, directora de desenvolupament de processos d&#8217;Esteve.<\/li>\n\n\n\n<li><em>Moderador: Dani Cordero, responsable d&#8217;economia d&#8217;El Pa\u00eds Catalunya<\/em><\/li>\n<\/ul>\n\n\n\n<p>14.00 h  Dinar networking<\/p>\n<\/div>\n<\/div>\n\n\n\n<h4 class=\"wp-block-heading\">Conductora de l&#8217;acte: Ana Pantaleoni<\/h4>\n\n\n\n<div class=\"wp-block-columns is-layout-flex wp-container-core-columns-is-layout-9d6595d7 wp-block-columns-is-layout-flex\">\n<div class=\"wp-block-column is-layout-flow wp-block-column-is-layout-flow\" style=\"flex-basis:20%\">\n<figure class=\"wp-block-image size-full\"><img loading=\"lazy\" decoding=\"async\" width=\"150\" height=\"150\" src=\"https:\/\/webs.uab.cat\/setmanainnovacio\/wp-content\/uploads\/sites\/377\/2023\/10\/AnaPantaleoni.png\" alt=\"\" class=\"wp-image-992\" \/><\/figure>\n<\/div>\n\n\n\n<div class=\"wp-block-column is-layout-flow wp-block-column-is-layout-flow\" style=\"flex-basis:66.66%\">\n<p>Redactora en cap d&#8217;EL PA\u00cdS a Barcelona i responsable de l&#8217;edici\u00f3 en catal\u00e0 del diari. Ha escrit sobre salut, gastronomia, moda i tecnologia i va treballar durant una d\u00e8cada al suplement tecnol\u00f2gic Ciberpa\u00eds. Llicenciada en Humanitats, m\u00e0ster d&#8217;EL PA\u00cdS, PDD a l&#8217;escola de negocis Iese i professora de periodisme.<\/p>\n<\/div>\n<\/div>\n\n\n\n<div style=\"height:81px\" aria-hidden=\"true\" class=\"wp-block-spacer\"><\/div>\n","protected":false},"excerpt":{"rendered":"<p>17 d&#8217;octubre Fira de la innovaci\u00f3 Lloc: Hotel Exe CampusHora: de 09:30 h a 14:30 h Una jornada de relaci\u00f3 entre el m\u00f3n de la recerca i l\u2019entorn empresarial que pret\u00e9n recon\u00e8ixer la transfer\u00e8ncia de coneixement dels grups de recerca i mostrar l\u2019ampli ventall de tecnologies, serveis, idees innovadores i projectes emprenedors generats al campus [&hellip;]<\/p>\n","protected":false},"author":73,"featured_media":0,"parent":4,"menu_order":2,"comment_status":"closed","ping_status":"closed","template":"","meta":{"footnotes":""},"class_list":["post-208","page","type-page","status-publish","hentry"],"_links":{"self":[{"href":"https:\/\/webs.uab.cat\/setmanainnovacio\/wp-json\/wp\/v2\/pages\/208","targetHints":{"allow":["GET"]}}],"collection":[{"href":"https:\/\/webs.uab.cat\/setmanainnovacio\/wp-json\/wp\/v2\/pages"}],"about":[{"href":"https:\/\/webs.uab.cat\/setmanainnovacio\/wp-json\/wp\/v2\/types\/page"}],"author":[{"embeddable":true,"href":"https:\/\/webs.uab.cat\/setmanainnovacio\/wp-json\/wp\/v2\/users\/73"}],"replies":[{"embeddable":true,"href":"https:\/\/webs.uab.cat\/setmanainnovacio\/wp-json\/wp\/v2\/comments?post=208"}],"version-history":[{"count":67,"href":"https:\/\/webs.uab.cat\/setmanainnovacio\/wp-json\/wp\/v2\/pages\/208\/revisions"}],"predecessor-version":[{"id":1099,"href":"https:\/\/webs.uab.cat\/setmanainnovacio\/wp-json\/wp\/v2\/pages\/208\/revisions\/1099"}],"up":[{"embeddable":true,"href":"https:\/\/webs.uab.cat\/setmanainnovacio\/wp-json\/wp\/v2\/pages\/4"}],"wp:attachment":[{"href":"https:\/\/webs.uab.cat\/setmanainnovacio\/wp-json\/wp\/v2\/media?parent=208"}],"curies":[{"name":"wp","href":"https:\/\/api.w.org\/{rel}","templated":true}]}}