{"id":2222,"date":"2025-07-31T14:38:05","date_gmt":"2025-07-31T12:38:05","guid":{"rendered":"https:\/\/webs.uab.cat\/setmanainnovacio\/?page_id=2222"},"modified":"2025-10-16T13:23:52","modified_gmt":"2025-10-16T11:23:52","slug":"barbempren","status":"publish","type":"page","link":"https:\/\/webs.uab.cat\/setmanainnovacio\/barbempren\/","title":{"rendered":"Activitats 2025"},"content":{"rendered":"\n<div class=\"wp-block-group alignfull has-blanc-coco-background-color has-background\" style=\"padding-top:6vw;padding-right:6vw;padding-bottom:6vw;padding-left:6vw\"><div class=\"wp-block-group__inner-container is-layout-flow wp-block-group-is-layout-flow\">\n<div class=\"wp-block-group alignwide is-vertical is-nowrap is-layout-flex wp-container-core-group-is-layout-287ef9cb wp-block-group-is-layout-flex\" style=\"padding-right:0;padding-left:0\">\n<h1 class=\"wp-block-heading has-text-color has-larger-font-size\" id=\"ecosystem\" style=\"color:#000000\"><strong>23 d&#8217;OCTUBRE \u00b7 Ajuntament de Barber\u00e0 del Vall\u00e8s<\/strong><\/h1>\n\n\n\n<p class=\"has-text-color\" style=\"color:#000000;font-size:6vw;font-style:normal;font-weight:700;letter-spacing:0px;line-height:0.9;text-decoration:none;text-transform:none\">BarbEmpr\u00e8n 2025<\/p>\n<\/div>\n\n\n\n<div style=\"height:1vw\" aria-hidden=\"true\" class=\"wp-block-spacer\"><\/div>\n\n\n\n<div class=\"wp-block-group alignwide is-vertical is-nowrap is-layout-flex wp-container-core-group-is-layout-8171334d wp-block-group-is-layout-flex\" style=\"padding-top:0;padding-right:0;padding-bottom:0;padding-left:0\">\n<div class=\"wp-block-columns alignwide is-layout-flex wp-container-core-columns-is-layout-2656d967 wp-block-columns-is-layout-flex\">\n<div class=\"wp-block-column is-layout-flow wp-block-column-is-layout-flow\" style=\"flex-basis:33.53%\">\n<p class=\"has-text-color has-normal-font-size\" style=\"color:#000000\">BarbEmpr\u00e8n \u00e9s una jornada d\u2019innovaci\u00f3 col\u00b7laborativa per fomentar l\u2019emprenedoria sostenible i la transici\u00f3 cap a l\u2019economia circular. A trav\u00e9s d\u2019un repte real plantejat per una empresa del territori i una metodologia innovadora basada en el format hackat\u00f3, les persones participants treballaran en equips per idear solucions creatives i viables a una problem\u00e0tica d\u2019impacte ambiental.<\/p>\n\n\n\n<div class=\"wp-block-buttons is-layout-flex wp-block-buttons-is-layout-flex\">\n<div class=\"wp-block-button is-style-fill\"><a class=\"wp-block-button__link has-negre-eben-background-color has-background wp-element-button\" href=\"https:\/\/www.barbempren.cat\/#form\" target=\"_blank\" rel=\"noreferrer noopener\">INSCRIU-T&#8217;HI<\/a><\/div>\n<\/div>\n<\/div>\n\n\n\n<div class=\"wp-block-column is-layout-flow wp-block-column-is-layout-flow\" style=\"flex-basis:33.14%\">\n<div style=\"height:2vw\" aria-hidden=\"true\" class=\"wp-block-spacer\"><\/div>\n\n\n\n<figure class=\"wp-block-image size-large\"><img loading=\"lazy\" decoding=\"async\" width=\"1024\" height=\"682\" src=\"https:\/\/webs.uab.cat\/setmanainnovacio\/wp-content\/uploads\/sites\/377\/2025\/09\/torre_entrada-1024x682.jpg\" alt=\"\" class=\"wp-image-2317\" srcset=\"https:\/\/webs.uab.cat\/setmanainnovacio\/wp-content\/uploads\/sites\/377\/2025\/09\/torre_entrada-1024x682.jpg 1024w, https:\/\/webs.uab.cat\/setmanainnovacio\/wp-content\/uploads\/sites\/377\/2025\/09\/torre_entrada-300x200.jpg 300w, https:\/\/webs.uab.cat\/setmanainnovacio\/wp-content\/uploads\/sites\/377\/2025\/09\/torre_entrada-768x512.jpg 768w, https:\/\/webs.uab.cat\/setmanainnovacio\/wp-content\/uploads\/sites\/377\/2025\/09\/torre_entrada-1200x800.jpg 1200w, https:\/\/webs.uab.cat\/setmanainnovacio\/wp-content\/uploads\/sites\/377\/2025\/09\/torre_entrada.jpg 1280w\" sizes=\"auto, (max-width: 1024px) 100vw, 1024px\" \/><\/figure>\n<\/div>\n\n\n\n<div class=\"wp-block-column is-layout-flow wp-block-column-is-layout-flow\" style=\"flex-basis:33.33%\">\n<figure class=\"wp-block-image size-full\"><img loading=\"lazy\" decoding=\"async\" width=\"600\" height=\"336\" src=\"https:\/\/webs.uab.cat\/setmanainnovacio\/wp-content\/uploads\/sites\/377\/2025\/09\/AdobeStock_593369186.png\" alt=\"\" class=\"wp-image-2321\" srcset=\"https:\/\/webs.uab.cat\/setmanainnovacio\/wp-content\/uploads\/sites\/377\/2025\/09\/AdobeStock_593369186.png 600w, https:\/\/webs.uab.cat\/setmanainnovacio\/wp-content\/uploads\/sites\/377\/2025\/09\/AdobeStock_593369186-300x168.png 300w\" sizes=\"auto, (max-width: 600px) 100vw, 600px\" \/><\/figure>\n<\/div>\n<\/div>\n<\/div>\n<\/div><\/div>\n\n\n\n<div class=\"wp-block-cover alignfull\"><span aria-hidden=\"true\" class=\"wp-block-cover__background has-background-dim-100 has-background-dim\"><\/span><div class=\"wp-block-cover__inner-container is-layout-constrained wp-block-cover-is-layout-constrained\">\n<div class=\"wp-block-columns alignwide has-blanc-coco-color has-text-color has-link-color wp-elements-c622ec94a8ec963351e3e9936ad5786e is-layout-flex wp-container-core-columns-is-layout-9d6595d7 wp-block-columns-is-layout-flex\">\n<div class=\"wp-block-column is-vertically-aligned-center is-layout-flow wp-block-column-is-layout-flow\">\n<h2 class=\"wp-block-heading has-text-align-left has-larger-font-size\">Programa<\/h2>\n\n\n\n<p class=\"has-text-align-left\"><strong>12.00 h<\/strong>: Benvinguda institucional<br><strong>12.15 h<\/strong>: Confer\u00e8ncia inspiradora sobre economia circular i innovaci\u00f3.<br><strong>14.00<\/strong> <strong>h<\/strong>: Pausa \u2013 Dinar networking<br><strong>16.00 h<\/strong>: Hackat\u00f3. Presentaci\u00f3 del repte i Sessi\u00f3 d\u2019ideaci\u00f3 en equips.<br><strong>19.00 h<\/strong>: Presentaci\u00f3 de propostes finals i tancament.<\/p>\n\n\n\n<p>Amb la pres\u00e8ncia i pon\u00e8ncies de Xavier Verdaguer (Imagine Creativity Center), Representants t\u00e8cnics de Siegfried, Equip de dinamitzaci\u00f3 d\u2019Imagine Creatives Center, Representants de l\u2019Ajuntament de Barber\u00e0 del Vall\u00e8s i de la Fundaci\u00f3 Barber\u00e0 Promoci\u00f3.<\/p>\n<\/div>\n<\/div>\n<\/div><\/div>\n\n\n\n<div class=\"wp-block-columns alignfull has-gris-pubilla-background-color has-background is-layout-flex wp-container-core-columns-is-layout-9d6595d7 wp-block-columns-is-layout-flex\">\n<div class=\"wp-block-column is-vertically-aligned-center is-layout-flow wp-block-column-is-layout-flow\">\n<h3 class=\"wp-block-heading has-text-align-center\"><strong>Organitza<\/strong><\/h3>\n\n\n\n<div class=\"wp-block-columns alignwide is-layout-flex wp-container-core-columns-is-layout-9d6595d7 wp-block-columns-is-layout-flex\">\n<div class=\"wp-block-column is-layout-flow wp-block-column-is-layout-flow\">\n<figure class=\"wp-block-image size-full\"><img loading=\"lazy\" decoding=\"async\" width=\"400\" height=\"196\" src=\"https:\/\/webs.uab.cat\/setmanainnovacio\/wp-content\/uploads\/sites\/377\/2025\/09\/logo_BarberaPromocio-1.png\" alt=\"\" class=\"wp-image-2335\" srcset=\"https:\/\/webs.uab.cat\/setmanainnovacio\/wp-content\/uploads\/sites\/377\/2025\/09\/logo_BarberaPromocio-1.png 400w, https:\/\/webs.uab.cat\/setmanainnovacio\/wp-content\/uploads\/sites\/377\/2025\/09\/logo_BarberaPromocio-1-300x147.png 300w\" sizes=\"auto, (max-width: 400px) 100vw, 400px\" \/><\/figure>\n<\/div>\n\n\n\n<div class=\"wp-block-column is-layout-flow wp-block-column-is-layout-flow\">\n<figure class=\"wp-block-image size-full\"><img loading=\"lazy\" decoding=\"async\" width=\"400\" height=\"196\" src=\"https:\/\/webs.uab.cat\/setmanainnovacio\/wp-content\/uploads\/sites\/377\/2025\/09\/logo-ajuntament-barbera-1.png\" alt=\"\" class=\"wp-image-2338\" srcset=\"https:\/\/webs.uab.cat\/setmanainnovacio\/wp-content\/uploads\/sites\/377\/2025\/09\/logo-ajuntament-barbera-1.png 400w, https:\/\/webs.uab.cat\/setmanainnovacio\/wp-content\/uploads\/sites\/377\/2025\/09\/logo-ajuntament-barbera-1-300x147.png 300w\" sizes=\"auto, (max-width: 400px) 100vw, 400px\" \/><\/figure>\n<\/div>\n\n\n\n<div class=\"wp-block-column is-layout-flow wp-block-column-is-layout-flow\">\n<figure class=\"wp-block-image size-full\"><img loading=\"lazy\" decoding=\"async\" width=\"400\" height=\"196\" src=\"https:\/\/webs.uab.cat\/setmanainnovacio\/wp-content\/uploads\/sites\/377\/2025\/09\/Imagine_logo-Negro_Amarillo-1.png\" alt=\"\" class=\"wp-image-2341\" srcset=\"https:\/\/webs.uab.cat\/setmanainnovacio\/wp-content\/uploads\/sites\/377\/2025\/09\/Imagine_logo-Negro_Amarillo-1.png 400w, https:\/\/webs.uab.cat\/setmanainnovacio\/wp-content\/uploads\/sites\/377\/2025\/09\/Imagine_logo-Negro_Amarillo-1-300x147.png 300w\" sizes=\"auto, (max-width: 400px) 100vw, 400px\" \/><\/figure>\n<\/div>\n\n\n\n<div class=\"wp-block-column is-layout-flow wp-block-column-is-layout-flow\">\n<figure class=\"wp-block-image size-full\"><img loading=\"lazy\" decoding=\"async\" width=\"400\" height=\"196\" src=\"https:\/\/webs.uab.cat\/setmanainnovacio\/wp-content\/uploads\/sites\/377\/2025\/09\/UAB.png\" alt=\"\" class=\"wp-image-2344\" srcset=\"https:\/\/webs.uab.cat\/setmanainnovacio\/wp-content\/uploads\/sites\/377\/2025\/09\/UAB.png 400w, https:\/\/webs.uab.cat\/setmanainnovacio\/wp-content\/uploads\/sites\/377\/2025\/09\/UAB-300x147.png 300w\" sizes=\"auto, (max-width: 400px) 100vw, 400px\" \/><\/figure>\n<\/div>\n<\/div>\n\n\n\n<p class=\"has-text-align-center\">Empresa col\u00b7laboradora<\/p>\n\n\n<div class=\"wp-block-image\">\n<figure class=\"aligncenter size-full is-resized\"><img loading=\"lazy\" decoding=\"async\" width=\"400\" height=\"164\" src=\"https:\/\/webs.uab.cat\/setmanainnovacio\/wp-content\/uploads\/sites\/377\/2025\/09\/Logo_Siegfried.png\" alt=\"\" class=\"wp-image-2347\" style=\"width:254px;height:auto\" srcset=\"https:\/\/webs.uab.cat\/setmanainnovacio\/wp-content\/uploads\/sites\/377\/2025\/09\/Logo_Siegfried.png 400w, https:\/\/webs.uab.cat\/setmanainnovacio\/wp-content\/uploads\/sites\/377\/2025\/09\/Logo_Siegfried-300x123.png 300w\" sizes=\"auto, (max-width: 400px) 100vw, 400px\" \/><\/figure>\n<\/div><\/div>\n<\/div>\n","protected":false},"excerpt":{"rendered":"<p>23 d&#8217;OCTUBRE \u00b7 Ajuntament de Barber\u00e0 del Vall\u00e8s BarbEmpr\u00e8n 2025 BarbEmpr\u00e8n \u00e9s una jornada d\u2019innovaci\u00f3 col\u00b7laborativa per fomentar l\u2019emprenedoria sostenible i la transici\u00f3 cap a l\u2019economia circular. A trav\u00e9s d\u2019un repte real plantejat per una empresa del territori i una metodologia innovadora basada en el format hackat\u00f3, les persones participants treballaran en equips per idear [&hellip;]<\/p>\n","protected":false},"author":2914,"featured_media":0,"parent":0,"menu_order":0,"comment_status":"closed","ping_status":"closed","template":"","meta":{"footnotes":""},"class_list":["post-2222","page","type-page","status-publish","hentry"],"_links":{"self":[{"href":"https:\/\/webs.uab.cat\/setmanainnovacio\/wp-json\/wp\/v2\/pages\/2222","targetHints":{"allow":["GET"]}}],"collection":[{"href":"https:\/\/webs.uab.cat\/setmanainnovacio\/wp-json\/wp\/v2\/pages"}],"about":[{"href":"https:\/\/webs.uab.cat\/setmanainnovacio\/wp-json\/wp\/v2\/types\/page"}],"author":[{"embeddable":true,"href":"https:\/\/webs.uab.cat\/setmanainnovacio\/wp-json\/wp\/v2\/users\/2914"}],"replies":[{"embeddable":true,"href":"https:\/\/webs.uab.cat\/setmanainnovacio\/wp-json\/wp\/v2\/comments?post=2222"}],"version-history":[{"count":17,"href":"https:\/\/webs.uab.cat\/setmanainnovacio\/wp-json\/wp\/v2\/pages\/2222\/revisions"}],"predecessor-version":[{"id":2503,"href":"https:\/\/webs.uab.cat\/setmanainnovacio\/wp-json\/wp\/v2\/pages\/2222\/revisions\/2503"}],"wp:attachment":[{"href":"https:\/\/webs.uab.cat\/setmanainnovacio\/wp-json\/wp\/v2\/media?parent=2222"}],"curies":[{"name":"wp","href":"https:\/\/api.w.org\/{rel}","templated":true}]}}