{"id":2518,"date":"2025-10-23T12:48:59","date_gmt":"2025-10-23T10:48:59","guid":{"rendered":"https:\/\/webs.uab.cat\/setmanainnovacio\/?page_id=2518"},"modified":"2025-10-29T17:34:36","modified_gmt":"2025-10-29T15:34:36","slug":"podcast","status":"publish","type":"page","link":"https:\/\/webs.uab.cat\/setmanainnovacio\/podcast\/","title":{"rendered":"P\u00f2dcast"},"content":{"rendered":"\n<div class=\"wp-block-group alignfull has-blanc-coco-background-color has-background\" style=\"padding-top:6vw;padding-right:6vw;padding-bottom:6vw;padding-left:6vw\"><div class=\"wp-block-group__inner-container is-layout-flow wp-block-group-is-layout-flow\">\n<div class=\"wp-block-group alignwide is-vertical is-nowrap is-layout-flex wp-container-core-group-is-layout-287ef9cb wp-block-group-is-layout-flex\" style=\"padding-right:0;padding-left:0\">\n<p class=\"has-text-color\" style=\"color:#000000;font-size:6vw;font-style:normal;font-weight:700;letter-spacing:0px;line-height:0.9;text-decoration:none;text-transform:none\"><strong>De la Universitat al m\u00f3n<\/strong><\/p>\n<\/div>\n\n\n\n<div style=\"height:1vw\" aria-hidden=\"true\" class=\"wp-block-spacer\"><\/div>\n\n\n\n<div class=\"wp-block-group alignwide is-vertical is-nowrap is-layout-flex wp-container-core-group-is-layout-8171334d wp-block-group-is-layout-flex\" style=\"padding-top:0;padding-right:0;padding-bottom:0;padding-left:0\">\n<div class=\"wp-block-columns alignwide is-layout-flex wp-container-core-columns-is-layout-2656d967 wp-block-columns-is-layout-flex\">\n<div class=\"wp-block-column is-layout-flow wp-block-column-is-layout-flow\" style=\"flex-basis:33.38%\">\n<p class=\"has-text-color has-normal-font-size\" style=\"color:#000000\">Descobreix els dos cap\u00edtols especials del nostre p\u00f2dcast participatiu enregistrats en directe durant la <strong>Fira de la Innovaci\u00f3 de la UAB<\/strong>, conduit pel periodista Oriol Llop.<\/p>\n\n\n\n<p class=\"has-text-color has-normal-font-size\" style=\"color:#000000\">Converses inspiradores amb investigadors, startups i empreses que lideren projectes amb un fort impacte cient\u00edfic, tecnol\u00f2gic i social.<\/p>\n<\/div>\n\n\n\n<div class=\"wp-block-column is-layout-flow wp-block-column-is-layout-flow\" style=\"flex-basis:33%\">\n<div style=\"height:2vw\" aria-hidden=\"true\" class=\"wp-block-spacer\"><\/div>\n\n\n\n<figure class=\"wp-block-image size-full\"><img loading=\"lazy\" decoding=\"async\" width=\"1620\" height=\"1080\" src=\"https:\/\/webs.uab.cat\/setmanainnovacio\/wp-content\/uploads\/sites\/377\/2025\/10\/WhatsApp-Image-2025-10-21-at-12.43.51.jpeg\" alt=\"\" class=\"wp-image-2519\" srcset=\"https:\/\/webs.uab.cat\/setmanainnovacio\/wp-content\/uploads\/sites\/377\/2025\/10\/WhatsApp-Image-2025-10-21-at-12.43.51.jpeg 1620w, https:\/\/webs.uab.cat\/setmanainnovacio\/wp-content\/uploads\/sites\/377\/2025\/10\/WhatsApp-Image-2025-10-21-at-12.43.51-300x200.jpeg 300w, https:\/\/webs.uab.cat\/setmanainnovacio\/wp-content\/uploads\/sites\/377\/2025\/10\/WhatsApp-Image-2025-10-21-at-12.43.51-1024x683.jpeg 1024w, https:\/\/webs.uab.cat\/setmanainnovacio\/wp-content\/uploads\/sites\/377\/2025\/10\/WhatsApp-Image-2025-10-21-at-12.43.51-768x512.jpeg 768w, https:\/\/webs.uab.cat\/setmanainnovacio\/wp-content\/uploads\/sites\/377\/2025\/10\/WhatsApp-Image-2025-10-21-at-12.43.51-1536x1024.jpeg 1536w, https:\/\/webs.uab.cat\/setmanainnovacio\/wp-content\/uploads\/sites\/377\/2025\/10\/WhatsApp-Image-2025-10-21-at-12.43.51-1200x800.jpeg 1200w\" sizes=\"auto, (max-width: 1620px) 100vw, 1620px\" \/><\/figure>\n<\/div>\n\n\n\n<div class=\"wp-block-column is-layout-flow wp-block-column-is-layout-flow\" style=\"flex-basis:33.62%\">\n<figure class=\"wp-block-image size-full\"><img loading=\"lazy\" decoding=\"async\" width=\"1600\" height=\"1066\" src=\"https:\/\/webs.uab.cat\/setmanainnovacio\/wp-content\/uploads\/sites\/377\/2025\/10\/WhatsApp-Image-2025-10-21-at-10.59.06.jpeg\" alt=\"\" class=\"wp-image-2522\" srcset=\"https:\/\/webs.uab.cat\/setmanainnovacio\/wp-content\/uploads\/sites\/377\/2025\/10\/WhatsApp-Image-2025-10-21-at-10.59.06.jpeg 1600w, https:\/\/webs.uab.cat\/setmanainnovacio\/wp-content\/uploads\/sites\/377\/2025\/10\/WhatsApp-Image-2025-10-21-at-10.59.06-300x200.jpeg 300w, https:\/\/webs.uab.cat\/setmanainnovacio\/wp-content\/uploads\/sites\/377\/2025\/10\/WhatsApp-Image-2025-10-21-at-10.59.06-1024x682.jpeg 1024w, https:\/\/webs.uab.cat\/setmanainnovacio\/wp-content\/uploads\/sites\/377\/2025\/10\/WhatsApp-Image-2025-10-21-at-10.59.06-768x512.jpeg 768w, https:\/\/webs.uab.cat\/setmanainnovacio\/wp-content\/uploads\/sites\/377\/2025\/10\/WhatsApp-Image-2025-10-21-at-10.59.06-1536x1023.jpeg 1536w, https:\/\/webs.uab.cat\/setmanainnovacio\/wp-content\/uploads\/sites\/377\/2025\/10\/WhatsApp-Image-2025-10-21-at-10.59.06-1200x800.jpeg 1200w\" sizes=\"auto, (max-width: 1600px) 100vw, 1600px\" \/><\/figure>\n<\/div>\n<\/div>\n<\/div>\n<\/div><\/div>\n\n\n\n<h2 class=\"wp-block-heading alignwide has-verd-tropic-color has-text-color has-link-color wp-elements-b3813b9818c4bd931c5180b8a533a60c\">El p\u00f2dcast de la Setmana de la Innovaci\u00f3 de la UAB<\/h2>\n\n\n\n<div class=\"wp-block-columns alignwide has-blanc-coco-color has-text-color has-link-color wp-elements-5fd276e2dd66dd3ff7744fce90a01407 is-layout-flex wp-container-core-columns-is-layout-9d6595d7 wp-block-columns-is-layout-flex\">\n<div class=\"wp-block-column is-vertically-aligned-center is-layout-flow wp-block-column-is-layout-flow\">\n<figure class=\"wp-block-embed is-type-rich is-provider-spotify wp-block-embed-spotify wp-embed-aspect-21-9 wp-has-aspect-ratio\"><div class=\"wp-block-embed__wrapper\">\n<iframe title=\"Spotify Embed: Entrevista a Carme Artigas\" style=\"border-radius: 12px\" width=\"100%\" height=\"152\" frameborder=\"0\" allowfullscreen allow=\"autoplay; clipboard-write; encrypted-media; fullscreen; picture-in-picture\" loading=\"lazy\" src=\"https:\/\/open.spotify.com\/embed\/episode\/1kFspXhiWYo8j4QP5Gk84M?si=db2a70dba67f49c0&#038;utm_source=oembed\"><\/iframe>\n<\/div><\/figure>\n<\/div>\n\n\n\n<div class=\"wp-block-column is-layout-flow wp-block-column-is-layout-flow\">\n<figure class=\"wp-block-embed is-type-rich is-provider-spotify wp-block-embed-spotify wp-embed-aspect-21-9 wp-has-aspect-ratio\"><div class=\"wp-block-embed__wrapper\">\n<iframe title=\"Spotify Embed: Innovaci\u00f3 que Connecta\" style=\"border-radius: 12px\" width=\"100%\" height=\"152\" frameborder=\"0\" allowfullscreen allow=\"autoplay; clipboard-write; encrypted-media; fullscreen; picture-in-picture\" loading=\"lazy\" src=\"https:\/\/open.spotify.com\/embed\/episode\/6s1D9eQoVcoTb0S0jbXeye?si=9471ec9b508e4f0d&#038;utm_source=oembed\"><\/iframe>\n<\/div><\/figure>\n<\/div>\n<\/div>\n","protected":false},"excerpt":{"rendered":"<p>De la Universitat al m\u00f3n Descobreix els dos cap\u00edtols especials del nostre p\u00f2dcast participatiu enregistrats en directe durant la Fira de la Innovaci\u00f3 de la UAB, conduit pel periodista Oriol Llop. Converses inspiradores amb investigadors, startups i empreses que lideren projectes amb un fort impacte cient\u00edfic, tecnol\u00f2gic i social. El p\u00f2dcast de la Setmana de [&hellip;]<\/p>\n","protected":false},"author":73,"featured_media":0,"parent":0,"menu_order":0,"comment_status":"closed","ping_status":"closed","template":"","meta":{"footnotes":""},"class_list":["post-2518","page","type-page","status-publish","hentry"],"_links":{"self":[{"href":"https:\/\/webs.uab.cat\/setmanainnovacio\/wp-json\/wp\/v2\/pages\/2518","targetHints":{"allow":["GET"]}}],"collection":[{"href":"https:\/\/webs.uab.cat\/setmanainnovacio\/wp-json\/wp\/v2\/pages"}],"about":[{"href":"https:\/\/webs.uab.cat\/setmanainnovacio\/wp-json\/wp\/v2\/types\/page"}],"author":[{"embeddable":true,"href":"https:\/\/webs.uab.cat\/setmanainnovacio\/wp-json\/wp\/v2\/users\/73"}],"replies":[{"embeddable":true,"href":"https:\/\/webs.uab.cat\/setmanainnovacio\/wp-json\/wp\/v2\/comments?post=2518"}],"version-history":[{"count":20,"href":"https:\/\/webs.uab.cat\/setmanainnovacio\/wp-json\/wp\/v2\/pages\/2518\/revisions"}],"predecessor-version":[{"id":2560,"href":"https:\/\/webs.uab.cat\/setmanainnovacio\/wp-json\/wp\/v2\/pages\/2518\/revisions\/2560"}],"wp:attachment":[{"href":"https:\/\/webs.uab.cat\/setmanainnovacio\/wp-json\/wp\/v2\/media?parent=2518"}],"curies":[{"name":"wp","href":"https:\/\/api.w.org\/{rel}","templated":true}]}}

Pòdcast

<div class="wp-block-group alignfull has-blanc-coco-background-color has-background" style="padding-top:6vw;padding-right:6vw;padding-bottom:6vw;padding-left:6vw"><div class="wp-block-group__inner-container is-layout-flow wp-block-group-is-layout-flow">
<div class="wp-block-group alignwide is-vertical is-nowrap is-layout-flex wp-container-core-group-is-layout-287ef9cb wp-block-group-is-layout-flex" style="padding-right:0;padding-left:0">
<p class="has-text-color" style="color:#000000;font-size:6vw;font-style:normal;font-weight:700;letter-spacing:0px;line-height:0.9;text-decoration:none;text-transform:none"><strong>De la Universitat al món</strong></p>
</div>



<div style="height:1vw" aria-hidden="true" class="wp-block-spacer"></div>



<div class="wp-block-group alignwide is-vertical is-nowrap is-layout-flex wp-container-core-group-is-layout-8171334d wp-block-group-is-layout-flex" style="padding-top:0;padding-right:0;padding-bottom:0;padding-left:0">
<div class="wp-block-columns alignwide is-layout-flex wp-container-core-columns-is-layout-2656d967 wp-block-columns-is-layout-flex">
<div class="wp-block-column is-layout-flow wp-block-column-is-layout-flow" style="flex-basis:33.38%">
<p class="has-text-color has-normal-font-size" style="color:#000000">Descobreix els dos capítols especials del nostre pòdcast participatiu enregistrats en directe durant la <strong>Fira de la Innovació de la UAB</strong>, conduit pel periodista Oriol Llop.</p>



<p class="has-text-color has-normal-font-size" style="color:#000000">Converses inspiradores amb investigadors, startups i empreses que lideren projectes amb un fort impacte científic, tecnològic i social.</p>
</div>



<div class="wp-block-column is-layout-flow wp-block-column-is-layout-flow" style="flex-basis:33%">
<div style="height:2vw" aria-hidden="true" class="wp-block-spacer"></div>



<figure class="wp-block-image size-full"><img loading="lazy" decoding="async" width="1620" height="1080" src="https://webs.uab.cat/setmanainnovacio/wp-content/uploads/sites/377/2025/10/WhatsApp-Image-2025-10-21-at-12.43.51.jpeg" alt="" class="wp-image-2519" srcset="https://webs.uab.cat/setmanainnovacio/wp-content/uploads/sites/377/2025/10/WhatsApp-Image-2025-10-21-at-12.43.51.jpeg 1620w, https://webs.uab.cat/setmanainnovacio/wp-content/uploads/sites/377/2025/10/WhatsApp-Image-2025-10-21-at-12.43.51-300x200.jpeg 300w, https://webs.uab.cat/setmanainnovacio/wp-content/uploads/sites/377/2025/10/WhatsApp-Image-2025-10-21-at-12.43.51-1024x683.jpeg 1024w, https://webs.uab.cat/setmanainnovacio/wp-content/uploads/sites/377/2025/10/WhatsApp-Image-2025-10-21-at-12.43.51-768x512.jpeg 768w, https://webs.uab.cat/setmanainnovacio/wp-content/uploads/sites/377/2025/10/WhatsApp-Image-2025-10-21-at-12.43.51-1536x1024.jpeg 1536w, https://webs.uab.cat/setmanainnovacio/wp-content/uploads/sites/377/2025/10/WhatsApp-Image-2025-10-21-at-12.43.51-1200x800.jpeg 1200w" sizes="auto, (max-width: 1620px) 100vw, 1620px" /></figure>
</div>



<div class="wp-block-column is-layout-flow wp-block-column-is-layout-flow" style="flex-basis:33.62%">
<figure class="wp-block-image size-full"><img loading="lazy" decoding="async" width="1600" height="1066" src="https://webs.uab.cat/setmanainnovacio/wp-content/uploads/sites/377/2025/10/WhatsApp-Image-2025-10-21-at-10.59.06.jpeg" alt="" class="wp-image-2522" srcset="https://webs.uab.cat/setmanainnovacio/wp-content/uploads/sites/377/2025/10/WhatsApp-Image-2025-10-21-at-10.59.06.jpeg 1600w, https://webs.uab.cat/setmanainnovacio/wp-content/uploads/sites/377/2025/10/WhatsApp-Image-2025-10-21-at-10.59.06-300x200.jpeg 300w, https://webs.uab.cat/setmanainnovacio/wp-content/uploads/sites/377/2025/10/WhatsApp-Image-2025-10-21-at-10.59.06-1024x682.jpeg 1024w, https://webs.uab.cat/setmanainnovacio/wp-content/uploads/sites/377/2025/10/WhatsApp-Image-2025-10-21-at-10.59.06-768x512.jpeg 768w, https://webs.uab.cat/setmanainnovacio/wp-content/uploads/sites/377/2025/10/WhatsApp-Image-2025-10-21-at-10.59.06-1536x1023.jpeg 1536w, https://webs.uab.cat/setmanainnovacio/wp-content/uploads/sites/377/2025/10/WhatsApp-Image-2025-10-21-at-10.59.06-1200x800.jpeg 1200w" sizes="auto, (max-width: 1600px) 100vw, 1600px" /></figure>
</div>
</div>
</div>
</div></div>



<h2 class="wp-block-heading alignwide has-verd-tropic-color has-text-color has-link-color wp-elements-b3813b9818c4bd931c5180b8a533a60c">El pòdcast de la Setmana de la Innovació de la UAB</h2>



<div class="wp-block-columns alignwide has-blanc-coco-color has-text-color has-link-color wp-elements-5fd276e2dd66dd3ff7744fce90a01407 is-layout-flex wp-container-core-columns-is-layout-9d6595d7 wp-block-columns-is-layout-flex">
<div class="wp-block-column is-vertically-aligned-center is-layout-flow wp-block-column-is-layout-flow">
<figure class="wp-block-embed is-type-rich is-provider-spotify wp-block-embed-spotify wp-embed-aspect-21-9 wp-has-aspect-ratio"><div class="wp-block-embed__wrapper">
<iframe title="Spotify Embed: Entrevista a Carme Artigas" style="border-radius: 12px" width="100%" height="152" frameborder="0" allowfullscreen allow="autoplay; clipboard-write; encrypted-media; fullscreen; picture-in-picture" loading="lazy" src="https://open.spotify.com/embed/episode/1kFspXhiWYo8j4QP5Gk84M?si=db2a70dba67f49c0&#038;utm_source=oembed"></iframe>
</div></figure>
</div>



<div class="wp-block-column is-layout-flow wp-block-column-is-layout-flow">
<figure class="wp-block-embed is-type-rich is-provider-spotify wp-block-embed-spotify wp-embed-aspect-21-9 wp-has-aspect-ratio"><div class="wp-block-embed__wrapper">
<iframe title="Spotify Embed: Innovació que Connecta" style="border-radius: 12px" width="100%" height="152" frameborder="0" allowfullscreen allow="autoplay; clipboard-write; encrypted-media; fullscreen; picture-in-picture" loading="lazy" src="https://open.spotify.com/embed/episode/6s1D9eQoVcoTb0S0jbXeye?si=9471ec9b508e4f0d&#038;utm_source=oembed"></iframe>
</div></figure>
</div>
</div>

<p>De la Universitat al món Descobreix els dos capítols especials del nostre pòdcast participatiu enregistrats en directe durant la Fira de la Innovació de la UAB, conduit pel periodista Oriol Llop. Converses inspiradores amb investigadors, startups i empreses que lideren projectes amb un fort impacte científic, tecnològic i social. El pòdcast de la Setmana de [&hellip;]</p>
