{"id":267,"date":"2023-04-25T13:00:58","date_gmt":"2023-04-25T11:00:58","guid":{"rendered":"https:\/\/webs.uab.cat\/setmanainnovacio\/?page_id=267"},"modified":"2024-03-01T11:39:09","modified_gmt":"2024-03-01T09:39:09","slug":"smart-campus-challenge","status":"publish","type":"page","link":"https:\/\/webs.uab.cat\/setmanainnovacio\/activitats-2023\/smart-campus-challenge\/","title":{"rendered":"Activitats"},"content":{"rendered":"\n<div class=\"wp-block-columns is-layout-flex wp-container-core-columns-is-layout-9d6595d7 wp-block-columns-is-layout-flex\">\n<div class=\"wp-block-column has-blanc-coco-color has-text-color is-layout-flow wp-block-column-is-layout-flow\" style=\"flex-basis:30%\">\n<h6 class=\"wp-block-heading has-text-align-center has-negre-eben-background-color has-background\">18 d&#8217;OCTUBRE<\/h6>\n<\/div>\n\n\n\n<div class=\"wp-block-column is-vertically-aligned-center is-layout-flow wp-block-column-is-layout-flow\">\n<h2 class=\"wp-block-heading\">Presentaci\u00f3 del programa&nbsp;\u00abCampus Laboratori Obert: cocreem solucions en un campus intel\u00b7ligent\u00bb<\/h2>\n<\/div>\n<\/div>\n\n\n\n<p><strong>Lloc<\/strong>: <a rel=\"noreferrer noopener\" href=\"https:\/\/goo.gl\/maps\/xGYtUSiT6TjyzbJr6\" target=\"_blank\">Sala de Revistes de la Biblioteca d&#8217;Humanitats de la UAB<\/a><br><strong>Hora<\/strong>: de 10 h a 13 h<\/p>\n\n\n\n<p>Sessi\u00f3 de presentaci\u00f3 de la iniciativa <a rel=\"noreferrer noopener\" href=\"https:\/\/uab.us17.list-manage.com\/track\/click?u=58e69b3ead4f685a4fd29e79c&amp;id=48522fcf7d&amp;e=bcff243500\" target=\"_blank\">\u00abCampus Laboratori Obert: cocreem solucions en un campus intel\u00b7ligent\u00bb<\/a>, un projecte de coideaci\u00f3 de solucions a reptes del campus de la UAB. <\/p>\n\n\n\n<p>En aquesta jornada es presentar\u00e0 aquest programa, obert a tota la comunitat de la Universitat, en qu\u00e8 equips de 5 persones treballaran durant octubre, novembre i desembre per desenvolupar solucions als reptes identificats del campus i adquirir habilitats emprenedores. Cada equip tindr\u00e0 un teamcher que els ajudar\u00e0 en tot el proc\u00e9s. Les solucions coideades es podran transformar en prototips fent servir la xarxa d&#8217;UAB OpenLabs i avaluar-les al campus, per tal de que la UAB esdevingui un aut\u00e8ntic Living Lab.  Els participants podran optar a un premi de 5.000 euros. <\/p>\n","protected":false},"excerpt":{"rendered":"<p>18 d&#8217;OCTUBRE Presentaci\u00f3 del programa&nbsp;\u00abCampus Laboratori Obert: cocreem solucions en un campus intel\u00b7ligent\u00bb Lloc: Sala de Revistes de la Biblioteca d&#8217;Humanitats de la UABHora: de 10 h a 13 h Sessi\u00f3 de presentaci\u00f3 de la iniciativa \u00abCampus Laboratori Obert: cocreem solucions en un campus intel\u00b7ligent\u00bb, un projecte de coideaci\u00f3 de solucions a reptes del campus [&hellip;]<\/p>\n","protected":false},"author":73,"featured_media":0,"parent":4,"menu_order":0,"comment_status":"closed","ping_status":"closed","template":"","meta":{"footnotes":""},"class_list":["post-267","page","type-page","status-publish","hentry"],"_links":{"self":[{"href":"https:\/\/webs.uab.cat\/setmanainnovacio\/wp-json\/wp\/v2\/pages\/267","targetHints":{"allow":["GET"]}}],"collection":[{"href":"https:\/\/webs.uab.cat\/setmanainnovacio\/wp-json\/wp\/v2\/pages"}],"about":[{"href":"https:\/\/webs.uab.cat\/setmanainnovacio\/wp-json\/wp\/v2\/types\/page"}],"author":[{"embeddable":true,"href":"https:\/\/webs.uab.cat\/setmanainnovacio\/wp-json\/wp\/v2\/users\/73"}],"replies":[{"embeddable":true,"href":"https:\/\/webs.uab.cat\/setmanainnovacio\/wp-json\/wp\/v2\/comments?post=267"}],"version-history":[{"count":28,"href":"https:\/\/webs.uab.cat\/setmanainnovacio\/wp-json\/wp\/v2\/pages\/267\/revisions"}],"predecessor-version":[{"id":1092,"href":"https:\/\/webs.uab.cat\/setmanainnovacio\/wp-json\/wp\/v2\/pages\/267\/revisions\/1092"}],"up":[{"embeddable":true,"href":"https:\/\/webs.uab.cat\/setmanainnovacio\/wp-json\/wp\/v2\/pages\/4"}],"wp:attachment":[{"href":"https:\/\/webs.uab.cat\/setmanainnovacio\/wp-json\/wp\/v2\/media?parent=267"}],"curies":[{"name":"wp","href":"https:\/\/api.w.org\/{rel}","templated":true}]}}

<div class="wp-block-columns is-layout-flex wp-container-core-columns-is-layout-9d6595d7 wp-block-columns-is-layout-flex">
<div class="wp-block-column has-blanc-coco-color has-text-color is-layout-flow wp-block-column-is-layout-flow" style="flex-basis:30%">
<h6 class="wp-block-heading has-text-align-center has-negre-eben-background-color has-background">18 d&#8217;OCTUBRE</h6>
</div>



<div class="wp-block-column is-vertically-aligned-center is-layout-flow wp-block-column-is-layout-flow">
<h2 class="wp-block-heading">Presentació del programa&nbsp;«Campus Laboratori Obert: cocreem solucions en un campus intel·ligent»</h2>
</div>
</div>



<p><strong>Lloc</strong>: <a rel="noreferrer noopener" href="https://goo.gl/maps/xGYtUSiT6TjyzbJr6" target="_blank">Sala de Revistes de la Biblioteca d&#8217;Humanitats de la UAB</a><br><strong>Hora</strong>: de 10 h a 13 h</p>



<p>Sessió de presentació de la iniciativa <a rel="noreferrer noopener" href="https://uab.us17.list-manage.com/track/click?u=58e69b3ead4f685a4fd29e79c&amp;id=48522fcf7d&amp;e=bcff243500" target="_blank">«Campus Laboratori Obert: cocreem solucions en un campus intel·ligent»</a>, un projecte de coideació de solucions a reptes del campus de la UAB. </p>



<p>En aquesta jornada es presentarà aquest programa, obert a tota la comunitat de la Universitat, en què equips de 5 persones treballaran durant octubre, novembre i desembre per desenvolupar solucions als reptes identificats del campus i adquirir habilitats emprenedores. Cada equip tindrà un teamcher que els ajudarà en tot el procés. Les solucions coideades es podran transformar en prototips fent servir la xarxa d&#8217;UAB OpenLabs i avaluar-les al campus, per tal de que la UAB esdevingui un autèntic Living Lab.  Els participants podran optar a un premi de 5.000 euros. </p>

<p>18 d&#8217;OCTUBRE Presentació del programa&nbsp;«Campus Laboratori Obert: cocreem solucions en un campus intel·ligent» Lloc: Sala de Revistes de la Biblioteca d&#8217;Humanitats de la UABHora: de 10 h a 13 h Sessió de presentació de la iniciativa «Campus Laboratori Obert: cocreem solucions en un campus intel·ligent», un projecte de coideació de solucions a reptes del campus [&hellip;]</p>
