{"id":310,"date":"2022-08-15T11:22:32","date_gmt":"2022-08-15T11:22:32","guid":{"rendered":"https:\/\/webs.uab.cat\/shcv\/?page_id=310"},"modified":"2022-09-19T12:08:38","modified_gmt":"2022-09-19T12:08:38","slug":"urianalisis","status":"publish","type":"page","link":"https:\/\/webs.uab.cat\/shcv\/urianalisis\/","title":{"rendered":"Urian\u00e1lisis"},"content":{"rendered":"\n<p>El an\u00e1lisis rutinario de orina tiene varias partes, el an\u00e1lisis f\u00edsico de orina, el an\u00e1lisis qu\u00edmico de la orina y el estudio del sedimento urinario. En el examen de orina se miden diferentes par\u00e1metros que sirven para diagnosticar la presencia de infecciones urinarias, enfermedades renales y otras enfermedades.<\/p>\n\n\n\n<h2 class=\"wp-block-heading\"><strong>Protocolo<\/strong><\/h2>\n\n\n\n<p>Para realizar un correcto an\u00e1lisis de orina debemos empezar como siempre y en la medida que se pueda, por tener una buena muestra.<\/p>\n\n\n\n<ul class=\"wp-block-list\"><li>Las muestras de orina se recogen en recipientes limpios, secos y est\u00e9riles.<\/li><li>Se apuntar\u00e1 la t\u00e9cnica de obtenci\u00f3n (micci\u00f3n espont\u00e1nea, sondaje uretral, cistocentesis) ya que los valores de referencia del sedimento difieren en los distintos tipos de t\u00e9cnicas.<\/li><li>La muestra de orina obtenida se refrigerar\u00e1 lo antes posible una vez obtenida, especialmente&nbsp;si no se analiza de inmediato. Con ello evitaremos&nbsp;el crecimiento o inhibici\u00f3n de posibles bacterias que pueda contener, as\u00ed como la degeneraci\u00f3n de las c\u00e9lulas, aunque puede hacer precipitar algunos cristales urinarios.<\/li><\/ul>\n\n\n\n<h2 class=\"wp-block-heading\"><strong>Env\u00edo de muestras<\/strong><\/h2>\n\n\n\n<ul class=\"wp-block-list\"><li>Las muestras de orina&nbsp;deben enviarse refrigeradas&nbsp; y&nbsp;&nbsp;en la mayor brevedad posible, por el contrario, se deberan consevar refrigeradas un m\u00e1ximo de 12 horas a 4 \u00baC<\/li><li>Enviar las muestras en cajas de poliestireno (porexpan) o bien en bolsas de pl\u00e1stico acolchadas, a prueba de fugas. Intentar que las muestras est\u00e9n protegidas para evitar golpes y rupturas, durante el transporte.<\/li><li>En el&nbsp;paquete se debe incluir la hoja de solicitud de&nbsp; urian\u00e1lisis con los datos bien cumplimentados.<\/li><li>El embalaje externo debe mostrar el nombre y la direcci\u00f3n del remitente para poder contactar en caso de cualquier inicidencia.&nbsp;<\/li><li>El laboratorio no se hace responsable de los costes derivados del env\u00edo de la muestra, por lo que las muestras que lleguen con coste no podr\u00e1n ser recogidas.<\/li><li>La direcci\u00f3n de env\u00edo es:<\/li><\/ul>\n\n\n\n<p>&nbsp; &nbsp; &nbsp; &nbsp; &nbsp; &nbsp; &nbsp; Servei d&#8217;Hematologia Cl\u00ednica Veterin\u00e0ria (SHCV) Lab.V0\/323<br>&nbsp; &nbsp; &nbsp; &nbsp; &nbsp; &nbsp; &nbsp; Facultat de Veterinaria (Edifici V) Travessera dels Turons s\/n<br>&nbsp; &nbsp; &nbsp; &nbsp; &nbsp; &nbsp; &nbsp; Universitat Aut\u00f2noma de Barcelona<br>&nbsp; &nbsp; &nbsp; &nbsp; &nbsp; &nbsp; &nbsp; 08193 &#8211; Bellaterra (Barcelona)<\/p>\n\n\n\n<div class=\"wp-block-file\"><a id=\"wp-block-file--media-0aa4c51a-76f7-44dd-8a1d-68a2fc6f73ea\" href=\"https:\/\/webs.uab.cat\/shcv\/wp-content\/uploads\/sites\/173\/2022\/09\/Hoja-de-solicitud-urianalisis.pdf\">Hoja-de-solicitud-urianalisis<\/a><a href=\"https:\/\/webs.uab.cat\/shcv\/wp-content\/uploads\/sites\/173\/2022\/09\/Hoja-de-solicitud-urianalisis.pdf\" class=\"wp-block-file__button\" download aria-describedby=\"wp-block-file--media-0aa4c51a-76f7-44dd-8a1d-68a2fc6f73ea\">Descarga<\/a><\/div>\n","protected":false},"excerpt":{"rendered":"<p>El an\u00e1lisis rutinario de orina tiene varias partes, el an\u00e1lisis f\u00edsico de orina, el an\u00e1lisis qu\u00edmico de la orina y el estudio del sedimento urinario. En el examen de orina se miden diferentes par\u00e1metros que sirven para diagnosticar la presencia de infecciones urinarias, enfermedades renales y otras enfermedades. Protocolo Para realizar un correcto an\u00e1lisis de [&hellip;]<\/p>\n","protected":false},"author":20,"featured_media":0,"parent":0,"menu_order":0,"comment_status":"closed","ping_status":"closed","template":"","meta":{"footnotes":""},"class_list":["post-310","page","type-page","status-publish","hentry"],"_links":{"self":[{"href":"https:\/\/webs.uab.cat\/shcv\/wp-json\/wp\/v2\/pages\/310","targetHints":{"allow":["GET"]}}],"collection":[{"href":"https:\/\/webs.uab.cat\/shcv\/wp-json\/wp\/v2\/pages"}],"about":[{"href":"https:\/\/webs.uab.cat\/shcv\/wp-json\/wp\/v2\/types\/page"}],"author":[{"embeddable":true,"href":"https:\/\/webs.uab.cat\/shcv\/wp-json\/wp\/v2\/users\/20"}],"replies":[{"embeddable":true,"href":"https:\/\/webs.uab.cat\/shcv\/wp-json\/wp\/v2\/comments?post=310"}],"version-history":[{"count":3,"href":"https:\/\/webs.uab.cat\/shcv\/wp-json\/wp\/v2\/pages\/310\/revisions"}],"predecessor-version":[{"id":479,"href":"https:\/\/webs.uab.cat\/shcv\/wp-json\/wp\/v2\/pages\/310\/revisions\/479"}],"wp:attachment":[{"href":"https:\/\/webs.uab.cat\/shcv\/wp-json\/wp\/v2\/media?parent=310"}],"curies":[{"name":"wp","href":"https:\/\/api.w.org\/{rel}","templated":true}]}}