{"id":13,"date":"2022-05-04T11:28:04","date_gmt":"2022-05-04T09:28:04","guid":{"rendered":"https:\/\/shereromtiler.wordpress.com\/?page_id=12"},"modified":"2025-12-24T09:49:34","modified_gmt":"2025-12-24T09:49:34","slug":"qui-som","status":"publish","type":"page","link":"https:\/\/webs.uab.cat\/shererom\/qui-som\/","title":{"rendered":"Qui som"},"content":{"rendered":"\n<p><\/p>\n\n\n\n<p><a href=\"https:\/\/agora.xtec.cat\/ietiler\/lescola\/\"><strong>INSTITUT-ESCOLA EL TIL\u00b7LER<\/strong><\/a> \u00e9s un centre p\u00fablic creat al 2017  que reuneix criatures i joves d\u2019entre 3 i 16 anys, distribu\u00efts per comunitats (petits, mitjans, grans i joves). El centre est\u00e0 situat al barri de Bon Pastor (Barcelona) i participa en projectes educatius inclosos en l\u2019horari lectiu, que donen resposta al projecte singular de m\u00fasica del centre, al treball des de l\u2019ag\u00e8ncia de salut p\u00fablica i projectes de col\u00b7laboraci\u00f3 amb les universitats, entre els quals trobem Shere Rom.&nbsp;<\/p>\n\n\n\n<p><a href=\"https:\/\/grupsderecerca.uab.cat\/dehisi\/es\"><strong>DEHISI <\/strong><\/a>\u00e9s un grup de recerca-acci\u00f3 (Universitat Aut\u00f2noma de Barcelona) amb m\u00e9s de vint anys de traject\u00f2ria. Durant els darrers anys, ha centrat la seva activitat en treballar la interculturalitat des d&#8217;una perspectiva cr\u00edtica a partir de la intervenci\u00f3 socioeducativa i la investigaci\u00f3 basada en el disseny, mitjan\u00e7ant la col\u00b7laboraci\u00f3 interinstitucional entre escola-institut i universitat.<\/p>\n\n\n\n<p>Aquest projecte \u00e9s possible gr\u00e0cies al suport de l&#8217;AJUNTAMENT DE BARCELONA. Gr\u00e0cies a les subvencions de les activitats de ciutats, hem pogut mantenir la col\u00b7laboraci\u00f3 i la realitzaci\u00f3 de les diferents activitats al llarg d&#8217;aquests anys.<\/p>\n\n\n\n<p><strong>Equip en actiu (curs 2025-2026)<\/strong><\/p>\n\n\n\n<ul class=\"wp-block-list\">\n<li>Equip educatiu de l&#8217;institut-escola El Til\u00b7ler: mestres de la Comunitat de Petits, mestres de la Comunitat de Mitjans, Lidia Rovirosa (Comunitat de Grans), Isabel Moreno i Mariona (Comunitat de Joves)<\/li>\n\n\n\n<li>Equip investigador (UAB): Jos\u00e9 Luis Lalueza, S\u00edlvia Camps Orfila, Cris Zhang Yu, Karen Jaramillo y Giorgina Garbiano<\/li>\n\n\n\n<li>Practicants del M\u00e0ster Interuniversitari en Psicologia de l&#8217;Educaci\u00f3:<\/li>\n\n\n\n<li>Practicants del M\u00e0ster d&#8217;Intervenci\u00f3 Psicosocial;<\/li>\n\n\n\n<li>Estudiants de &#8220;Pr\u00e0ctica de la Intervenci\u00f3 Educativa i Psicosocial&#8221; (PIEPS, 4\u00ba Grau en Psicologia UAB)<\/li>\n\n\n\n<li>Rromane Sikl\u01d2vne: Isaac Heredia<\/li>\n\n\n\n<li>Altres col\u00b7laboracions: Biblioteca Bon Pastor<\/li>\n<\/ul>\n\n\n\n<p><strong>Agra\u00efments a totes les persones que han format part d&#8217;aquest projecte (2017-2025):<\/strong><\/p>\n\n\n\n<ul class=\"wp-block-list\">\n<li>Fam\u00edlies de la Comunitat de Petits, joves de 10 a 15 anys de l&#8217;institut-escola El Til\u00b7ler, el seu equip educatiu i directiu<\/li>\n\n\n\n<li>A les estudiants de l&#8217;assignatura &#8220;Pr\u00e0ctica de la Intervenci\u00f3 Educativa i Psicosocial&#8221;, Grau en Psicologia de la UAB<\/li>\n\n\n\n<li>A les practicants del M\u00e0ster Interuniversitari en Psicologia de l&#8217;Educaci\u00f3 (UB-UAB-UDG-URL): J\u00falia Vendrell, Blanca Le\u00f3n, Diana Peris, Andrea Hinojosa, Carmen Segura, Nacho Navarro, N\u00faria Fortuny, Alba Ferrer, Zoe Sande, Gabriel Nieto, Andrea Gonz\u00e1lez, Pilar Reviriego<\/li>\n\n\n\n<li>A les practicants del M\u00e0ster d&#8217;Intervenci\u00f3 Psicosocial (UAB): Arisa Matsumura, Susana Arango, Alejandra Segovia, Paula Fern\u00e1ndez i Priscila Porras.<\/li>\n\n\n\n<li>Investigadores pre\/postdoctorals: David Garc\u00eda Romero, Sarai Garc\u00eda D\u00edaz, Carolayn Mar\u00edn Suazo, Citlali Soto<\/li>\n\n\n\n<li>Artistes que han col\u00b7laborat amb tallers: Heidi Ramirez (2020-22), David Ve Delgado (2018-20), Silvia Albert Sopale (2019-20), Miss Raisa (2019-20), Marlon Brian Quintero (2019-20)<\/li>\n\n\n\n<li>Convidades\/activistes que han col\u00b7laborat amb tallers: SOS Racisme (2020-21), Kenza, Chaymae i Juan Diego (2022-23)<\/li>\n<\/ul>\n\n\n\n<p><\/p>\n","protected":false},"excerpt":{"rendered":"<p>INSTITUT-ESCOLA EL TIL\u00b7LER \u00e9s un centre p\u00fablic creat al 2017 que reuneix criatures i joves d\u2019entre 3 i 16 anys, distribu\u00efts per comunitats (petits, mitjans, grans i joves). El centre est\u00e0 situat al barri de Bon Pastor (Barcelona) i participa en projectes educatius inclosos en l\u2019horari lectiu, que donen resposta al projecte singular de m\u00fasica [&hellip;]<\/p>\n","protected":false},"author":137,"featured_media":0,"parent":0,"menu_order":0,"comment_status":"closed","ping_status":"closed","template":"","meta":{"footnotes":""},"class_list":["post-13","page","type-page","status-publish","hentry"],"_links":{"self":[{"href":"https:\/\/webs.uab.cat\/shererom\/wp-json\/wp\/v2\/pages\/13","targetHints":{"allow":["GET"]}}],"collection":[{"href":"https:\/\/webs.uab.cat\/shererom\/wp-json\/wp\/v2\/pages"}],"about":[{"href":"https:\/\/webs.uab.cat\/shererom\/wp-json\/wp\/v2\/types\/page"}],"author":[{"embeddable":true,"href":"https:\/\/webs.uab.cat\/shererom\/wp-json\/wp\/v2\/users\/137"}],"replies":[{"embeddable":true,"href":"https:\/\/webs.uab.cat\/shererom\/wp-json\/wp\/v2\/comments?post=13"}],"version-history":[{"count":11,"href":"https:\/\/webs.uab.cat\/shererom\/wp-json\/wp\/v2\/pages\/13\/revisions"}],"predecessor-version":[{"id":413,"href":"https:\/\/webs.uab.cat\/shererom\/wp-json\/wp\/v2\/pages\/13\/revisions\/413"}],"wp:attachment":[{"href":"https:\/\/webs.uab.cat\/shererom\/wp-json\/wp\/v2\/media?parent=13"}],"curies":[{"name":"wp","href":"https:\/\/api.w.org\/{rel}","templated":true}]}}