{"id":166,"date":"2012-05-03T13:53:49","date_gmt":"2012-05-03T13:53:49","guid":{"rendered":"https:\/\/webs.uab.cat\/sibhilla\/creacio-de-productes\/"},"modified":"2012-05-03T13:53:49","modified_gmt":"2012-05-03T13:53:49","slug":"creacio-de-productes","status":"publish","type":"page","link":"https:\/\/webs.uab.cat\/sibhilla\/creacio-de-productes\/","title":{"rendered":"Creaci\u00f3 de productes"},"content":{"rendered":"<h2><strong>Difusi\u00f3 selectiva de la informaci\u00f3 recollida a la base de dades i creaci\u00f3 de productes<\/strong><\/h2>\n<p>Creaci\u00f3 de productes culturals i transfer\u00e8ncia de coneixement amb la informaci\u00f3 recollida a la base de dades:<\/p>\n<p>&#8211; <strong>Elaboraci\u00f3 de bases de dades tem\u00e0tiques i\/o territorials<\/strong>. <br \/>Durant el per\u00edode 1994-2005 es van realitzar, en conveni amb la Diputaci\u00f3 de Barcelona,&nbsp; la Coordinadora de Centres d\u2019Estudis de Parla Catalana i altres entitats locals (ajuntaments, caixes d\u2019estalvis, cambres de comer\u00e7) les bases de dades de cadascuna de les comarques de Barcelona aix\u00ed com de les ciutats de Terrassa, Sabadell i l\u2019Hospitalet de Llobregat.<\/p>\n<p>&nbsp;&#8211; Projecte de realitzaci\u00f3 d\u2019una <strong>col\u00b7lecci\u00f3 de bibliografies tem\u00e0tiques en format digital<\/strong>.<br \/>Pretenem encetar la realitzaci\u00f3 d\u2019una col\u00b7lecci\u00f3 de bibliografies tem\u00e0tiques, en format digital, que acompanyades de la introducci\u00f3 d\u2019un especialista en el tema, suposin una aportaci\u00f3 nova coneixement a la disciplina tractada (estat de la q\u00fcesti\u00f3 cr\u00edtic).<br \/>La col\u00b7lecci\u00f3 suposa una transfer\u00e8ncia de coneixement cap a l\u2019\u00e0mbit de la investigaci\u00f3, l\u2019educaci\u00f3 i la cultura<\/p>\n<p>&nbsp;<\/p>\n","protected":false},"excerpt":{"rendered":"<p>Difusi\u00f3 selectiva de la informaci\u00f3 recollida a la base de dades i creaci\u00f3 de productes Creaci\u00f3 de productes culturals i transfer\u00e8ncia de coneixement amb la informaci\u00f3 recollida a la base de dades: &#8211; Elaboraci\u00f3 de bases de dades tem\u00e0tiques i\/o territorials. Durant el per\u00edode 1994-2005 es van realitzar, en conveni amb la Diputaci\u00f3 de Barcelona,&nbsp; [&hellip;]<\/p>\n","protected":false},"author":20,"featured_media":0,"parent":0,"menu_order":0,"comment_status":"closed","ping_status":"closed","template":"","meta":{"footnotes":""},"class_list":["post-166","page","type-page","status-publish","hentry"],"_links":{"self":[{"href":"https:\/\/webs.uab.cat\/sibhilla\/wp-json\/wp\/v2\/pages\/166","targetHints":{"allow":["GET"]}}],"collection":[{"href":"https:\/\/webs.uab.cat\/sibhilla\/wp-json\/wp\/v2\/pages"}],"about":[{"href":"https:\/\/webs.uab.cat\/sibhilla\/wp-json\/wp\/v2\/types\/page"}],"author":[{"embeddable":true,"href":"https:\/\/webs.uab.cat\/sibhilla\/wp-json\/wp\/v2\/users\/20"}],"replies":[{"embeddable":true,"href":"https:\/\/webs.uab.cat\/sibhilla\/wp-json\/wp\/v2\/comments?post=166"}],"version-history":[{"count":0,"href":"https:\/\/webs.uab.cat\/sibhilla\/wp-json\/wp\/v2\/pages\/166\/revisions"}],"wp:attachment":[{"href":"https:\/\/webs.uab.cat\/sibhilla\/wp-json\/wp\/v2\/media?parent=166"}],"curies":[{"name":"wp","href":"https:\/\/api.w.org\/{rel}","templated":true}]}}

Creació de productes

<h2><strong>Difusió selectiva de la informació recollida a la base de dades i creació de productes</strong></h2>
<p>Creació de productes culturals i transferència de coneixement amb la informació recollida a la base de dades:</p>
<p>&#8211; <strong>Elaboració de bases de dades temàtiques i/o territorials</strong>. <br />Durant el període 1994-2005 es van realitzar, en conveni amb la Diputació de Barcelona,&nbsp; la Coordinadora de Centres d’Estudis de Parla Catalana i altres entitats locals (ajuntaments, caixes d’estalvis, cambres de comerç) les bases de dades de cadascuna de les comarques de Barcelona així com de les ciutats de Terrassa, Sabadell i l’Hospitalet de Llobregat.</p>
<p>&nbsp;&#8211; Projecte de realització d’una <strong>col·lecció de bibliografies temàtiques en format digital</strong>.<br />Pretenem encetar la realització d’una col·lecció de bibliografies temàtiques, en format digital, que acompanyades de la introducció d’un especialista en el tema, suposin una aportació nova coneixement a la disciplina tractada (estat de la qüestió crític).<br />La col·lecció suposa una transferència de coneixement cap a l’àmbit de la investigació, l’educació i la cultura</p>
<p>&nbsp;</p>

<p>Difusió selectiva de la informació recollida a la base de dades i creació de productes Creació de productes culturals i transferència de coneixement amb la informació recollida a la base de dades: &#8211; Elaboració de bases de dades temàtiques i/o territorials. Durant el període 1994-2005 es van realitzar, en conveni amb la Diputació de Barcelona,&nbsp; [&hellip;]</p>
