{"id":1689,"date":"2023-03-01T12:36:06","date_gmt":"2023-03-01T12:36:06","guid":{"rendered":"https:\/\/webs.uab.cat\/sibhilla\/?page_id=1689"},"modified":"2024-04-26T08:11:37","modified_gmt":"2024-04-26T06:11:37","slug":"cerca-per-comarques","status":"publish","type":"page","link":"https:\/\/webs.uab.cat\/sibhilla\/cerca-per-comarques\/","title":{"rendered":"Cerca per comarques"},"content":{"rendered":"\n<p> <\/p>\n\n\n\n<div class=\"wp-block-columns alignwide is-layout-flex wp-container-core-columns-is-layout-9d6595d7 wp-block-columns-is-layout-flex\">\n<div class=\"wp-block-column is-layout-flow wp-block-column-is-layout-flow\" style=\"flex-basis:562px\">\n<img loading=\"lazy\" decoding=\"async\" id=\"Image-Maps-Com-image-maps-2023-03-03-103133\" src=\"https:\/\/webs.uab.cat\/sibhilla\/wp-content\/uploads\/sites\/164\/2023\/03\/mapa.png\" usemap=\"#image-maps-2023-03-03-103133\" alt=\"\" width=\"561\" height=\"534\" border=\"0\">\n<map name=\"image-maps-2023-03-03-103133\" id=\"ImageMapsCom-image-maps-2023-03-03-103133\">\n<area alt=\"Alt Camp\" title=\"Alt Camp\" href=\"https:\/\/bit.ly\/3ZwAe8z\" shape=\"rect\" coords=\"202,338,221,366\" target=\"_blank\">\n<area alt=\"Alt Empord\u00e0\" title=\"Alt Empord\u00e0\" href=\"https:\/\/bit.ly\/3J2wOVR\" shape=\"rect\" coords=\"465,110,509,156\" target=\"_blank\">\n<area alt=\"Alt Pened\u00e8s\" title=\"Alt Pened\u00e8s\" href=\"https:\/\/bit.ly\/3YikGVi\" shape=\"rect\" coords=\"261,330,294,349\" target=\"_blank\">\n<area alt=\"Alt Urgell\" title=\"Alt Urgell\" href=\"https:\/\/bit.ly\/3m8zxE5\" shape=\"rect\" coords=\"205,118,248,158\" target=\"_blank\">\n<area alt=\"Alta Ribagor\u00e7a\" title=\"Alta Ribagor\u00e7a\" href=\"https:\/\/bit.ly\/3kGMhkX\" shape=\"rect\" coords=\"124,74,145,98\" target=\"_blank\">\n<area alt=\"Anoia\" title=\"Anoia\" href=\"https:\/\/bit.ly\/3Z8vLcp\" shape=\"rect\" coords=\"238,274,261,306\" target=\"_blank\">\n<area alt=\"Bages\" title=\"Bages\" href=\"https:\/\/bit.ly\/3ENyzUl\" shape=\"rect\" coords=\"273,233,310,274\" target=\"_blank\">\n<area alt=\"Baix Camp\" title=\"Baix Camp\" href=\"https:\/\/bit.ly\/3kBSGy2\" shape=\"rect\" coords=\"149,381,169,410\" target=\"_blank\">\n<area alt=\"Baix Ebre\" title=\"Baix Ebre\" href=\"https:\/\/bit.ly\/3mfQ49u\" shape=\"rect\" coords=\"56,442,105,468\" target=\"_blank\">\n<area alt=\"Baix Empord\u00e0\" title=\"Baix Empord\u00e0\" href=\"https:\/\/bit.ly\/3KTOm7M\" shape=\"rect\" coords=\"496,198,525,236\" target=\"_blank\">\n<area alt=\"Baix Llobregat\" title=\"Baix Llobregat\" href=\"https:\/\/bit.ly\/3SL1y0P\" shape=\"rect\" coords=\"313,333,336,364\" target=\"_blank\">\n<area alt=\"Baix Pened\u00e8s\" title=\"Baix Pened\u00e8s\" href=\"https:\/\/bit.ly\/3mhgFCS\" shape=\"rect\" coords=\"238,352,257,376\" target=\"_blank\">\n<area alt=\"Barcelon\u00e8s\" title=\"Barcelon\u00e8s\" href=\"https:\/\/bit.ly\/3J2LPqD\" shape=\"rect\" coords=\"349,329,368,353\" target=\"_blank\">\n<area alt=\"Bergued\u00e0\" title=\"Bergued\u00e0\" href=\"https:\/\/bit.ly\/3ENacWW\" shape=\"rect\" coords=\"290,149,316,210\" target=\"_blank\">\n<area alt=\"Cerdanya\" title=\"Cerdanya\" href=\"https:\/\/bit.ly\/3mjbdje\" shape=\"rect\" coords=\"274,100,305,130\" target=\"_blank\">\n<area alt=\"Conca de Barber\u00e0\" title=\"Conca de Barber\u00e0\" href=\"https:\/\/bit.ly\/3m5X7Bo\" shape=\"rect\" coords=\"180,320,196,346\" target=\"_blank\">\n<area alt=\"Garraf\" title=\"Garraf\" href=\"https:\/\/bit.ly\/3ZvULKu\" shape=\"rect\" coords=\"278,361,298,382\" target=\"_blank\">\n<area alt=\"Garrigues\" title=\"Garrigues\" href=\"https:\/\/bit.ly\/3KPncz0\" shape=\"rect\" coords=\"114,312,150,340\" target=\"_blank\">\n<area alt=\"Garrotxa\" title=\"Garrotxa\" href=\"https:\/\/bit.ly\/3KK5EUY\" shape=\"rect\" coords=\"405,146,430,182\" target=\"_blank\">\n<area alt=\"Giron\u00e8s\" title=\"Giron\u00e8s\" href=\"https:\/\/bit.ly\/3kCb35W\" shape=\"rect\" coords=\"450,198,476,220\" target=\"_blank\">\n<area alt=\"Maresme\" title=\"Maresme\" href=\"https:\/\/bit.ly\/3J2Met9\" shape=\"rect\" coords=\"390,292,422,310\" target=\"_blank\">\n<area alt=\"Montsi\u00e0\" title=\"Montsi\u00e0\" href=\"https:\/\/bit.ly\/3kwQuIb\" shape=\"rect\" coords=\"45,485,88,513\" target=\"_blank\">\n<area alt=\"Noguera\" title=\"Noguera\" href=\"https:\/\/bit.ly\/3IFIJHL\" shape=\"rect\" coords=\"113,200,154,253\" target=\"_blank\">\n<area alt=\"Osona\" title=\"Osona\" href=\"https:\/\/bit.ly\/3IZbKhZ\" shape=\"rect\" coords=\"352,185,392,225\" target=\"_blank\">\n<area alt=\"Pallars Juss\u00e0\" title=\"Pallars Juss\u00e0\" href=\"https:\/\/bit.ly\/3EPpwlN\" shape=\"rect\" coords=\"125,145,178,181\" target=\"_blank\">\n<area alt=\"Pallars Sobir\u00e0\" title=\"Pallars Sobir\u00e0\" href=\"https:\/\/bit.ly\/3ELop6S\" shape=\"rect\" coords=\"176,49,214,98\" target=\"_blank\">\n<area alt=\"Pla d'Urgell\" title=\"Pla d'Urgell\" href=\"https:\/\/bit.ly\/3mfRiBC\" shape=\"rect\" coords=\"133,268,152,288\" target=\"_blank\">\n<area alt=\"Pla de l'Estany\" title=\"Pla de l'Estany\" href=\"https:\/\/bit.ly\/3y332Ke\" shape=\"rect\" coords=\"449,169,469,185\" target=\"_blank\">\n<area alt=\"Priorat\" title=\"Priorat\" href=\"https:\/\/bit.ly\/3Zln8v0\" shape=\"rect\" coords=\"114,357,134,392\" target=\"_blank\">\n<area alt=\"Ribera d'Ebre\" title=\"Ribera d'Ebre\" href=\"https:\/\/bit.ly\/3m3GZQT\" shape=\"rect\" coords=\"85,369,102,413\" target=\"_blank\">\n<area alt=\"Ripoll\u00e8s\" title=\"Ripoll\u00e8s\" href=\"https:\/\/bit.ly\/3J03EXu\" shape=\"rect\" coords=\"350,124,380,158\" target=\"_blank\">\n<area alt=\"Segarra\" title=\"Segarra\" href=\"https:\/\/bit.ly\/3ENs2Jf\" shape=\"rect\" coords=\"205,238,222,289\" target=\"_blank\">\n<area alt=\"Segri\u00e0\" title=\"Segri\u00e0\" href=\"https:\/\/bit.ly\/3IyMqPs\" shape=\"rect\" coords=\"69,262,104,316\" target=\"_blank\">\n<area alt=\"Selva\" title=\"Selva\" href=\"https:\/\/bit.ly\/3J04mnC\" shape=\"rect\" coords=\"410,221,444,254\" target=\"_blank\">\n<area alt=\"Solson\u00e8s\" title=\"Solson\u00e8s\" href=\"https:\/\/bit.ly\/3y1EktH\" shape=\"rect\" coords=\"230,176,264,217\" target=\"_blank\">\n<area alt=\"Tarragon\u00e8s\" title=\"Tarragon\u00e8s\" href=\"https:\/\/bit.ly\/3mjZVuI\" shape=\"rect\" coords=\"192,381,226,408\" target=\"_blank\">\n<area alt=\"Terra Alta\" title=\"Terra Alta\" href=\"https:\/\/bit.ly\/41L9ByW\" shape=\"rect\" coords=\"30,388,70,421\" target=\"_blank\">\n<area alt=\"Urgell\" title=\"Urgell\" href=\"https:\/\/bit.ly\/3J4QlFm\" shape=\"rect\" coords=\"166,268,185,305\" target=\"_blank\">\n<area alt=\"Val d'Aran\" title=\"Val d'Aran\" href=\"https:\/\/bit.ly\/3Zdk704\" shape=\"rect\" coords=\"113,18,160,55\" target=\"_blank\">\n<area alt=\"Vall\u00e8s Occidental\" title=\"Vall\u00e8s Occidental\" href=\"https:\/\/bit.ly\/3YcjB0S\" shape=\"rect\" coords=\"322,286,349,322\" target=\"_blank\">\n<area alt=\"Vall\u00e8s Oriental\" title=\"Vall\u00e8s Oriental\" href=\"https:\/\/bit.ly\/41Arznr\" shape=\"rect\" coords=\"360,269,389,293\" target=\"_blank\">\n<area alt=\"Moian\u00e8s\" title=\"Moian\u00e8s\" href=\"https:\/\/bit.ly\/3mhh1cY\" shape=\"rect\" coords=\"336,242,354,260\" target=\"_blank\">\n<area shape=\"rect\" coords=\"559,532,561,534\" alt=\"Image Map\" title=\"Image Map\" href=\"https:\/\/www.image-maps.com\/\">\n<\/map>\n<\/div>\n\n\n\n<div class=\"wp-block-column is-layout-flow wp-block-column-is-layout-flow\">\n<p>Podeu accedir a tota la informaci\u00f3 recollida al FonsHL sobre una comarca i tots els seus municipis.<\/p>\n\n\n\n<p>Navegeu sobre el mapa, seleccioneu la comarca i podreu visualitzar totes les refer\u00e8ncies disponibles.<\/p>\n\n\n\n<blockquote class=\"wp-block-quote is-layout-flow wp-block-quote-is-layout-flow\">\n<p>Recordeu que des del <a rel=\"noreferrer noopener\" href=\"http:\/\/sibhilla.uab.cat\/iah\/ca\/index.htm\" target=\"_blank\">FonsHL<\/a> podeu creuar la informaci\u00f3 de la comarca i\/o municipi amb tem\u00e0tiques concretes, per\u00edodes cronol\u00f2gics, tipologia documental, etc.<\/p>\n<\/blockquote>\n\n\n\n<p> <\/p>\n<\/div>\n<\/div>\n\n\n\n<div class=\"wp-block-columns is-layout-flex wp-container-core-columns-is-layout-9d6595d7 wp-block-columns-is-layout-flex\">\n<div class=\"wp-block-column is-layout-flow wp-block-column-is-layout-flow\">\n<p><a href=\"http:\/\/bit.ly\/3ZwAe8z\" target=\"_blank\" rel=\"noreferrer noopener\">Alt Camp<\/a><\/p>\n\n\n\n<p><a href=\"http:\/\/bit.ly\/3J2wOVR\" target=\"_blank\" rel=\"noreferrer noopener\">Alt Empord\u00e0<\/a><\/p>\n\n\n\n<p><a href=\"http:\/\/bit.ly\/3YikGVi\" target=\"_blank\" rel=\"noreferrer noopener\">Alt Pened\u00e8s<\/a><\/p>\n\n\n\n<p><a href=\"http:\/\/bit.ly\/3m8zxE5\" target=\"_blank\" rel=\"noreferrer noopener\">Alt Urgell<\/a><\/p>\n\n\n\n<p><a href=\"http:\/\/bit.ly\/3kGMhkX\" target=\"_blank\" rel=\"noreferrer noopener\">Alta Ribagor\u00e7a<\/a><\/p>\n\n\n\n<p><a href=\"https:\/\/webs.uab.cat\/sibhilla\/cerca-per-comarques\/\" data-type=\"page\" data-id=\"1689\" target=\"_blank\" rel=\"noreferrer noopener\">Anoia<\/a><\/p>\n\n\n\n<p><a href=\"http:\/\/bit.ly\/3ENyzUl\" target=\"_blank\" rel=\"noreferrer noopener\">Bages<\/a><\/p>\n\n\n\n<p><a href=\"http:\/\/bit.ly\/3kBSGy2\" target=\"_blank\" rel=\"noreferrer noopener\">Baix Camp<\/a><\/p>\n\n\n\n<p><a href=\"http:\/\/bit.ly\/3mfQ49u\" target=\"_blank\" rel=\"noreferrer noopener\">Baix Ebre<\/a><\/p>\n\n\n\n<p><a href=\"http:\/\/bit.ly\/3KTOm7M\" target=\"_blank\" rel=\"noreferrer noopener\">Baix Empord\u00e0<\/a><\/p>\n\n\n\n<p><a href=\"http:\/\/bit.ly\/3SL1y0P\" target=\"_blank\" rel=\"noreferrer noopener\">Baix Llobregat<\/a><\/p>\n\n\n\n<p><a href=\"http:\/\/bit.ly\/3mhgFCS\" target=\"_blank\" rel=\"noreferrer noopener\">Baix Pened\u00e8s<\/a><\/p>\n\n\n\n<p><a href=\"http:\/\/bit.ly\/3J2LPqD\" target=\"_blank\" rel=\"noreferrer noopener\">Barcelon\u00e8s<\/a><\/p>\n\n\n\n<p><a href=\"http:\/\/bit.ly\/3ENacWW\" target=\"_blank\" rel=\"noreferrer noopener\">Bergued\u00e0<\/a><\/p>\n<\/div>\n\n\n\n<div class=\"wp-block-column is-layout-flow wp-block-column-is-layout-flow\">\n<p><a href=\"http:\/\/bit.ly\/3mjbdje\" target=\"_blank\" rel=\"noreferrer noopener\">Cerdanya<\/a><\/p>\n\n\n\n<p><a href=\"http:\/\/bit.ly\/3m5X7Bo\" target=\"_blank\" rel=\"noreferrer noopener\">Conca de Barber\u00e0<\/a><\/p>\n\n\n\n<p><a href=\"http:\/\/bit.ly\/3ZvULKu\" target=\"_blank\" rel=\"noreferrer noopener\">Garraf<\/a><\/p>\n\n\n\n<p><a href=\"http:\/\/bit.ly\/3KPncz0\" target=\"_blank\" rel=\"noreferrer noopener\">Garrigues<\/a><\/p>\n\n\n\n<p><a href=\"http:\/\/bit.ly\/3KK5EUY\" target=\"_blank\" rel=\"noreferrer noopener\">Garrotxa<\/a><\/p>\n\n\n\n<p><a href=\"http:\/\/bit.ly\/3kCb35W\" target=\"_blank\" rel=\"noreferrer noopener\">Giron\u00e8s<\/a><\/p>\n\n\n\n<p><a href=\"http:\/\/bit.ly\/3QjGkaa\">Llu\u00e7an\u00e8s<\/a><\/p>\n\n\n\n<p><a href=\"http:\/\/bit.ly\/3J2Met9\" target=\"_blank\" rel=\"noreferrer noopener\">Maresme<\/a><\/p>\n\n\n\n<p><a href=\"https:\/\/webs.uab.cat\/sibhilla\/cerca-per-comarques\/\" data-type=\"page\" data-id=\"1689\" target=\"_blank\" rel=\"noreferrer noopener\">Moian\u00e8s<\/a><\/p>\n\n\n\n<p><a href=\"http:\/\/bit.ly\/3kwQuIb\" target=\"_blank\" rel=\"noreferrer noopener\">Montsi\u00e0<\/a><\/p>\n\n\n\n<p><a href=\"http:\/\/bit.ly\/3IFIJHL\" target=\"_blank\" rel=\"noreferrer noopener\">Noguera<\/a><\/p>\n\n\n\n<p><\/p>\n\n\n\n<p><a href=\"http:\/\/bit.ly\/3IZbKhZ\" target=\"_blank\" rel=\"noreferrer noopener\">Osona<\/a><\/p>\n\n\n\n<p><a href=\"http:\/\/bit.ly\/3EPpwlN\" target=\"_blank\" rel=\"noreferrer noopener\">Pallars Juss\u00e0<\/a><\/p>\n\n\n\n<p><a href=\"http:\/\/bit.ly\/3ELop6S\" target=\"_blank\" rel=\"noreferrer noopener\">Pallars Sobir\u00e0<\/a><\/p>\n\n\n\n<p><a href=\"http:\/\/bit.ly\/3mfRiBC\" target=\"_blank\" rel=\"noreferrer noopener\">Pla d&#8217;Urgell<\/a><\/p>\n<\/div>\n\n\n\n<div class=\"wp-block-column is-layout-flow wp-block-column-is-layout-flow\">\n<p><a href=\"http:\/\/bit.ly\/3y332Ke\" target=\"_blank\" rel=\"noreferrer noopener\">Pla de l&#8217;Estany<\/a><\/p>\n\n\n\n<p><a href=\"http:\/\/bit.ly\/3Zln8v0\" target=\"_blank\" rel=\"noreferrer noopener\">Priorat<\/a><\/p>\n\n\n\n<p><a href=\"http:\/\/bit.ly\/3m3GZQT\" target=\"_blank\" rel=\"noreferrer noopener\">Ribera d&#8217;Ebre<\/a><\/p>\n\n\n\n<p><a href=\"http:\/\/bit.ly\/3J03EXu\" target=\"_blank\" rel=\"noreferrer noopener\">Ripoll\u00e8s<\/a><\/p>\n\n\n\n<p><a href=\"http:\/\/bit.ly\/3ENs2Jf\" target=\"_blank\" rel=\"noreferrer noopener\">Segarra<\/a><\/p>\n\n\n\n<p><a href=\"http:\/\/bit.ly\/3IyMqPs\" target=\"_blank\" rel=\"noreferrer noopener\">Segri\u00e0<\/a><\/p>\n\n\n\n<p><a href=\"http:\/\/bit.ly\/3J04mnC\" target=\"_blank\" rel=\"noreferrer noopener\">Selva<\/a><\/p>\n\n\n\n<p><a href=\"http:\/\/bit.ly\/3y1EktH\" target=\"_blank\" rel=\"noreferrer noopener\">Solson\u00e8s<\/a><\/p>\n\n\n\n<p><a href=\"http:\/\/bit.ly\/3mjZVuI\" target=\"_blank\" rel=\"noreferrer noopener\">Tarragon\u00e8s<\/a><\/p>\n\n\n\n<p><a href=\"http:\/\/bit.ly\/41L9ByW\" target=\"_blank\" rel=\"noreferrer noopener\">Terra Alta<\/a><\/p>\n\n\n\n<p><a href=\"http:\/\/bit.ly\/3J4QlFm\" target=\"_blank\" rel=\"noreferrer noopener\">Urgell<\/a><\/p>\n\n\n\n<p><a href=\"http:\/\/bit.ly\/3Zdk704\" target=\"_blank\" rel=\"noreferrer noopener\">Val d&#8217;Aran<\/a><\/p>\n\n\n\n<p><a href=\"http:\/\/bit.ly\/3YcjB0S\" target=\"_blank\" rel=\"noreferrer noopener\">Vall\u00e8s Occidental<\/a><\/p>\n\n\n\n<p><a href=\"http:\/\/bit.ly\/41Arznr\" target=\"_blank\" rel=\"noreferrer noopener\">Vall\u00e8s Oriental<\/a><\/p>\n\n\n\n<p><\/p>\n<\/div>\n<\/div>\n","protected":false},"excerpt":{"rendered":"<p>Podeu accedir a tota la informaci\u00f3 recollida al FonsHL sobre una comarca i tots els seus municipis. Navegeu sobre el mapa, seleccioneu la comarca i podreu visualitzar totes les refer\u00e8ncies disponibles. Recordeu que des del FonsHL podeu creuar la informaci\u00f3 de la comarca i\/o municipi amb tem\u00e0tiques concretes, per\u00edodes cronol\u00f2gics, tipologia documental, etc. Alt Camp [&hellip;]<\/p>\n","protected":false},"author":102,"featured_media":0,"parent":0,"menu_order":0,"comment_status":"closed","ping_status":"closed","template":"","meta":{"footnotes":""},"class_list":["post-1689","page","type-page","status-publish","hentry"],"_links":{"self":[{"href":"https:\/\/webs.uab.cat\/sibhilla\/wp-json\/wp\/v2\/pages\/1689","targetHints":{"allow":["GET"]}}],"collection":[{"href":"https:\/\/webs.uab.cat\/sibhilla\/wp-json\/wp\/v2\/pages"}],"about":[{"href":"https:\/\/webs.uab.cat\/sibhilla\/wp-json\/wp\/v2\/types\/page"}],"author":[{"embeddable":true,"href":"https:\/\/webs.uab.cat\/sibhilla\/wp-json\/wp\/v2\/users\/102"}],"replies":[{"embeddable":true,"href":"https:\/\/webs.uab.cat\/sibhilla\/wp-json\/wp\/v2\/comments?post=1689"}],"version-history":[{"count":21,"href":"https:\/\/webs.uab.cat\/sibhilla\/wp-json\/wp\/v2\/pages\/1689\/revisions"}],"predecessor-version":[{"id":3960,"href":"https:\/\/webs.uab.cat\/sibhilla\/wp-json\/wp\/v2\/pages\/1689\/revisions\/3960"}],"wp:attachment":[{"href":"https:\/\/webs.uab.cat\/sibhilla\/wp-json\/wp\/v2\/media?parent=1689"}],"curies":[{"name":"wp","href":"https:\/\/api.w.org\/{rel}","templated":true}]}}