{"id":187,"date":"2012-05-03T15:33:57","date_gmt":"2012-05-03T15:33:57","guid":{"rendered":"https:\/\/webs.uab.cat\/sibhilla\/memoria-dactivitats-1987-2012\/"},"modified":"2022-08-12T14:18:20","modified_gmt":"2022-08-12T14:18:20","slug":"memoria-dactivitats-1987-2012","status":"publish","type":"page","link":"https:\/\/webs.uab.cat\/sibhilla\/memoria-dactivitats-1987-2012\/","title":{"rendered":"Mem\u00f2ria d&#8217;activitats 1987-2012"},"content":{"rendered":"\n<p><a rel=\"noopener\" href=\"#Presentaci%C3%B3\" target=\"_parent\"><strong>Presentaci\u00f3<\/strong><\/a><br><a rel=\"noopener\" href=\"#Historia\" target=\"_parent\"><strong>Hist\u00f2ria<\/strong><\/a><\/p>\n\n\n\n<h2 class=\"wp-block-heading\"><strong>Presentaci\u00f3<\/strong><\/h2>\n\n\n\n<p>El <strong>Servei de Documentaci\u00f3 d&#8217;Hist\u00f2ria Local de Catalunya (SDHLC)<\/strong> va ser, des de l&#8217;any 1987 fins al 2012, un servei de suport a la recerca de la <strong><a href=\"http:\/\/www.uab.es\/servlet\/Satellite?cid=1086256916816&amp;pagename=UAB\/Page\/TemplateHomeUAB\">Universitat Aut\u00f2noma de Barcelona (UAB)<\/a><\/strong>, adscrit al <a href=\"http:\/\/antalya.uab.es\/historiamodernacontemporania\/cat\/index.php\"><strong>Departament d\u2019Hist\u00f2ria Moderna i Contempor\u00e0nia<\/strong><\/a> i dirigit pel catedr\u00e0tic Dr. Borja de Riquer.<br>Va n\u00e9ixer l\u2019any 1987 amb el nom de <em>Grup d\u2019Hist\u00f2ria Local <\/em>com a eix per a aglutinar un conjunt d\u2019activitats i serveis a la comunitat cient\u00edfica i universit\u00e0ria (assessorament i informaci\u00f3 sobre les fonts per a la investigaci\u00f3 en hist\u00f2ria local i actualitzaci\u00f3 i seguiment de les investigacions en curs). L\u2019any 1995 la UAB aprova el seu reconeixement com a servei de suport a la recerca i li atorga la denominaci\u00f3 oficial de \u201cServei de Documentaci\u00f3 d\u2019Hist\u00f2ria Local de Catalunya\u201d.<br>Des de l\u2019any 2003 va ser tamb\u00e9 membre del <strong><a href=\"http:\/\/www.cefid.uab.es\/\">Centre d\u2019Estudis sobre les \u00e8poques Franquista i Democr\u00e0tica (CEFID)<\/a><\/strong>.<\/p>\n\n\n\n<p>Des dels seus inicis, el seu principal objectiu va ser <strong>centralitzar<\/strong> en una base de dades la informaci\u00f3 bibliogr\u00e0fica de tem\u00e0tica local dispersa en biblioteques i centres d\u2019informaci\u00f3 de tot Catalunya, en un intent d\u2019<strong>agilitzar<\/strong> la recerca de la informaci\u00f3 i les tasques de la investigaci\u00f3 hist\u00f2rica, tot construint un instrument eficient per a la seva localitzaci\u00f3 i consulta. Aquesta eina ha permet tamb\u00e9 <strong>aprofundir<\/strong> en el coneixement del patrimoni documental de Catalunya i <strong>integrar<\/strong> la bibliografia local en els suports tecnol\u00f2gics de la societat de la informaci\u00f3.<\/p>\n\n\n\n<p>Aquesta iniciativa venia determinada per l\u2019augment de la producci\u00f3 i demanda d\u2019estudis locals, a la vegada que pretenia pal\u00b7liar els principals problemes de la recerca de la bibliografia local: l\u2019escassa difusi\u00f3 i\/o la manca de circuits de distribuci\u00f3 fora del seu entorn immediat.<br>Aquest objectiu es va materialitzar en la creaci\u00f3, l\u2019any 1990, en conveni amb la Diputaci\u00f3 de Barcelona i la Coordinadora de Centres d\u2019Estudis de Parla Catalana, del <strong><a href=\"https:\/\/webs.uab.cat\/sibhilla\/wp-admin\/FONSHL.htm\">Fons d\u2019Hist\u00f2ria Local de Catalunya<\/a><\/strong>, base de dades bibliogr\u00e0fica, actualitzada anualment, que recull m\u00e9s de 135.000 refer\u00e8ncies de documents (monografies, articles, revistes, tesis, parts de monografies, actes de congressos, etc.) sobre hist\u00f2ria local de Catalunya recollits a biblioteques i centres d\u2019informaci\u00f3 de tot Catalunya.<\/p>\n\n\n\n<h2 class=\"wp-block-heading\"><strong>Hist\u00f2ria<\/strong><\/h2>\n\n\n\n<p>El SDHLC ha passat per diferents etapes, condicionades pel proc\u00e9s de construcci\u00f3 de la base de dades i, especialment, per la metodologia emprada en la recollida de dades que ha sofert una progressiva evoluci\u00f3 i ha marcat les diferents fases del projecte.<\/p>\n\n\n\n<p>En un primer moment, i donada la magnitud de la bibliografia local a processar, les tasques es centraren en la selecci\u00f3 i an\u00e0lisi de la documentaci\u00f3 de les grans biblioteques catalanes amb uns criteris de selecci\u00f3 restringits al per\u00edode contemporani i excloent-ne els articles de revistes. Aquesta etapa iniciada l\u2019any 1987 conclou el desembre de 1993, havent-ne recollit m\u00e9s de 35.000 refer\u00e8ncies, accessibles a trav\u00e9s d\u2019Internet des de l\u2019any 1996.<br>El projecte s\u2019inici\u00e0 amb l\u2019establiment d\u2019unes tasques priorit\u00e0ries, com foren:<\/p>\n\n\n\n<p>\u2022&nbsp;Disseny de la base de dades<br>\u2022&nbsp;Establiment d&#8217;uns criteris de selecci\u00f3 (tem\u00e0tics, cronol\u00f2gics, geogr\u00e0fics i tipol\u00f2gics) que permetessin enfrontar-se al gran volum d\u2019informaci\u00f3 existent<br>\u2022&nbsp;Planificaci\u00f3 del treball de camp<br>\u2022&nbsp;Selecci\u00f3 de les biblioteques i centres d\u2019inter\u00e8s<br>\u2022&nbsp;Elaboraci\u00f3 d&#8217;un llenguatge documental espec\u00edfic<\/p>\n","protected":false},"excerpt":{"rendered":"<p>Presentaci\u00f3Hist\u00f2ria Presentaci\u00f3 El Servei de Documentaci\u00f3 d&#8217;Hist\u00f2ria Local de Catalunya (SDHLC) va ser, des de l&#8217;any 1987 fins al 2012, un servei de suport a la recerca de la Universitat Aut\u00f2noma de Barcelona (UAB), adscrit al Departament d\u2019Hist\u00f2ria Moderna i Contempor\u00e0nia i dirigit pel catedr\u00e0tic Dr. Borja de Riquer.Va n\u00e9ixer l\u2019any 1987 amb el nom [&hellip;]<\/p>\n","protected":false},"author":20,"featured_media":0,"parent":0,"menu_order":0,"comment_status":"closed","ping_status":"closed","template":"","meta":{"footnotes":""},"class_list":["post-187","page","type-page","status-publish","hentry"],"_links":{"self":[{"href":"https:\/\/webs.uab.cat\/sibhilla\/wp-json\/wp\/v2\/pages\/187","targetHints":{"allow":["GET"]}}],"collection":[{"href":"https:\/\/webs.uab.cat\/sibhilla\/wp-json\/wp\/v2\/pages"}],"about":[{"href":"https:\/\/webs.uab.cat\/sibhilla\/wp-json\/wp\/v2\/types\/page"}],"author":[{"embeddable":true,"href":"https:\/\/webs.uab.cat\/sibhilla\/wp-json\/wp\/v2\/users\/20"}],"replies":[{"embeddable":true,"href":"https:\/\/webs.uab.cat\/sibhilla\/wp-json\/wp\/v2\/comments?post=187"}],"version-history":[{"count":1,"href":"https:\/\/webs.uab.cat\/sibhilla\/wp-json\/wp\/v2\/pages\/187\/revisions"}],"predecessor-version":[{"id":1142,"href":"https:\/\/webs.uab.cat\/sibhilla\/wp-json\/wp\/v2\/pages\/187\/revisions\/1142"}],"wp:attachment":[{"href":"https:\/\/webs.uab.cat\/sibhilla\/wp-json\/wp\/v2\/media?parent=187"}],"curies":[{"name":"wp","href":"https:\/\/api.w.org\/{rel}","templated":true}]}}