{"id":126,"date":"2019-02-05T12:43:45","date_gmt":"2019-02-05T10:43:45","guid":{"rendered":"https:\/\/webs.uab.cat\/simposi\/simposi-2018\/"},"modified":"2023-02-20T11:39:36","modified_gmt":"2023-02-20T09:39:36","slug":"simposi-2018","status":"publish","type":"page","link":"https:\/\/webs.uab.cat\/simposi\/simposi-2018\/","title":{"rendered":"Simposi 2018"},"content":{"rendered":"\n<p><a href=\"https:\/\/webs.uab.cat\/simposi\/simposi-2018\/\" data-type=\"page\" data-id=\"126\">Presentaci\u00f3<\/a><br><a href=\"https:\/\/webs.uab.cat\/simposi\/programa2018\/\" data-type=\"page\" data-id=\"84\">Programa<\/a><br><a href=\"http:\/\/webs.uab.cat\/simposi\/conferencia-plenaria2018\">Confer\u00e8ncia plen\u00e0ria<\/a><br><a href=\"https:\/\/webs.uab.cat\/simposi\/comite-cientifico-i-organizador2018\">Comit\u00e8<\/a><\/p>\n","protected":false},"excerpt":{"rendered":"<p>Presentaci\u00f3ProgramaConfer\u00e8ncia plen\u00e0riaComit\u00e8<\/p>\n","protected":false},"author":20,"featured_media":0,"parent":0,"menu_order":0,"comment_status":"closed","ping_status":"closed","template":"","meta":{"footnotes":""},"class_list":["post-126","page","type-page","status-publish","hentry"],"_links":{"self":[{"href":"https:\/\/webs.uab.cat\/simposi\/wp-json\/wp\/v2\/pages\/126","targetHints":{"allow":["GET"]}}],"collection":[{"href":"https:\/\/webs.uab.cat\/simposi\/wp-json\/wp\/v2\/pages"}],"about":[{"href":"https:\/\/webs.uab.cat\/simposi\/wp-json\/wp\/v2\/types\/page"}],"author":[{"embeddable":true,"href":"https:\/\/webs.uab.cat\/simposi\/wp-json\/wp\/v2\/users\/20"}],"replies":[{"embeddable":true,"href":"https:\/\/webs.uab.cat\/simposi\/wp-json\/wp\/v2\/comments?post=126"}],"version-history":[{"count":1,"href":"https:\/\/webs.uab.cat\/simposi\/wp-json\/wp\/v2\/pages\/126\/revisions"}],"predecessor-version":[{"id":429,"href":"https:\/\/webs.uab.cat\/simposi\/wp-json\/wp\/v2\/pages\/126\/revisions\/429"}],"wp:attachment":[{"href":"https:\/\/webs.uab.cat\/simposi\/wp-json\/wp\/v2\/media?parent=126"}],"curies":[{"name":"wp","href":"https:\/\/api.w.org\/{rel}","templated":true}]}}