{"id":183,"date":"2023-01-19T13:01:21","date_gmt":"2023-01-19T11:01:21","guid":{"rendered":"https:\/\/webs.uab.cat\/simposi\/simposi-2022\/"},"modified":"2023-02-20T11:53:04","modified_gmt":"2023-02-20T09:53:04","slug":"simposi-2022","status":"publish","type":"page","link":"https:\/\/webs.uab.cat\/simposi\/simposi-2022\/","title":{"rendered":"Simposi 2022"},"content":{"rendered":"\n<p><a href=\"https:\/\/webs.uab.cat\/simposi\/presentacio-2022\/\" data-type=\"page\" data-id=\"182\"><strong>Presentaci\u00f3<\/strong><\/a><\/p>\n\n\n\n<p><a href=\"https:\/\/webs.uab.cat\/simposi\/programa-2022\"><strong>Programa<\/strong><\/a><\/p>\n\n\n\n<p><a href=\"https:\/\/webs.uab.cat\/simposi\/conferencia-plenaria-2022\/\" data-type=\"page\" data-id=\"188\"><strong>Confer\u00e8ncia plen\u00e0ria<\/strong><\/a><\/p>\n\n\n\n<p><a href=\"https:\/\/webs.uab.cat\/simposi\/comite-2022\"><strong>Comit\u00e8<\/strong><\/a><\/p>\n","protected":false},"excerpt":{"rendered":"<p>Presentaci\u00f3 Programa Confer\u00e8ncia plen\u00e0ria Comit\u00e8<\/p>\n","protected":false},"author":20,"featured_media":0,"parent":0,"menu_order":0,"comment_status":"closed","ping_status":"closed","template":"","meta":{"footnotes":""},"class_list":["post-183","page","type-page","status-publish","hentry"],"_links":{"self":[{"href":"https:\/\/webs.uab.cat\/simposi\/wp-json\/wp\/v2\/pages\/183","targetHints":{"allow":["GET"]}}],"collection":[{"href":"https:\/\/webs.uab.cat\/simposi\/wp-json\/wp\/v2\/pages"}],"about":[{"href":"https:\/\/webs.uab.cat\/simposi\/wp-json\/wp\/v2\/types\/page"}],"author":[{"embeddable":true,"href":"https:\/\/webs.uab.cat\/simposi\/wp-json\/wp\/v2\/users\/20"}],"replies":[{"embeddable":true,"href":"https:\/\/webs.uab.cat\/simposi\/wp-json\/wp\/v2\/comments?post=183"}],"version-history":[{"count":1,"href":"https:\/\/webs.uab.cat\/simposi\/wp-json\/wp\/v2\/pages\/183\/revisions"}],"predecessor-version":[{"id":437,"href":"https:\/\/webs.uab.cat\/simposi\/wp-json\/wp\/v2\/pages\/183\/revisions\/437"}],"wp:attachment":[{"href":"https:\/\/webs.uab.cat\/simposi\/wp-json\/wp\/v2\/media?parent=183"}],"curies":[{"name":"wp","href":"https:\/\/api.w.org\/{rel}","templated":true}]}}