{"id":45,"date":"2015-11-30T12:07:08","date_gmt":"2015-11-30T10:07:08","guid":{"rendered":"https:\/\/webs.uab.cat\/simposi\/contacte\/"},"modified":"2026-04-07T11:49:21","modified_gmt":"2026-04-07T09:49:21","slug":"contacte","status":"publish","type":"page","link":"https:\/\/webs.uab.cat\/simposi\/contacte\/","title":{"rendered":"Contacte"},"content":{"rendered":"<p><strong>Adre\u00e7a de correu electr\u00f2nic:<\/strong><br \/>\n<a class=\"textes\" href=\"mailto:simposi.traduccio@uab.cat\"><strong>simposi.traduccio@uab.cat<\/strong><\/a><\/p>\n<p><strong>Tel\u00e8fons de contacte:\u00a0<\/strong><br \/>\nDepartament de Traducci\u00f3 i d\u2019Interpretaci\u00f3 i d\u2019Estudis de l\u2019\u00c0sia Oriental<br \/>\n(+34) 93 581 27 61<\/p>\n<p><strong>Adre\u00e7a postal:<\/strong><br \/>\n<em>Simposi Internacional de Recerca Emergent en Traducci\u00f3, Interpretaci\u00f3, Estudis Interculturals i Estudis de l&#8217;\u00c0sia Oriental<\/em><br \/>\nFacultat de Traducci\u00f3 i d\u2019Interpretaci\u00f3 &#8211; Edifici K<br \/>\nUniversitat Aut\u00f2noma de Barcelona<br \/>\n08193 Bellaterra (Cerdanyola del Vall\u00e8s)<br \/>\nCatalunya<\/p>\n","protected":false},"excerpt":{"rendered":"<p>Adre\u00e7a de correu electr\u00f2nic: simposi.traduccio@uab.cat Tel\u00e8fons de contacte:\u00a0 Departament de Traducci\u00f3 i d\u2019Interpretaci\u00f3 i d\u2019Estudis de l\u2019\u00c0sia Oriental (+34) 93 581 27 61 Adre\u00e7a postal: Simposi Internacional de Recerca Emergent en Traducci\u00f3, Interpretaci\u00f3, Estudis Interculturals i Estudis de l&#8217;\u00c0sia Oriental Facultat de Traducci\u00f3 i d\u2019Interpretaci\u00f3 &#8211; Edifici K Universitat Aut\u00f2noma de Barcelona 08193 Bellaterra (Cerdanyola [&hellip;]<\/p>\n","protected":false},"author":20,"featured_media":0,"parent":0,"menu_order":0,"comment_status":"closed","ping_status":"closed","template":"","meta":{"footnotes":""},"class_list":["post-45","page","type-page","status-publish","hentry"],"_links":{"self":[{"href":"https:\/\/webs.uab.cat\/simposi\/wp-json\/wp\/v2\/pages\/45","targetHints":{"allow":["GET"]}}],"collection":[{"href":"https:\/\/webs.uab.cat\/simposi\/wp-json\/wp\/v2\/pages"}],"about":[{"href":"https:\/\/webs.uab.cat\/simposi\/wp-json\/wp\/v2\/types\/page"}],"author":[{"embeddable":true,"href":"https:\/\/webs.uab.cat\/simposi\/wp-json\/wp\/v2\/users\/20"}],"replies":[{"embeddable":true,"href":"https:\/\/webs.uab.cat\/simposi\/wp-json\/wp\/v2\/comments?post=45"}],"version-history":[{"count":1,"href":"https:\/\/webs.uab.cat\/simposi\/wp-json\/wp\/v2\/pages\/45\/revisions"}],"predecessor-version":[{"id":1792,"href":"https:\/\/webs.uab.cat\/simposi\/wp-json\/wp\/v2\/pages\/45\/revisions\/1792"}],"wp:attachment":[{"href":"https:\/\/webs.uab.cat\/simposi\/wp-json\/wp\/v2\/media?parent=45"}],"curies":[{"name":"wp","href":"https:\/\/api.w.org\/{rel}","templated":true}]}}