{"id":96,"date":"2016-12-02T11:01:20","date_gmt":"2016-12-02T09:01:20","guid":{"rendered":"https:\/\/webs.uab.cat\/simposi\/comite-cientifico-i-organizador2018\/"},"modified":"2016-12-02T11:01:20","modified_gmt":"2016-12-02T09:01:20","slug":"comite-cientifico-i-organizador2018","status":"publish","type":"page","link":"https:\/\/webs.uab.cat\/simposi\/comite-cientifico-i-organizador2018\/","title":{"rendered":"Comit\u00e8 cient\u00edfic i organitzador"},"content":{"rendered":"<p><strong>Comit\u00e8 de direcci\u00f3<\/strong><br \/>\nDra. Makiko Fukuda, Universitat Aut\u00f2noma de Barcelona<br \/>\nDra. Alba Serra-Vilella, Universitat Aut\u00f2noma de Barcelona<\/p>\n<p><strong>Comit\u00e8 organitzador<\/strong><br \/>\nBel\u00e9n Agull\u00f3 Garc\u00eda, Universitat Aut\u00f2noma de Barcelona<br \/>\nLaura Asquerino, Universitat Aut\u00f2noma de Barcelona<br \/>\nAnita Fidyka, Universitat Aut\u00f2noma de Barcelona<br \/>\nDaniel Segura Gim\u00e9nez, Universitat Aut\u00f2noma de Barcelona<br \/>\nIrene Tor Carroggio, Universitat Aut\u00f2noma de Barcelona<\/p>\n<p><strong>Comit\u00e8 cient\u00edfic<\/strong><br \/>\nDra. Merc\u00e8 Altimir, Universitat Aut\u00f2noma de Barcelona<br \/>\nDra. Montserrat Bacard\u00ed, Universitat Aut\u00f2noma de Barcelona<br \/>\nDr. Joaqu\u00edn Beltr\u00e1n, Universitat Aut\u00f2noma de Barcelona<br \/>\nDra. Carme Bestu\u00e9 Salinas, Universitat Aut\u00f2noma de Barcelona<br \/>\nDra. Mar\u00eda Carmen Esp\u00edn Garc\u00eda, Universitat Aut\u00f2noma de Barcelona<br \/>\nDra. Makiko Fukuda, Universitat Aut\u00f2noma de Barcelona<br \/>\nDra. Anabel Gal\u00e1n, Universitat Aut\u00f2noma de Barcelona<br \/>\nDra. Anna Gil-Bardaj\u00ed, Universitat Aut\u00f2noma de Barcelona<br \/>\nDr. Blai Guarn\u00e9, Universitat Aut\u00f2noma de Barcelona<br \/>\nDra. Amparo Hurtado, Universitat Aut\u00f2noma de Barcelona<br \/>\nDra. Mihwa Jo Jeong, Universitat Aut\u00f2noma de Barcelona<br \/>\nDra. Inna Kozlova, Universitat Aut\u00f2noma de Barcelona<br \/>\nDr. Lluc L\u00f3pez, Universitat Aut\u00f2noma de Barcelona<br \/>\nDra. Carme Mangiron, Universitat Aut\u00f2noma de Barcelona<br \/>\nDr. Adri\u00e0 Mart\u00edn Mor, Universitat Aut\u00f2noma de Barcelona<br \/>\nDra. Luc\u00eda Molina, Universitat Aut\u00f2noma de Barcelona<br \/>\nDra. Mariana Orozco, Universitat Aut\u00f2noma de Barcelona<br \/>\nDr. Antonio Paoliello, Universitat Aut\u00f2noma de Barcelona<br \/>\nDr. Gustavo Pita, Universitat Aut\u00f2noma de Barcelona<br \/>\nDra. Lupe Romero Ramos, Universitat Aut\u00f2noma de Barcelona<br \/>\nDra. Laura Santamaria, Universitat Aut\u00f2noma de Barcelona<br \/>\nDra. Alba Serra-Vilella, Universitat Aut\u00f2noma de Barcelona<br \/>\nDra. Ayumi Shimoyoshi, Universitat Aut\u00f2noma de Barcelona<\/p>\n","protected":false},"excerpt":{"rendered":"<p>Comit\u00e8 de direcci\u00f3 Dra. Makiko Fukuda, Universitat Aut\u00f2noma de Barcelona Dra. Alba Serra-Vilella, Universitat Aut\u00f2noma de Barcelona Comit\u00e8 organitzador Bel\u00e9n Agull\u00f3 Garc\u00eda, Universitat Aut\u00f2noma de Barcelona Laura Asquerino, Universitat Aut\u00f2noma de Barcelona Anita Fidyka, Universitat Aut\u00f2noma de Barcelona Daniel Segura Gim\u00e9nez, Universitat Aut\u00f2noma de Barcelona Irene Tor Carroggio, Universitat Aut\u00f2noma de Barcelona Comit\u00e8 cient\u00edfic Dra. [&hellip;]<\/p>\n","protected":false},"author":20,"featured_media":0,"parent":0,"menu_order":0,"comment_status":"closed","ping_status":"closed","template":"","meta":{"footnotes":""},"class_list":["post-96","page","type-page","status-publish","hentry"],"_links":{"self":[{"href":"https:\/\/webs.uab.cat\/simposi\/wp-json\/wp\/v2\/pages\/96","targetHints":{"allow":["GET"]}}],"collection":[{"href":"https:\/\/webs.uab.cat\/simposi\/wp-json\/wp\/v2\/pages"}],"about":[{"href":"https:\/\/webs.uab.cat\/simposi\/wp-json\/wp\/v2\/types\/page"}],"author":[{"embeddable":true,"href":"https:\/\/webs.uab.cat\/simposi\/wp-json\/wp\/v2\/users\/20"}],"replies":[{"embeddable":true,"href":"https:\/\/webs.uab.cat\/simposi\/wp-json\/wp\/v2\/comments?post=96"}],"version-history":[{"count":0,"href":"https:\/\/webs.uab.cat\/simposi\/wp-json\/wp\/v2\/pages\/96\/revisions"}],"wp:attachment":[{"href":"https:\/\/webs.uab.cat\/simposi\/wp-json\/wp\/v2\/media?parent=96"}],"curies":[{"name":"wp","href":"https:\/\/api.w.org\/{rel}","templated":true}]}}