{"id":57,"date":"2025-09-10T17:09:30","date_gmt":"2025-09-10T15:09:30","guid":{"rendered":"https:\/\/webs.uab.cat\/sirens\/?page_id=57"},"modified":"2025-09-26T14:06:30","modified_gmt":"2025-09-26T12:06:30","slug":"podcast","status":"publish","type":"page","link":"https:\/\/webs.uab.cat\/sirens\/podcast\/","title":{"rendered":"podcast"},"content":{"rendered":"\n<h2 class=\"wp-block-heading alignwide\">Cap\u00edtol primer: <em>Un man\u00edac entre l&#8217;orquesta<\/em><\/h2>\n\n\n\n<figure class=\"wp-block-audio alignwide\"><audio controls src=\"https:\/\/webs.uab.cat\/sirens\/wp-content\/uploads\/sites\/681\/2025\/09\/Ruisenor.mp3\"><\/audio><\/figure>\n\n\n\n<p>En aquest cap\u00edtol parlem sobre&#8230;<\/p>\n\n\n\n<h2 class=\"wp-block-heading alignwide\">Cap\u00edtol segon: <em>Veus del m\u00e9s enll\u00e0<\/em><\/h2>\n","protected":false},"excerpt":{"rendered":"<p>Cap\u00edtol primer: Un man\u00edac entre l&#8217;orquesta En aquest cap\u00edtol parlem sobre&#8230; Cap\u00edtol segon: Veus del m\u00e9s enll\u00e0<\/p>\n","protected":false},"author":3104,"featured_media":0,"parent":0,"menu_order":0,"comment_status":"closed","ping_status":"closed","template":"","meta":{"footnotes":""},"class_list":["post-57","page","type-page","status-publish","hentry"],"_links":{"self":[{"href":"https:\/\/webs.uab.cat\/sirens\/wp-json\/wp\/v2\/pages\/57","targetHints":{"allow":["GET"]}}],"collection":[{"href":"https:\/\/webs.uab.cat\/sirens\/wp-json\/wp\/v2\/pages"}],"about":[{"href":"https:\/\/webs.uab.cat\/sirens\/wp-json\/wp\/v2\/types\/page"}],"author":[{"embeddable":true,"href":"https:\/\/webs.uab.cat\/sirens\/wp-json\/wp\/v2\/users\/3104"}],"replies":[{"embeddable":true,"href":"https:\/\/webs.uab.cat\/sirens\/wp-json\/wp\/v2\/comments?post=57"}],"version-history":[{"count":5,"href":"https:\/\/webs.uab.cat\/sirens\/wp-json\/wp\/v2\/pages\/57\/revisions"}],"predecessor-version":[{"id":580,"href":"https:\/\/webs.uab.cat\/sirens\/wp-json\/wp\/v2\/pages\/57\/revisions\/580"}],"wp:attachment":[{"href":"https:\/\/webs.uab.cat\/sirens\/wp-json\/wp\/v2\/media?parent=57"}],"curies":[{"name":"wp","href":"https:\/\/api.w.org\/{rel}","templated":true}]}}