{"id":2,"date":"2023-03-07T14:15:08","date_gmt":"2023-03-07T12:15:08","guid":{"rendered":"https:\/\/webs.uab.cat\/smie\/?page_id=2"},"modified":"2024-02-12T12:03:55","modified_gmt":"2024-02-12T12:03:55","slug":"pagina-exemple","status":"publish","type":"page","link":"https:\/\/webs.uab.cat\/smie\/","title":{"rendered":"Presentaci\u00f3"},"content":{"rendered":"\n<p>El&nbsp;<strong>Servei de Medicina i Cirurgia Equina (SMIE)&nbsp;<\/strong>est\u00e0 integrat al SGR de Malalties Inflamat\u00f2ries en Animals de Companyia. Ambd\u00f3s formen part del Departament de Medicina i Cirurgia Animal de la Facultat de Veterin\u00e0ria de la Universitat Aut\u00f2noma de Barcelona.<\/p>\n\n\n\n<p>La nostra recerca es concentra en els transtorns relacionats amb alteracions gastrointestinals i malalties infeccioses en \u00e8quids.<\/p>\n\n\n\n<p>El servei est\u00e0 integrat a la Fundaci\u00f3 Hospital Cl\u00ednic Veterinari de la UAB per tota la seva activitat assistencial.<\/p>\n\n\n\n<p><\/p>\n","protected":false},"excerpt":{"rendered":"<p>El&nbsp;Servei de Medicina i Cirurgia Equina (SMIE)&nbsp;est\u00e0 integrat al SGR de Malalties Inflamat\u00f2ries en Animals de Companyia. Ambd\u00f3s formen part del Departament de Medicina i Cirurgia Animal de la Facultat de Veterin\u00e0ria de la Universitat Aut\u00f2noma de Barcelona. La nostra recerca es concentra en els transtorns relacionats amb alteracions gastrointestinals i malalties infeccioses en \u00e8quids. [&hellip;]<\/p>\n","protected":false},"author":2272,"featured_media":0,"parent":0,"menu_order":0,"comment_status":"closed","ping_status":"open","template":"","meta":{"footnotes":""},"class_list":["post-2","page","type-page","status-publish","hentry"],"_links":{"self":[{"href":"https:\/\/webs.uab.cat\/smie\/wp-json\/wp\/v2\/pages\/2","targetHints":{"allow":["GET"]}}],"collection":[{"href":"https:\/\/webs.uab.cat\/smie\/wp-json\/wp\/v2\/pages"}],"about":[{"href":"https:\/\/webs.uab.cat\/smie\/wp-json\/wp\/v2\/types\/page"}],"author":[{"embeddable":true,"href":"https:\/\/webs.uab.cat\/smie\/wp-json\/wp\/v2\/users\/2272"}],"replies":[{"embeddable":true,"href":"https:\/\/webs.uab.cat\/smie\/wp-json\/wp\/v2\/comments?post=2"}],"version-history":[{"count":4,"href":"https:\/\/webs.uab.cat\/smie\/wp-json\/wp\/v2\/pages\/2\/revisions"}],"predecessor-version":[{"id":39,"href":"https:\/\/webs.uab.cat\/smie\/wp-json\/wp\/v2\/pages\/2\/revisions\/39"}],"wp:attachment":[{"href":"https:\/\/webs.uab.cat\/smie\/wp-json\/wp\/v2\/media?parent=2"}],"curies":[{"name":"wp","href":"https:\/\/api.w.org\/{rel}","templated":true}]}}