{"id":78,"date":"2016-02-09T10:29:31","date_gmt":"2016-02-09T08:29:31","guid":{"rendered":"https:\/\/webs.uab.cat\/spl\/uaic-unitat-davaluacio-i-intervencio-en-imatge-corporal\/"},"modified":"2025-07-02T11:41:52","modified_gmt":"2025-07-02T09:41:52","slug":"uaic-unitat-davaluacio-i-intervencio-en-imatge-corporal","status":"publish","type":"page","link":"https:\/\/webs.uab.cat\/spl\/uaic-unitat-davaluacio-i-intervencio-en-imatge-corporal\/","title":{"rendered":"Unitat d\u2019Avaluaci\u00f3 i Intervenci\u00f3 en Imatge Corporal, UAIC"},"content":{"rendered":"\n<p>La UAIC \u00e9s un centre vinculat a la Universitat Aut\u00f2noma de Barcelona especialitzat en l\u2019avaluaci\u00f3 i la intervenci\u00f3 de problemes amb l\u2019alimentaci\u00f3, el pes i la imatge corporal. Tamb\u00e9 tracta problemes d\u2019estr\u00e8s, trastorns f\u00f2bics i baix estat d\u2019\u00e0nim freq\u00fcents en estudiants universitaris.<\/p>\n\n\n\n<p>L\u2019UAIC ofereix un programa d\u2019avaluaci\u00f3 diagn\u00f2stica i tractament del grup d\u2019alteracions de la imatge corporal, de duraci\u00f3 limitada (de 10 a 12 sessions setmanals de dues hores). Aquest tractament \u00e9s efectiu administrat de manera individual.<\/p>\n\n\n\n<p>Aquest programa ha demostrat la seva efic\u00e0cia en adults i, actualment, se est\u00e0 avaluant la seva efectivitat en adolescents. \u00c9s un tractament de prevenci\u00f3 selectiva per persones que s\u2019estan recuperant d\u2019un trastorn alimentari o com a prevenci\u00f3, per a qui es troben en el seu comen\u00e7ament. Tamb\u00e9 s\u2019aplica a persones amb un trastorn dism\u00f2rfic.<\/p>\n\n\n\n<p><strong>Responsable: <\/strong>Marisol Mora Giral<\/p>\n\n\n\n<p><strong>Professionals Col\u00b7laboradors:<\/strong> Paola Jeanette Espinoza Guzm\u00e1n, Eva Juni Arumi<\/p>\n\n\n\n<p><\/p>\n","protected":false},"excerpt":{"rendered":"<p>La UAIC \u00e9s un centre vinculat a la Universitat Aut\u00f2noma de Barcelona especialitzat en l\u2019avaluaci\u00f3 i la intervenci\u00f3 de problemes amb l\u2019alimentaci\u00f3, el pes i la imatge corporal. Tamb\u00e9 tracta problemes d\u2019estr\u00e8s, trastorns f\u00f2bics i baix estat d\u2019\u00e0nim freq\u00fcents en estudiants universitaris. L\u2019UAIC ofereix un programa d\u2019avaluaci\u00f3 diagn\u00f2stica i tractament del grup d\u2019alteracions de la [&hellip;]<\/p>\n","protected":false},"author":20,"featured_media":0,"parent":0,"menu_order":0,"comment_status":"closed","ping_status":"closed","template":"","meta":{"footnotes":""},"class_list":["post-78","page","type-page","status-publish","hentry"],"_links":{"self":[{"href":"https:\/\/webs.uab.cat\/spl\/wp-json\/wp\/v2\/pages\/78","targetHints":{"allow":["GET"]}}],"collection":[{"href":"https:\/\/webs.uab.cat\/spl\/wp-json\/wp\/v2\/pages"}],"about":[{"href":"https:\/\/webs.uab.cat\/spl\/wp-json\/wp\/v2\/types\/page"}],"author":[{"embeddable":true,"href":"https:\/\/webs.uab.cat\/spl\/wp-json\/wp\/v2\/users\/20"}],"replies":[{"embeddable":true,"href":"https:\/\/webs.uab.cat\/spl\/wp-json\/wp\/v2\/comments?post=78"}],"version-history":[{"count":2,"href":"https:\/\/webs.uab.cat\/spl\/wp-json\/wp\/v2\/pages\/78\/revisions"}],"predecessor-version":[{"id":442,"href":"https:\/\/webs.uab.cat\/spl\/wp-json\/wp\/v2\/pages\/78\/revisions\/442"}],"wp:attachment":[{"href":"https:\/\/webs.uab.cat\/spl\/wp-json\/wp\/v2\/media?parent=78"}],"curies":[{"name":"wp","href":"https:\/\/api.w.org\/{rel}","templated":true}]}}